{"id":2145,"date":"2023-01-04T13:25:19","date_gmt":"2023-01-04T12:25:19","guid":{"rendered":"https:\/\/semmelweis.hu\/baratikor\/?page_id=2145"},"modified":"2023-10-12T10:24:28","modified_gmt":"2023-10-12T08:24:28","slug":"nemes-attila","status":"publish","type":"page","link":"https:\/\/semmelweis.hu\/baratikor\/galeria\/teljes-nevlista\/nemes-attila\/","title":{"rendered":"Nemes Attila"},"content":{"rendered":"<p style=\"text-align: justify\"><strong><a href=\"https:\/\/semmelweis.hu\/baratikor\/files\/2023\/07\/Nemes-Attila.jpg\"><img loading=\"lazy\" decoding=\"async\" class=\"alignleft wp-image-4851 size-medium\" src=\"https:\/\/semmelweis.hu\/baratikor\/files\/2023\/07\/Nemes-Attila-265x400.jpg\" alt=\"\" width=\"265\" height=\"400\" srcset=\"https:\/\/semmelweis.hu\/baratikor\/files\/2023\/07\/Nemes-Attila-265x400.jpg 265w, https:\/\/semmelweis.hu\/baratikor\/files\/2023\/07\/Nemes-Attila.jpg 662w\" sizes=\"auto, (max-width: 265px) 100vw, 265px\" \/><\/a> (<\/strong><strong>Budapest, 1938. november 30.<\/strong><strong> \u2013 Budapest, 2019. december 27.)<\/strong><\/p>\n<p style=\"text-align: justify\"><strong>Tansz\u00e9k: <\/strong>\u00c9r- \u00e9s Sz\u00edvseb\u00e9szeti Klinika 1992-2003.<\/p>\n<p style=\"text-align: justify\"><strong>Viselt egyetemi m\u00e9lt\u00f3s\u00e1g: <\/strong>\u00e1ltal\u00e1nos rektorhelyettes 1991-1995.<\/p>\n<p style=\"text-align: justify\">M\u0171szaki \u00e9rtelmis\u00e9gi csal\u00e1db\u00f3l sz\u00e1rmazott, \u00e9desapja g\u00e9p\u00e9szm\u00e9rn\u00f6k volt. K\u00f6z\u00e9pfok\u00fa tanulm\u00e1nyait a nem sokkal kor\u00e1bban cisztercita, akkor m\u00e1r J\u00f3zsef Attila Gimn\u00e1ziumban v\u00e9gezte, \u00e9retts\u00e9git 1957-ben tett. Azonnal felvett\u00e9k a BOTE \u00c1ltal\u00e1nos Orvosi Kar\u00e1ra, ahol 1963. szeptember 28-\u00e1n summa cum laude eredm\u00e9nnyel v\u00e9gzett. M\u00e1r harmad\u00e9ves kor\u00e1ban externistak\u00e9nt bej\u00e1rt a IV. sz. Seb\u00e9szeti Klinik\u00e1ra. \u00cdgy 1963. okt\u00f3ber 8-\u00e1n gyakornokk\u00e9nt helyezkedett el a Kud\u00e1sz J\u00f3zsef vezette klinik\u00e1n, ahol 1966-ban tan\u00e1rseg\u00e9dd\u00e9 l\u00e9pett el\u0151. 1968. janu\u00e1r 19-\u00e9n seb\u00e9sz, 1970. december 16-\u00e1n mellkasseb\u00e9sz szakorvosi vizsg\u00e1t tett. 1971. \u00e1prilis 28-\u00e1n kandid\u00e1tusi fokozatot szerzett. 1976-ban adjunktusi kinevez\u00e9st kapott. 1979. j\u00fanius\u00e1ban sikerrel fejezte be a Marxizmus-Leninizmus Esti Egyetem 2 \u00e9ves etika szakos\u00edt\u00f3 tanfolyam\u00e1t. 1980. j\u00fanius 1-j\u00e9n \u00e9rseb\u00e9sz szakorvosi vizsg\u00e1t tett. 1983-ban nevezt\u00e9k ki docenss\u00e9. 1988-ban \u00e9rte el az orvostudom\u00e1nyok doktora fokozatot. 1991-ben lett egyetemi tan\u00e1r, majd 1992. j\u00falius 1-j\u00e9n vette \u00e1t a klinika vezet\u00e9s\u00e9t a nyug\u00e1llom\u00e1nyba vonult Szab\u00f3 Zolt\u00e1nt\u00f3l, tansz\u00e9kvezet\u0151 egyetemi tan\u00e1ri min\u0151s\u00e9gben. Ugyancsak 1992-ben vette \u00e1t az Orsz\u00e1gos \u00c9rseb\u00e9szeti Int\u00e9zet igazgat\u00e1s\u00e1t, mely feladatk\u00f6rt 2005-ig l\u00e1tott el. 1993-ban el\u00e9rte a PhD fokozatot. 2008-ban a Semmelweis Egyetem professor emeritus c\u00edmet adom\u00e1nyozott neki.<\/p>\n<p style=\"text-align: justify\">Sz\u0171kebb seb\u00e9szeti szakter\u00fclete a mellkasseb\u00e9szet, az \u00e9rseb\u00e9szet, az art\u00e9riap\u00f3tl\u00e1s, valamint az aneurysma, illetve a stent-graft implant\u00e1ci\u00f3 ter\u00fcletei voltak. Nev\u00e9hez f\u0171z\u0151dik a stent-graft program beind\u00edt\u00e1sa \u00e9s a Homograft Bank kialak\u00edt\u00e1sa. Klinikai igazgat\u00f3s\u00e1ga egyik legnagyobb eredm\u00e9nye az \u00fan. Cardiovascul\u00e1ris Centrum fel\u00e9p\u00edt\u00e9se volt, mely az invaz\u00edv kardiol\u00f3gia egyik fellegv\u00e1r\u00e1v\u00e1 v\u00e1lt. Jelent\u0151s r\u00e9szt v\u00e1llalt a rendszerv\u00e1lt\u00e1s egyetemi folyamat\u00e1ban, amikor az els\u0151 szabadon v\u00e1lasztott rektor, R\u00e9thelyi Mikl\u00f3s mellett v\u00e1llalta az egyetlen rektorhelyettes \u00f6sszetett feladat\u00e1t. Fontos szerepe volt az egyetem moderniz\u00e1ci\u00f3j\u00e1ban, az \u00faj szab\u00e1lyzatok kidolgoz\u00e1s\u00e1ban, valamint az BME-vel 1994-ben k\u00f6z\u00f6sen megind\u00edtott eg\u00e9szs\u00e9g\u00fcgyi m\u00e9rn\u00f6kk\u00e9pz\u00e9s szervez\u00e9s\u00e9ben, melynek egyik kezdem\u00e9nyez\u0151je \u00e9s t\u00e1rgyfelel\u0151se volt.<\/p>\n<p style=\"text-align: justify\">Szakmai egyes\u00fcleti, test\u00fcleti tags\u00e1gai: Orvos-Eg\u00e9szs\u00e9g\u00fcgyi Dolgoz\u00f3k Szakszervezete (1963), Angiol\u00f3giai Szakmai Koll\u00e9gium (titk\u00e1r 1982-1992, eln\u00f6k 1992-1996), Magyar Angiol\u00f3giai \u00e9s \u00c9rseb\u00e9szeti T\u00e1rsas\u00e1g (eln\u00f6k 1997-2001), Magyar Akkredit\u00e1ci\u00f3s Bizotts\u00e1g pl\u00e9numa (tag 1997-2001), Seb\u00e9sz Szakmai Koll\u00e9gium (1998-2005), Magyar Seb\u00e9sz T\u00e1rsas\u00e1g (vezet\u0151s\u00e9gi tag 1998-2009), MOTESZ (eln\u00f6k 2001-2003, FB tag 2009-t\u0151l), Nemzeti Eg\u00e9szs\u00e9g\u00fcgyi Tan\u00e1cs (tag 2001-2004), Eg\u00e9szs\u00e9g\u00fcgyi Miniszt\u00e9rium Szakk\u00e9pz\u00e9si \u00e9s Tov\u00e1bbk\u00e9pz\u00e9si Tan\u00e1csa (tag 2001-2004), Budapesti Orvosi Kamara (eln\u00f6k 2006-2007), MTA Orvosi Oszt\u00e1lya II. Klinikai Bizotts\u00e1ga (tag 2006-2008). Tov\u00e1bb\u00e1 a TIT Eg\u00e9szs\u00e9g\u00fcgyi V\u00e1lasztm\u00e1ny vezet\u0151s\u00e9gi tagja, valamint a Magyar Stroke T\u00e1rsas\u00e1g \u00e9s a Magyar Sz\u00edvseb\u00e9szeti T\u00e1rsas\u00e1g tagja volt. K\u00fclf\u00f6ldi tags\u00e1gai: Academia Scientiarum et Artium Europae, International Society for Cardiovascular Surgery, European Society for Cardiovascular Surgery, European Society for Vascular Surgery, International Union of Angiology.<\/p>\n<p style=\"text-align: justify\">Az al\u00e1bbi elismer\u00e9sekben r\u00e9szes\u00fclt: Fels\u0151oktat\u00e1si \u00c9rdem\u00e9rem (1963), Kiv\u00e1l\u00f3 oktat\u00f3 (1979), Solt\u00e9sz Lajos-eml\u00e9k\u00e9rem (1997), Magyar K\u00f6zt\u00e1rsas\u00e1gi \u00c9rdemrend k\u00f6z\u00e9pkeresztje (1998), Balassa J\u00e1nos-eml\u00e9k\u00e9rem (2000), Semmelweis-eml\u00e9k\u00e9rem (2001), MOTESZ-d\u00edj (2002), Batthy\u00e1ny-Strattmann L\u00e1szl\u00f3-d\u00edj (2003), Markusovszky-d\u00edj (2005), Budapesti M\u0171szaki \u00e9s Gazdas\u00e1gtudom\u00e1nyi Egyetem eml\u00e9k\u00e9rme (2005), Budapest XII. ker\u00fclet\u00e9nek d\u00edszpolg\u00e1ra (2005), Hippokrat\u00e9sz eml\u00e9k\u00e9rem (2010), Magyar K\u00f6zt\u00e1rsas\u00e1gi \u00c9rdemrend k\u00f6z\u00e9pkeresztje a csillaggal (2014).<\/p>\n<p style=\"text-align: justify\"><strong>F\u0151bb munk\u00e1i:<\/strong> Adatok a ragaszt\u00e1sos sz\u00f6vetegyes\u00edt\u00e9s seb\u00e9sz-klinikai felhaszn\u00e1lhat\u00f3s\u00e1g\u00e1hoz. Kandid\u00e1tusi \u00e9rtekez\u00e9s. MTA TMB. Bp., 1970.; Modern orvostudom\u00e1ny \u00e9s technika. Bp., 1976.; \u00c9rseb\u00e9szeti vez\u00e9rfonal (Solt\u00e9sz Lajossal). A gyakorl\u00f3 orvos k\u00f6nyvt\u00e1ra sorozatban. Bp., 1980.; Tan\u00e1csok vissz\u00e9rbetegeknek (Szab\u00f3 Imr\u00e9vel). Bp., 1985, 1991.; A v\u00e9n\u00e1k betegs\u00e9gei \u00e9s kezel\u00e9s\u00fck. Bp., 1986.; Hib\u00e1k, t\u00e9ved\u00e9sek, sz\u00f6v\u0151dm\u00e9nyek az \u00e9rseb\u00e9szetben. Doktori \u00e9rtekez\u00e9s. MTA TMB. Bp., 1987.; Tan\u00e1csok \u00e9rsz\u0171k\u00fcletes betegeknek (Acs\u00e1dy Gy\u00f6rggyel). Bp., 1991.; Angiol\u00f3gia (Acs\u00e1dy Gy\u00f6rggyel). Bp., 1995.; Angiol\u00f3giai \u00fatmutat\u00f3 (szerk.). Klinikai ir\u00e1nyelvek k\u00e9zik\u00f6nyve sorozatban. Bp., 2005, 2007., 2009.; Az \u00e9rbetegs\u00e9gek klinikai \u00e9s m\u0171t\u00e9ttani atlasza (Acs\u00e1dy Gy\u00f6rggyel). Bp., 2005.; Az \u00e9rseb\u00e9szet tank\u00f6nyve (Acs\u00e1dy Gy\u00f6rggyel). Bp., 2005.<\/p>\n<p style=\"text-align: justify\"><strong>Nyughelye<\/strong><strong>:<\/strong> Budapest, Farkasr\u00e9ti temet\u0151.<\/p>\n<p style=\"text-align: justify\">Irodalom: Nemes Attila (szerk.: de Ch\u0203tel Andrea). A Titoknyitogat\u00f3 sorozatban. Bp., 2009.<\/p>\n<p><a href=\"https:\/\/semmelweis.hu\/baratikor\/files\/2023\/07\/Nemes-Attila-1981-49.a-IV-1..jpg\"><img loading=\"lazy\" decoding=\"async\" class=\"alignleft wp-image-4852 size-medium\" src=\"https:\/\/semmelweis.hu\/baratikor\/files\/2023\/07\/Nemes-Attila-1981-49.a-IV-1.-359x400.jpg\" alt=\"\" width=\"359\" height=\"400\" srcset=\"https:\/\/semmelweis.hu\/baratikor\/files\/2023\/07\/Nemes-Attila-1981-49.a-IV-1.-359x400.jpg 359w, https:\/\/semmelweis.hu\/baratikor\/files\/2023\/07\/Nemes-Attila-1981-49.a-IV-1.-768x856.jpg 768w, https:\/\/semmelweis.hu\/baratikor\/files\/2023\/07\/Nemes-Attila-1981-49.a-IV-1.-753x839.jpg 753w, https:\/\/semmelweis.hu\/baratikor\/files\/2023\/07\/Nemes-Attila-1981-49.a-IV-1..jpg 897w\" sizes=\"auto, (max-width: 359px) 100vw, 359px\" \/><\/a><\/p>\n","protected":false},"excerpt":{"rendered":"<p><a href=\"https:\/\/semmelweis.hu\/baratikor\/files\/2023\/07\/Nemes-Attila.jpg\"><\/a> (Budapest, 1938. november 30. \u2013 Budapest, 2019. december 27.) Tansz\u00e9k: \u00c9r- \u00e9s Sz\u00edvseb\u00e9szeti Klinika 1992-2003. Viselt egyetemi m\u00e9lt\u00f3s\u00e1g: \u00e1ltal\u00e1nos rektorhelyettes 1991-1995. M\u0171szaki \u00e9rtelmis\u00e9gi csal\u00e1db\u00f3l sz\u00e1rmazott, \u00e9desapja g\u00e9p\u00e9szm\u00e9rn\u00f6k volt. K\u00f6z\u00e9pfok\u00fa tanulm\u00e1nyait a nem sokkal kor\u00e1bban cisztercita, akkor m\u00e1r J\u00f3zsef Attila Gimn\u00e1ziumban v\u00e9gezte, \u00e9retts\u00e9git 1957-ben tett. Azonnal felvett\u00e9k a BOTE \u00c1ltal\u00e1nos Orvosi Kar\u00e1ra, ahol 1963. szeptember 28-\u00e1n &hellip;<\/p>\n","protected":false},"author":282,"featured_media":5418,"parent":347,"menu_order":0,"comment_status":"closed","ping_status":"closed","template":"template-fullwidth.php","meta":{"_acf_changed":false,"footnotes":""},"categories":[14],"tags":[],"class_list":["post-2145","page","type-page","status-publish","has-post-thumbnail","hentry","category-teljes-nevlista"],"acf":[],"_links":{"self":[{"href":"https:\/\/semmelweis.hu\/baratikor\/wp-json\/wp\/v2\/pages\/2145","targetHints":{"allow":["GET"]}}],"collection":[{"href":"https:\/\/semmelweis.hu\/baratikor\/wp-json\/wp\/v2\/pages"}],"about":[{"href":"https:\/\/semmelweis.hu\/baratikor\/wp-json\/wp\/v2\/types\/page"}],"author":[{"embeddable":true,"href":"https:\/\/semmelweis.hu\/baratikor\/wp-json\/wp\/v2\/users\/282"}],"replies":[{"embeddable":true,"href":"https:\/\/semmelweis.hu\/baratikor\/wp-json\/wp\/v2\/comments?post=2145"}],"version-history":[{"count":3,"href":"https:\/\/semmelweis.hu\/baratikor\/wp-json\/wp\/v2\/pages\/2145\/revisions"}],"predecessor-version":[{"id":4856,"href":"https:\/\/semmelweis.hu\/baratikor\/wp-json\/wp\/v2\/pages\/2145\/revisions\/4856"}],"up":[{"embeddable":true,"href":"https:\/\/semmelweis.hu\/baratikor\/wp-json\/wp\/v2\/pages\/347"}],"wp:featuredmedia":[{"embeddable":true,"href":"https:\/\/semmelweis.hu\/baratikor\/wp-json\/wp\/v2\/media\/5418"}],"wp:attachment":[{"href":"https:\/\/semmelweis.hu\/baratikor\/wp-json\/wp\/v2\/media?parent=2145"}],"wp:term":[{"taxonomy":"category","embeddable":true,"href":"https:\/\/semmelweis.hu\/baratikor\/wp-json\/wp\/v2\/categories?post=2145"},{"taxonomy":"post_tag","embeddable":true,"href":"https:\/\/semmelweis.hu\/baratikor\/wp-json\/wp\/v2\/tags?post=2145"}],"curies":[{"name":"wp","href":"https:\/\/api.w.org\/{rel}","templated":true}]}}