{"id":2141,"date":"2023-01-04T13:02:35","date_gmt":"2023-01-04T12:02:35","guid":{"rendered":"https:\/\/semmelweis.hu\/baratikor\/?page_id=2141"},"modified":"2023-10-12T10:22:07","modified_gmt":"2023-10-12T08:22:07","slug":"nagy-lajos","status":"publish","type":"page","link":"https:\/\/semmelweis.hu\/baratikor\/galeria\/teljes-nevlista\/nagy-lajos\/","title":{"rendered":"Nagy Lajos"},"content":{"rendered":"<p style=\"text-align: justify\"><strong><a href=\"https:\/\/semmelweis.hu\/baratikor\/files\/2023\/07\/Nagy-Lajos-seb.jpg\"><img loading=\"lazy\" decoding=\"async\" class=\"alignleft wp-image-4846 size-medium\" src=\"https:\/\/semmelweis.hu\/baratikor\/files\/2023\/07\/Nagy-Lajos-seb-268x400.jpg\" alt=\"\" width=\"268\" height=\"400\" srcset=\"https:\/\/semmelweis.hu\/baratikor\/files\/2023\/07\/Nagy-Lajos-seb-268x400.jpg 268w, https:\/\/semmelweis.hu\/baratikor\/files\/2023\/07\/Nagy-Lajos-seb.jpg 669w\" sizes=\"auto, (max-width: 268px) 100vw, 268px\" \/><\/a> (V\u00e1cszentl\u00e1szl\u00f3<\/strong><strong>, 1935. \u00e1prilis 1.<\/strong><strong> \u2013 Budapest, 2001. j\u00falius 15.)<\/strong><\/p>\n<p style=\"text-align: justify\"><strong>Tansz\u00e9k:<\/strong> II. sz. Seb\u00e9szeti Klinika 1982-1984 (mb.), 1984-1996, III. sz. Seb\u00e9szeti Klinika 1996-2000.<\/p>\n<p style=\"text-align: justify\">Sz\u00fclei kor\u00e1n elv\u00e1ltak, \u00e9desapja gy\u00e1ri alkalmazott, \u00e9desanyja 2 \u00e9s f\u00e9l holdon gazd\u00e1lkod\u00f3 f\u00f6ldm\u0171ves, majd tsz-tag volt. A budapesti Ap\u00e1czai Csere J\u00e1nos Gyakorl\u00f3 Gimn\u00e1ziumban tett kit\u0171n\u0151 eredm\u00e9ny\u0171 \u00e9retts\u00e9git 1953-ban, majd a BOTE-ra iratkozott, \u00e1ltal\u00e1nos orvosi szakra. A ny\u00e1ri sz\u00fcnetekben a k\u00f6telez\u0151 gyakorlatok mellett \u00e9p\u00edt\u0151ipari v\u00e1llalatokn\u00e1l, a F\u0151v\u00e1rosi V\u00edzm\u0171vekn\u00e9l \u00e9s a Hans\u00e1gi \u00d6nk\u00e9ntes Ifj\u00fas\u00e1gi T\u00e1borban v\u00e1llalt munk\u00e1t. Az egyetemi di\u00e1k\u00e9vek idej\u00e9n az \u00c9lettani Int\u00e9zet \u00e9s az Igazs\u00e1g\u00fcgyi Orvostani Int\u00e9zet tudom\u00e1nyos di\u00e1kk\u00f6r\u00e9ben dolgozott, ut\u00f3bbiban egy \u00e9vig demonstr\u00e1tor is volt. 1959. szeptember 30-\u00e1n szerzett \u201esumma cum laude\u201d min\u0151s\u00edt\u00e9s\u0171 orvosdoktori oklevelet. 1959 \u00e9s 1961 k\u00f6z\u00f6tt a Gy\u00f6ngy\u00f6si V\u00e1rosi Tan\u00e1cs Bug\u00e1t P\u00e1l K\u00f3rh\u00e1z\u00e1nak seb\u00e9szeti oszt\u00e1ly\u00e1n dolgozott seg\u00e9dorvosk\u00e9nt. 1961-ben a BOTE III. sz. Seb\u00e9szeti Klinik\u00e1j\u00e1n lett tan\u00e1rseg\u00e9d. 1963. okt\u00f3ber 15-\u00e9n jeles min\u0151s\u00edt\u00e9s\u0171 seb\u00e9sz szakorvosi k\u00e9pes\u00edt\u00e9st szerzett. 1967. j\u00fanius 28-\u00e1n elv\u00e9gezte a Marxizmus-leninizmus Esti Egyetem 3 \u00e9ves tanfolyam\u00e1t. 1971. j\u00fanius 1-j\u00e9n egyetemi adjunktuss\u00e1 l\u00e9ptett\u00e9k el\u0151. 1971. j\u00fanius 15-\u00e9n el\u00e9rte a kandid\u00e1tusi fokozatot. 1974. j\u00falius 1-j\u00e9n k\u00f6vette professzor\u00e1t, Stefanics J\u00e1nost, \u00e9s \u00e1tl\u00e9pett a II. sz. Seb\u00e9szeti Klinik\u00e1ra, ahol adminisztrat\u00edv igazgat\u00f3helyettesi feladatot l\u00e1tott el. 1975. j\u00falius 1-j\u00e9n egyetemi docensi, 1977. j\u00falius 1-j\u00e9n egyetemi tan\u00e1ri kinevez\u00e9st kapott. 1980. m\u00e1jus 5-\u00e9n \u00e9rseb\u00e9sz szakorvoss\u00e1 k\u00e9pes\u00edtett\u00e9k. Stefanics professzor 1982. november 19-\u00e9n bek\u00f6vetkezett hal\u00e1la ut\u00e1n \u0151 kapott megb\u00edz\u00e1st a klinika tov\u00e1bbi vezet\u00e9s\u00e9re. 1984. j\u00falius 1-j\u00e9n lett kinevezett klinikaigazgat\u00f3. 1994. m\u00e1rcius 21-\u00e9n habilit\u00e1ci\u00f3t szerzett. 1996-ban a II. sz. Seb\u00e9szeti Klinika jogut\u00f3d n\u00e9lk\u00fcl megsz\u0171nt. 1996. m\u00e1jus 16-\u00e1n a rektor \u00e1thelyezte a III. sz. Seb\u00e9szeti Klinik\u00e1ra, ahol az 1999\/2000. tan\u00e9v v\u00e9g\u00e9ig szolg\u00e1lt tansz\u00e9kvezet\u0151 egyetemi tan\u00e1rk\u00e9nt, majd hal\u00e1l\u00e1ig beosztott egyetemi tan\u00e1rk\u00e9nt dolgozott.<\/p>\n<p style=\"text-align: justify\">1954 \u00e9s 1965 k\u00f6z\u00f6tt n\u00e9gy alkalommal teljes\u00edtett katonai szolg\u00e1latot, v\u00e9g\u00fcl tartal\u00e9kos f\u0151hadnagyi rendfokozattal szerelt le, majd 1982-ben sz\u00e1zadosi el\u0151l\u00e9ptet\u00e9st kapott.<\/p>\n<p style=\"text-align: justify\">Kutatta a perif\u00e9ri\u00e1s ver\u0151erek heveny \u00e9s kr\u00f3nikus elz\u00e1r\u00f3d\u00e1sainak seb\u00e9szi megold\u00e1sait \u00e9s rekonstrukci\u00f3s lehet\u0151s\u00e9geit. Eredm\u00e9nyesen foglalkozott a heveny b\u00e9lelz\u00e1r\u00f3d\u00e1sok k\u00e9rd\u00e9s\u00e9vel, \u00faj gy\u00f3gy\u00edt\u00e1si elj\u00e1r\u00e1sokat vezetett be a klinikai gyakorlatban. Kiemelten foglalkozott az id\u0151skor\u00faak m\u0171t\u00e9ti kock\u00e1zat\u00e1nak k\u00e9rd\u00e9s\u00e9vel. Kutatta a postoperat\u00edv m\u00e9lyv\u00e9n\u00e1s thrombosisok megel\u0151z\u00e9s\u00e9nek \u00e9s korai felismer\u00e9s\u00e9nek lehet\u0151s\u00e9geit. Munkat\u00e1rsaival tanulm\u00e1nyozt\u00e1k az izol\u00e1lt emberi mesenteri\u00e1lis erek szab\u00e1lyoz\u00e1s\u00e1t, a k\u00fcl\u00f6nb\u00f6z\u0151 prostaglandin sz\u00e1rmaz\u00e9kok azokra val\u00f3 hat\u00e1s\u00e1t. Dolgoztak \u00e9rp\u00f3tl\u00f3 m\u00f3dszerek fejleszt\u00e9s\u00e9n. Klinik\u00e1j\u00e1n munkat\u00e1rsaival az \u00e1ltal\u00e1nos seb\u00e9szeti feladatok mellett sikerrel fejlesztett\u00e9k ki az \u00e9rseb\u00e9szeti feladatk\u00f6rt. 1985-ben Nagy Lajosnak k\u00f6sz\u00f6nhet\u0151en szervezt\u00e9k meg a KGST \u00c9rseb\u00e9szeti Symposiumot.<\/p>\n<p style=\"text-align: justify\">1948-ban csatlakozott az ifj\u00fas\u00e1gi mozgalomhoz, a gimn\u00e1ziumban az iskolai DISZ Bizotts\u00e1g tagjak\u00e9nt m\u0171k\u00f6d\u00f6tt. Az egyetemen 1955-t\u0151l DISZ VB-tag volt, majd 1957-t\u0151l a KISZ VB-ben is szerepet v\u00e1llalt. 1959-ben lett tagja az Eg\u00e9szs\u00e9g\u00fcgyi Szakszervezetnek, 1961-ben az MSZMP-nek, majd 1965-ben a V\u00f6r\u00f6skeresztnek. 1961-t\u0151l a III. sz. Seb\u00e9szeti Klinika p\u00e1rtbizalmija, 1968-t\u00f3l az Istv\u00e1n K\u00f3rh\u00e1zi Klinikai Alapszerv titk\u00e1ra volt, illetve az \u00e9vek sor\u00e1n a PB k\u00fcl\u00f6nb\u00f6z\u0151 munkacsoportjaiban v\u00e1llalt szerepet. 1988-ban az egyetemi P\u00e1rtbizotts\u00e1g V\u00e9grehajt\u00f3 Bizotts\u00e1g\u00e1nak titk\u00e1r\u00e1v\u00e1 v\u00e1lasztott\u00e1k.<\/p>\n<p style=\"text-align: justify\">Szakmai t\u00e1rsas\u00e1gi tags\u00e1gai: Magyar Seb\u00e9sz T\u00e1rsas\u00e1g (1962), Magyar \u00c9lettani T\u00e1rsas\u00e1g (1968), Magyar Angiol\u00f3giai T\u00e1rsas\u00e1g (1968). A nemzetk\u00f6zi t\u00e1rsas\u00e1gok k\u00f6z\u00fcl a k\u00f6vetkez\u0151k tagja volt: European Society for Clinical Investigation, European Society for Cardio-Vascular Surgery, Association Francaise de Chirurgie, International Society of Hepatic, Pancreatic and Biliary Surgery. A szakmai test\u00fcletek k\u00f6z\u00fcl 1980-1991 k\u00f6z\u00f6tt az \u00c9rseb\u00e9szeti, Angiol\u00f3giai, Phebol\u00f3giai Koll\u00e9gium, 1984-1991 k\u00f6z\u00f6tt a Seb\u00e9szeti Koll\u00e9gium, 1985-1991 k\u00f6z\u00f6tt az ETT Igazs\u00e1g\u00fcgyi Bizotts\u00e1ga, illetve a Klinikai \u00e9s K\u00eds\u00e9rletes Immunol\u00f3giai Bizotts\u00e1ga, tov\u00e1bb\u00e1 1974-1988 k\u00f6z\u00f6tt a TMB Orosz Nyelvvizsga Bizotts\u00e1g, illetve 1981-1987 k\u00f6z\u00f6tt a KGST \u00c9rseb\u00e9szeti szekci\u00f3 tagja volt. P\u00e1ly\u00e1ja sor\u00e1n 1-3 h\u00f3napos tanulm\u00e1nyutakat tett a Brnoi Purkyne Egyetem Seb\u00e9szeti Klinik\u00e1j\u00e1n (1966), a Szovjetuni\u00f3 Orvostudom\u00e1nyi Akad\u00e9mi\u00e1ja moszkvai Sz\u00edv- \u00e9s \u00c9rseb\u00e9szeti Klinik\u00e1j\u00e1n (1972, 1978, 1983), a Rostocki Orvostudom\u00e1nyi Egyetem Seb\u00e9szeti Klinik\u00e1j\u00e1n (1973), a berlini Charit\u00e9 Seb\u00e9szeti Klinik\u00e1j\u00e1n (1973), az Ulmi Orvostudom\u00e1nyi Egyetem \u00c9rseb\u00e9szeti Klinik\u00e1j\u00e1n (1974), a Mannheimi Orvostudom\u00e1nyi Egyetem Seb\u00e9szeti Klinik\u00e1j\u00e1n (1974), k\u00e9s\u0151bb r\u00f6videbb id\u0151t Chicago-ban (1986) \u00e9s Stockholmban (1994).<\/p>\n<p style=\"text-align: justify\">Kit\u00fcntet\u00e9sei: Oktat\u00e1s\u00fcgy Kiv\u00e1l\u00f3 Dolgoz\u00f3ja (1976), Kiv\u00e1l\u00f3 Munk\u00e1\u00e9rt (1978), Munka \u00c9rdemrend ez\u00fcst fokozata (1987), Kiv\u00e1l\u00f3 Oktat\u00f3 (2000).<\/p>\n<p style=\"text-align: justify\"><strong>F\u0151bb munk\u00e1i:<\/strong> M\u00e1jk\u00e1rosod\u00e1sok vizsg\u00e1lata k\u00eds\u00e9rletes hyperthyreosisban. Kandid\u00e1tusi \u00e9rtekez\u00e9s. MTA TMB. Bp., 1971.; \u00c1ltal\u00e1nos seb\u00e9szet \u00e9s urol\u00f3gia fogorvostanhallgat\u00f3knak (szerk.). SOTE, Bp., 1983-84., 1991.; \u00c1ltal\u00e1nos \u00e9s r\u00e9szletes seb\u00e9szet (szerk.). Jegyzet fogorvostanhallgat\u00f3knak. SOTE, Bp., 1995.<\/p>\n<p style=\"text-align: justify\"><strong>Nyughelye:<\/strong> Farkasr\u00e9t, 60. parcella (urna).<\/p>\n<p style=\"text-align: justify\"><strong><a href=\"https:\/\/semmelweis.hu\/baratikor\/files\/2023\/07\/Nagy-Lajos_jav.jpg\"><img loading=\"lazy\" decoding=\"async\" class=\"alignleft wp-image-4847 size-medium\" src=\"https:\/\/semmelweis.hu\/baratikor\/files\/2023\/07\/Nagy-Lajos_jav-319x400.jpg\" alt=\"\" width=\"319\" height=\"400\" srcset=\"https:\/\/semmelweis.hu\/baratikor\/files\/2023\/07\/Nagy-Lajos_jav-319x400.jpg 319w, https:\/\/semmelweis.hu\/baratikor\/files\/2023\/07\/Nagy-Lajos_jav-768x962.jpg 768w, https:\/\/semmelweis.hu\/baratikor\/files\/2023\/07\/Nagy-Lajos_jav-753x944.jpg 753w, https:\/\/semmelweis.hu\/baratikor\/files\/2023\/07\/Nagy-Lajos_jav.jpg 798w\" sizes=\"auto, (max-width: 319px) 100vw, 319px\" \/><\/a><\/strong><\/p>\n","protected":false},"excerpt":{"rendered":"<p><a href=\"https:\/\/semmelweis.hu\/baratikor\/files\/2023\/07\/Nagy-Lajos-seb.jpg\"><\/a> (V\u00e1cszentl\u00e1szl\u00f3, 1935. \u00e1prilis 1. \u2013 Budapest, 2001. j\u00falius 15.) Tansz\u00e9k: II. sz. Seb\u00e9szeti Klinika 1982-1984 (mb.), 1984-1996, III. sz. Seb\u00e9szeti Klinika 1996-2000. Sz\u00fclei kor\u00e1n elv\u00e1ltak, \u00e9desapja gy\u00e1ri alkalmazott, \u00e9desanyja 2 \u00e9s f\u00e9l holdon gazd\u00e1lkod\u00f3 f\u00f6ldm\u0171ves, majd tsz-tag volt. A budapesti Ap\u00e1czai Csere J\u00e1nos Gyakorl\u00f3 Gimn\u00e1ziumban tett kit\u0171n\u0151 eredm\u00e9ny\u0171 \u00e9retts\u00e9git 1953-ban, majd a BOTE-ra iratkozott, \u00e1ltal\u00e1nos &hellip;<\/p>\n","protected":false},"author":282,"featured_media":5416,"parent":347,"menu_order":0,"comment_status":"closed","ping_status":"closed","template":"template-fullwidth.php","meta":{"_acf_changed":false,"footnotes":""},"categories":[77,14],"tags":[],"class_list":["post-2141","page","type-page","status-publish","has-post-thumbnail","hentry","category-kegyeleti-adattar","category-teljes-nevlista"],"acf":[],"_links":{"self":[{"href":"https:\/\/semmelweis.hu\/baratikor\/wp-json\/wp\/v2\/pages\/2141","targetHints":{"allow":["GET"]}}],"collection":[{"href":"https:\/\/semmelweis.hu\/baratikor\/wp-json\/wp\/v2\/pages"}],"about":[{"href":"https:\/\/semmelweis.hu\/baratikor\/wp-json\/wp\/v2\/types\/page"}],"author":[{"embeddable":true,"href":"https:\/\/semmelweis.hu\/baratikor\/wp-json\/wp\/v2\/users\/282"}],"replies":[{"embeddable":true,"href":"https:\/\/semmelweis.hu\/baratikor\/wp-json\/wp\/v2\/comments?post=2141"}],"version-history":[{"count":4,"href":"https:\/\/semmelweis.hu\/baratikor\/wp-json\/wp\/v2\/pages\/2141\/revisions"}],"predecessor-version":[{"id":4854,"href":"https:\/\/semmelweis.hu\/baratikor\/wp-json\/wp\/v2\/pages\/2141\/revisions\/4854"}],"up":[{"embeddable":true,"href":"https:\/\/semmelweis.hu\/baratikor\/wp-json\/wp\/v2\/pages\/347"}],"wp:featuredmedia":[{"embeddable":true,"href":"https:\/\/semmelweis.hu\/baratikor\/wp-json\/wp\/v2\/media\/5416"}],"wp:attachment":[{"href":"https:\/\/semmelweis.hu\/baratikor\/wp-json\/wp\/v2\/media?parent=2141"}],"wp:term":[{"taxonomy":"category","embeddable":true,"href":"https:\/\/semmelweis.hu\/baratikor\/wp-json\/wp\/v2\/categories?post=2141"},{"taxonomy":"post_tag","embeddable":true,"href":"https:\/\/semmelweis.hu\/baratikor\/wp-json\/wp\/v2\/tags?post=2141"}],"curies":[{"name":"wp","href":"https:\/\/api.w.org\/{rel}","templated":true}]}}