{"id":2131,"date":"2023-01-04T12:12:58","date_gmt":"2023-01-04T11:12:58","guid":{"rendered":"https:\/\/semmelweis.hu\/baratikor\/?page_id=2131"},"modified":"2023-01-04T12:13:48","modified_gmt":"2023-01-04T11:13:48","slug":"gerard-van-swieten","status":"publish","type":"page","link":"https:\/\/semmelweis.hu\/baratikor\/galeria\/teljes-nevlista\/gerard-van-swieten\/","title":{"rendered":"Gerard van Swieten"},"content":{"rendered":"<p style=\"text-align: justify\"><a href=\"https:\/\/semmelweis.hu\/baratikor\/galeria\/teljes-nevlista\/gerard-van-swieten\/006_11\/\" rel=\"attachment wp-att-2132\"><img loading=\"lazy\" decoding=\"async\" class=\"alignleft size-medium wp-image-2132\" src=\"https:\/\/semmelweis.hu\/baratikor\/files\/2023\/01\/006_11-274x400.jpg\" alt=\"\" width=\"274\" height=\"400\" srcset=\"https:\/\/semmelweis.hu\/baratikor\/files\/2023\/01\/006_11-274x400.jpg 274w, https:\/\/semmelweis.hu\/baratikor\/files\/2023\/01\/006_11.jpg 295w\" sizes=\"auto, (max-width: 274px) 100vw, 274px\" \/><\/a> <strong>Swieten (1700-1772) \/n\u00e9metesen Gerhard\/<\/strong><\/p>\n<p style=\"text-align: justify\">Leideni sz\u00fclet\u00e9s\u0171 holland orvos, egyetemi tan\u00e1r, az els\u0151 b\u00e9csi orvosi iskola alap\u00edt\u00f3ja. Leidenben Boerhaave tan\u00edtv\u00e1nya, majd kiszemelt ut\u00f3dja volt. Oktat\u00f3i h\u00edre B\u00e9csbe is eljutott, ahonnan 1745-ben megh\u00edv\u00e1st kapott, egyenesen M\u00e1ria Ter\u00e9zi\u00e1t\u00f3l. Az uralkod\u00f3 csal\u00e1d k\u00f6r\u00fcli h\u00e1ziorvosi teend\u0151k mellett igazgat\u00f3ja lett a b\u00e9csi cs.kir. k\u00f6nyvt\u00e1rnak, a birodalom eg\u00e9szs\u00e9g\u00fcgy\u00e9nek szervez\u0151je \u00e9s oktat\u00f3ja a b\u00e9csi egyetemnek, ahol meghonos\u00edtotta a leideni klinikus szeml\u00e9letet. Az egyetem korszer\u0171s\u00edt\u00e9se \u00e9s egyben szorosabb uralkod\u00f3i ellen\u0151rz\u00e9s al\u00e1 von\u00e1sa az \u0151 reformelk\u00e9pzel\u00e9sei alapj\u00e1n megy v\u00e9gbe. Ez lesz a mint\u00e1ja a nagyszombati egyetem \u00fajj\u00e1szervez\u00e9s\u00e9nek \u00e9s orvosi karral t\u00f6rt\u00e9n\u0151 kieg\u00e9sz\u00edt\u00e9s\u00e9nek is, mely ugyancsak az \u0151 szervez\u0151k\u00e9szs\u00e9g\u00e9t dics\u00e9ri. A nagyszombati orvoskar fel\u00e1ll\u00edt\u00e1s\u00e1ra az \u00e1ltala szorgalmazott 1769. november 7-i kir\u00e1lyn\u0151i rendelet (intimatum) nyom\u00e1n ker\u00fclt sor, az oktat\u00e1s pedig m\u00e1r egy \u00e9vvel k\u00e9s\u0151bb 1770 november\u00e9ben megkezd\u0151dhetett. A kar els\u0151 \u00f6t tan\u00e1ra van Swieten b\u00e9csi tan\u00edtv\u00e1nyai k\u00f6z\u00fcl ker\u00fclt ki. Ezzel indult el a magyarorsz\u00e1gi rendszeres orvosk\u00e9pz\u00e9s.<\/p>\n<p><a href=\"https:\/\/semmelweis.hu\/baratikor\/galeria\/teljes-nevlista\/gerard-van-swieten\/006_21\/\" rel=\"attachment wp-att-2133\"><img loading=\"lazy\" decoding=\"async\" class=\"alignleft size-medium wp-image-2133\" src=\"https:\/\/semmelweis.hu\/baratikor\/files\/2023\/01\/006_21-236x400.jpg\" alt=\"\" width=\"236\" height=\"400\" srcset=\"https:\/\/semmelweis.hu\/baratikor\/files\/2023\/01\/006_21-236x400.jpg 236w, https:\/\/semmelweis.hu\/baratikor\/files\/2023\/01\/006_21.jpg 295w\" sizes=\"auto, (max-width: 236px) 100vw, 236px\" \/><\/a><\/p>\n","protected":false},"excerpt":{"rendered":"<p><a href=\"https:\/\/semmelweis.hu\/baratikor\/galeria\/teljes-nevlista\/gerard-van-swieten\/006_11\/\" rel=\"attachment wp-att-2132\"><\/a> Swieten (1700-1772) \/n\u00e9metesen Gerhard\/ Leideni sz\u00fclet\u00e9s\u0171 holland orvos, egyetemi tan\u00e1r, az els\u0151 b\u00e9csi orvosi iskola alap\u00edt\u00f3ja. Leidenben Boerhaave tan\u00edtv\u00e1nya, majd kiszemelt ut\u00f3dja volt. Oktat\u00f3i h\u00edre B\u00e9csbe is eljutott, ahonnan 1745-ben megh\u00edv\u00e1st kapott, egyenesen M\u00e1ria Ter\u00e9zi\u00e1t\u00f3l. Az uralkod\u00f3 csal\u00e1d k\u00f6r\u00fcli h\u00e1ziorvosi teend\u0151k mellett igazgat\u00f3ja lett a b\u00e9csi cs.kir. k\u00f6nyvt\u00e1rnak, a birodalom eg\u00e9szs\u00e9g\u00fcgy\u00e9nek szervez\u0151je \u00e9s oktat\u00f3ja a &hellip;<\/p>\n","protected":false},"author":282,"featured_media":2132,"parent":347,"menu_order":0,"comment_status":"closed","ping_status":"closed","template":"template-fullwidth.php","meta":{"_acf_changed":false,"footnotes":""},"categories":[14],"tags":[],"class_list":["post-2131","page","type-page","status-publish","has-post-thumbnail","hentry","category-teljes-nevlista"],"acf":[],"_links":{"self":[{"href":"https:\/\/semmelweis.hu\/baratikor\/wp-json\/wp\/v2\/pages\/2131","targetHints":{"allow":["GET"]}}],"collection":[{"href":"https:\/\/semmelweis.hu\/baratikor\/wp-json\/wp\/v2\/pages"}],"about":[{"href":"https:\/\/semmelweis.hu\/baratikor\/wp-json\/wp\/v2\/types\/page"}],"author":[{"embeddable":true,"href":"https:\/\/semmelweis.hu\/baratikor\/wp-json\/wp\/v2\/users\/282"}],"replies":[{"embeddable":true,"href":"https:\/\/semmelweis.hu\/baratikor\/wp-json\/wp\/v2\/comments?post=2131"}],"version-history":[{"count":3,"href":"https:\/\/semmelweis.hu\/baratikor\/wp-json\/wp\/v2\/pages\/2131\/revisions"}],"predecessor-version":[{"id":2136,"href":"https:\/\/semmelweis.hu\/baratikor\/wp-json\/wp\/v2\/pages\/2131\/revisions\/2136"}],"up":[{"embeddable":true,"href":"https:\/\/semmelweis.hu\/baratikor\/wp-json\/wp\/v2\/pages\/347"}],"wp:featuredmedia":[{"embeddable":true,"href":"https:\/\/semmelweis.hu\/baratikor\/wp-json\/wp\/v2\/media\/2132"}],"wp:attachment":[{"href":"https:\/\/semmelweis.hu\/baratikor\/wp-json\/wp\/v2\/media?parent=2131"}],"wp:term":[{"taxonomy":"category","embeddable":true,"href":"https:\/\/semmelweis.hu\/baratikor\/wp-json\/wp\/v2\/categories?post=2131"},{"taxonomy":"post_tag","embeddable":true,"href":"https:\/\/semmelweis.hu\/baratikor\/wp-json\/wp\/v2\/tags?post=2131"}],"curies":[{"name":"wp","href":"https:\/\/api.w.org\/{rel}","templated":true}]}}