{"id":2113,"date":"2023-01-04T11:39:08","date_gmt":"2023-01-04T10:39:08","guid":{"rendered":"https:\/\/semmelweis.hu\/baratikor\/?page_id=2113"},"modified":"2023-01-04T11:39:10","modified_gmt":"2023-01-04T10:39:10","slug":"pazmany-peter","status":"publish","type":"page","link":"https:\/\/semmelweis.hu\/baratikor\/galeria\/teljes-nevlista\/pazmany-peter\/","title":{"rendered":"P\u00e1zm\u00e1ny P\u00e9ter"},"content":{"rendered":"<p style=\"text-align: justify\"><strong><a href=\"https:\/\/semmelweis.hu\/baratikor\/galeria\/teljes-nevlista\/pazmany-peter\/004_11\/\" rel=\"attachment wp-att-2114\"><img loading=\"lazy\" decoding=\"async\" class=\"alignleft size-medium wp-image-2114\" src=\"https:\/\/semmelweis.hu\/baratikor\/files\/2023\/01\/004_11-265x400.jpg\" alt=\"\" width=\"265\" height=\"400\" srcset=\"https:\/\/semmelweis.hu\/baratikor\/files\/2023\/01\/004_11-265x400.jpg 265w, https:\/\/semmelweis.hu\/baratikor\/files\/2023\/01\/004_11.jpg 295w\" sizes=\"auto, (max-width: 265px) 100vw, 265px\" \/><\/a>(V\u00e1rad, 1570 &#8211; Pozsony, 1637)<\/strong><\/p>\n<p style=\"text-align: justify\">Jezsuita szerzetes, oktat\u00f3, a magyarorsz\u00e1gi ellenreform\u00e1ci\u00f3 vez\u00e9ralakja. Reform\u00e1tus csal\u00e1dban sz\u00fcletett, 13 \u00e9vesen t\u00e9rt \u00e1t a katolikus vall\u00e1sra. B\u00f6lcs\u00e9szeti tanulm\u00e1nyokba kezdett, de 1588-ban ezt felf\u00fcggesztve bel\u00e9pett a jezsuita rendbe. B\u00e9csben \u00e9s R\u00f3m\u00e1ban tanult, 1596-ban papp\u00e1 szentelt\u00e9k. 1597-t\u0151l 10 \u00e9ven \u00e1t Grazban tan\u00edtott, amit h\u00e1rom \u00e9vi v\u00e1gsellyei \u00e9s kassai kit\u00e9r\u0151 szak\u00edtott meg. 1607-ben Forg\u00e1ch Ferenc esztergomi \u00e9rsek h\u00edv\u00e1s\u00e1ra hazat\u00e9rt, \u00e9s az ellenreform\u00e1ci\u00f3 \u00e9l\u00e9re \u00e1llt. 1616-t\u00f3l hal\u00e1l\u00e1ig esztergomi \u00e9rsek, 1629-t\u0151l b\u00edboros. Esztergom t\u00f6r\u00f6k megsz\u00e1ll\u00e1sa miatt az \u00e9rseks\u00e9g sz\u00e9khelye ekkoriban Nagyszombatban m\u0171k\u00f6d\u00f6tt. Itt 1619-ben papneveld\u00e9t, majd 1623-ban B\u00e9csben magasabb papnevel\u0151 int\u00e9zetet, az \u00fan. P\u00e1zm\u00e1neumot alap\u00edtotta. Ugyancsak nev\u00e9hez f\u0171z\u0151dik a pozsonyi jezsuita koll\u00e9gium (1635) megalap\u00edt\u00e1sa. Iskolateremt\u0151 tev\u00e9kenys\u00e9g\u00e9nek cs\u00facspontja az 1635-ben, Nagyszombatban t\u00f6rt\u00e9nt egyetemalap\u00edt\u00e1s volt, mely ekkor b\u00f6lcs\u00e9sz- \u00e9s hittudom\u00e1nyi karb\u00f3l \u00e1llt. Ezt ut\u00f3dai k\u00e9s\u0151bb jogi karral b\u0151v\u00edtett\u00e9k. A m\u00e9g mindig csonka universitas orvosi karral val\u00f3 kieg\u00e9sz\u00edt\u00e9s\u00e9re csak j\u00f3val k\u00e9s\u0151bb, M\u00e1ria Ter\u00e9zia idej\u00e9ben ker\u00fclt sor. A P\u00e1zm\u00e1ny \u00e1ltal alap\u00edtott egyetem 1921-1950 k\u00f6z\u00f6tt viselte alap\u00edt\u00f3ja nev\u00e9t. Ma ezt a hagyom\u00e1nyt a Hittudom\u00e1nyi Karb\u00f3l alak\u00edtott P\u00e1zm\u00e1ny P\u00e9ter Katolikus Egyetem viszi tov\u00e1bb (1992-t\u0151l).<\/p>\n","protected":false},"excerpt":{"rendered":"<p><a href=\"https:\/\/semmelweis.hu\/baratikor\/galeria\/teljes-nevlista\/pazmany-peter\/004_11\/\" rel=\"attachment wp-att-2114\"><\/a> (V\u00e1rad, 1570 &#8211; Pozsony, 1637) Jezsuita szerzetes, oktat\u00f3, a magyarorsz\u00e1gi ellenreform\u00e1ci\u00f3 vez\u00e9ralakja. Reform\u00e1tus csal\u00e1dban sz\u00fcletett, 13 \u00e9vesen t\u00e9rt \u00e1t a katolikus vall\u00e1sra. B\u00f6lcs\u00e9szeti tanulm\u00e1nyokba kezdett, de 1588-ban ezt felf\u00fcggesztve bel\u00e9pett a jezsuita rendbe. B\u00e9csben \u00e9s R\u00f3m\u00e1ban tanult, 1596-ban papp\u00e1 szentelt\u00e9k. 1597-t\u0151l 10 \u00e9ven \u00e1t Grazban tan\u00edtott, amit h\u00e1rom \u00e9vi v\u00e1gsellyei \u00e9s kassai kit\u00e9r\u0151 szak\u00edtott meg. &hellip;<\/p>\n","protected":false},"author":282,"featured_media":2114,"parent":347,"menu_order":0,"comment_status":"closed","ping_status":"closed","template":"template-fullwidth.php","meta":{"_acf_changed":false,"footnotes":""},"categories":[14],"tags":[],"class_list":["post-2113","page","type-page","status-publish","has-post-thumbnail","hentry","category-teljes-nevlista"],"acf":[],"_links":{"self":[{"href":"https:\/\/semmelweis.hu\/baratikor\/wp-json\/wp\/v2\/pages\/2113","targetHints":{"allow":["GET"]}}],"collection":[{"href":"https:\/\/semmelweis.hu\/baratikor\/wp-json\/wp\/v2\/pages"}],"about":[{"href":"https:\/\/semmelweis.hu\/baratikor\/wp-json\/wp\/v2\/types\/page"}],"author":[{"embeddable":true,"href":"https:\/\/semmelweis.hu\/baratikor\/wp-json\/wp\/v2\/users\/282"}],"replies":[{"embeddable":true,"href":"https:\/\/semmelweis.hu\/baratikor\/wp-json\/wp\/v2\/comments?post=2113"}],"version-history":[{"count":2,"href":"https:\/\/semmelweis.hu\/baratikor\/wp-json\/wp\/v2\/pages\/2113\/revisions"}],"predecessor-version":[{"id":2116,"href":"https:\/\/semmelweis.hu\/baratikor\/wp-json\/wp\/v2\/pages\/2113\/revisions\/2116"}],"up":[{"embeddable":true,"href":"https:\/\/semmelweis.hu\/baratikor\/wp-json\/wp\/v2\/pages\/347"}],"wp:featuredmedia":[{"embeddable":true,"href":"https:\/\/semmelweis.hu\/baratikor\/wp-json\/wp\/v2\/media\/2114"}],"wp:attachment":[{"href":"https:\/\/semmelweis.hu\/baratikor\/wp-json\/wp\/v2\/media?parent=2113"}],"wp:term":[{"taxonomy":"category","embeddable":true,"href":"https:\/\/semmelweis.hu\/baratikor\/wp-json\/wp\/v2\/categories?post=2113"},{"taxonomy":"post_tag","embeddable":true,"href":"https:\/\/semmelweis.hu\/baratikor\/wp-json\/wp\/v2\/tags?post=2113"}],"curies":[{"name":"wp","href":"https:\/\/api.w.org\/{rel}","templated":true}]}}