{"id":2101,"date":"2023-01-04T11:33:56","date_gmt":"2023-01-04T10:33:56","guid":{"rendered":"https:\/\/semmelweis.hu\/baratikor\/?page_id=2101"},"modified":"2023-10-12T10:15:59","modified_gmt":"2023-10-12T08:15:59","slug":"mesz-laszlo","status":"publish","type":"page","link":"https:\/\/semmelweis.hu\/baratikor\/galeria\/teljes-nevlista\/mesz-laszlo\/","title":{"rendered":"M\u00e9sz L\u00e1szl\u00f3"},"content":{"rendered":"<p style=\"text-align: justify\"><strong><a href=\"https:\/\/semmelweis.hu\/baratikor\/galeria\/teljes-nevlista\/mesz-laszlo\/mesz-laszlo-49-a-iv-1\/\" rel=\"attachment wp-att-2103\"><img loading=\"lazy\" decoding=\"async\" class=\"alignleft size-medium wp-image-2103\" src=\"https:\/\/semmelweis.hu\/baratikor\/files\/2023\/01\/Mesz-Laszlo-49.a-IV-1.-285x400.jpg\" alt=\"\" width=\"285\" height=\"400\" srcset=\"https:\/\/semmelweis.hu\/baratikor\/files\/2023\/01\/Mesz-Laszlo-49.a-IV-1.-285x400.jpg 285w, https:\/\/semmelweis.hu\/baratikor\/files\/2023\/01\/Mesz-Laszlo-49.a-IV-1..jpg 712w\" sizes=\"auto, (max-width: 285px) 100vw, 285px\" \/><\/a>(Szeged<\/strong><strong>, 1925. j\u00fanius 12.<\/strong><strong> \u2013 Budapest, 1980. szeptember 19.)<\/strong><\/p>\n<p style=\"text-align: justify\"><strong>Tansz\u00e9k:<\/strong> Marxizmus-Leninizmus Tansz\u00e9k (1968-t\u00f3l Int\u00e9zet) 1959-1969.<\/p>\n<p style=\"text-align: justify\">\u00c9desapja fodr\u00e1szk\u00e9nt kereste a csal\u00e1d kenyer\u00e9t, 1945-ig Szegeden, majd Balatonalig\u00e1n. Iskol\u00e1it Szegeden v\u00e9gezte. 1948. j\u00fanius 29-\u00e9n szerzett magyar-t\u00f6rt\u00e9nelem-angol szakos diplom\u00e1t az \u00c1llami Polg\u00e1ri Iskolai Tan\u00e1rk\u00e9pz\u0151 F\u0151iskol\u00e1n. 1947-ben lett tagja az MKP-nak, melynek megb\u00edz\u00e1s\u00e1b\u00f3l l\u00e9trehozta \u00e9s titk\u00e1rk\u00e9nt vezette a f\u0151iskolai di\u00e1kszervezetet. 1948. augusztus 19-t\u0151l a csanyteleki \u00e1ltal\u00e1nos iskol\u00e1ban helyettes tan\u00e1r, okt\u00f3ber 14-t\u0151l egy szegedi \u00e1ltal\u00e1nos iskol\u00e1ban tan\u00e1r volt. 1949. \u00e1prilis 19-\u00e9n polg\u00e1ri iskolai tan\u00e1rk\u00e9nt ker\u00fclt vissza az id\u0151k\u00f6zben Pedag\u00f3giai F\u0151iskol\u00e1v\u00e1 \u00e1talak\u00edtott int\u00e9zm\u00e9nybe, ahol 1950. janu\u00e1r 31-\u00e9n f\u0151iskolai adjunktuss\u00e1 nevezt\u00e9k ki. A f\u0151iskola filoz\u00f3fiai-szociol\u00f3giai tansz\u00e9k\u00e9n kezdett m\u0171k\u00f6dni, majd az 1949\/50. tan\u00e9vben, a marxizmus k\u00f6telez\u0151 oktat\u00e1s\u00e1nak orsz\u00e1gos m\u00e9ret\u0171 megind\u00edt\u00e1sakor \u0151t v\u00e1lasztott\u00e1k a p\u00e1rtk\u00f6zpont szegedi instruktor\u00e1ul. Feladata volt a marxizmus oktat\u00e1s\u00e1nak megszervez\u00e9se a szegedi tudom\u00e1nyegyetemen \u00e9s saj\u00e1t f\u0151iskol\u00e1j\u00e1n. Ennek keret\u00e9ben logik\u00e1t, p\u00e1rtt\u00f6rt\u00e9netet \u00e9s politikai gazdas\u00e1gtant oktatott. 1951. augusztus 1-j\u00e9n az MTA-OMB f\u00fcggetlen\u00edtett aspir\u00e1nsa lett filoz\u00f3fia t\u00e1rgyk\u00f6rben, Fogarasi B\u00e9la akad\u00e9mikus mellett. Ekkor telep\u00fclt Budapestre. 1954. janu\u00e1r 15-\u00e9n \u00e1tvette az akkor szocialista \u00e9legyetemk\u00e9nt kezelt Marx K\u00e1roly K\u00f6zgazdas\u00e1gtudom\u00e1nyi Egyetem filoz\u00f3fia oktat\u00e1s\u00e1nak vezet\u00e9s\u00e9t. Ennek \u00e9rdek\u00e9ben egyetemi adjunktuss\u00e1 \u00e9s szakcsoportvezet\u0151v\u00e9 nevezt\u00e9k ki. 1954. szeptember 1-j\u00e9n az MDP K\u00f6zpont Tudom\u00e1nyos \u00e9s Kultur\u00e1lis Oszt\u00e1ly\u00e1ra ker\u00fclt, ahol filoz\u00f3fi\u00e1t, jogtudom\u00e1nyt \u00e9s t\u00e1rsadalomtudom\u00e1nyokat adott el\u0151. Ek\u00f6zben egyetemi szakcsoportvezet\u0151i feladat\u00e1t m\u00e1sod\u00e1ll\u00e1sban v\u00e9gezte. Az 1956-os forradalom hat\u00e1s\u00e1ra a p\u00e1rtappar\u00e1tus sz\u00e9tesett, ez\u00e9rt 1956. december 1-jei hat\u00e1llyal p\u00e1rtk\u00f6zponti \u00e1ll\u00e1sa megsz\u0171nt, \u00edgy ism\u00e9t f\u0151\u00e1ll\u00e1sban folytatta egyetemi tev\u00e9kenys\u00e9g\u00e9t. Az oktat\u00e1st 1957 febru\u00e1rj\u00e1ban kezdte \u00fajra. 1958. okt\u00f3ber 16-\u00e1n docenss\u00e9 l\u00e9ptett\u00e9k el\u0151. 1959. j\u00falius 1-j\u00e9n az Eg\u00e9szs\u00e9g\u00fcgyi Miniszt\u00e9rium megb\u00edz\u00e1sa alapj\u00e1n ker\u00fclt a Budapesti Orvostudom\u00e1nyi Egyetemre, ahol egyetemi docensk\u00e9nt \u00e1tvette a Marxizmus-Leninizmus Tansz\u00e9k vezet\u00e9s\u00e9t, melyet 1969. j\u00fanius 30-ig l\u00e1tott el, amikor saj\u00e1t k\u00e9r\u00e9s\u00e9re felmentett\u00e9k. Ett\u0151l kezdve a filoz\u00f3fiai szakcsoportot vezette, majd 1971. j\u00fanius 30-\u00e1n \u00e1thelyez\u00e9ssel az ELTE-re t\u00e1vozott.<\/p>\n<p style=\"text-align: justify\">P\u00e1rtmunk\u00e1ja sor\u00e1n az oktat\u00e1s \u00e9s a propaganda ter\u00e9n m\u0171k\u00f6d\u00f6tt. Filoz\u00f3fiai \u00e9rdekl\u0151d\u00e9si k\u00f6re els\u0151sorban az ismeretelm\u00e9let k\u00e9rd\u00e9seire terjedt ki. Ennek keret\u00e9ben foglalkozott a materialista dialektika ismeretelm\u00e9leti vonatkoz\u00e1saival, a t\u00e1rsadalmi tudat egyes k\u00e9rd\u00e9seivel (pl. az \u201eideol\u00f3giai\u201d t\u00fckr\u00f6z\u00e9s probl\u00e9m\u00e1ja), a biol\u00f3gia filoz\u00f3fiai k\u00e9rd\u00e9seivel, k\u00fcl\u00f6n\u00f6sen a determinizmus biol\u00f3giai vonatkoz\u00e1saival. Aspirant\u00far\u00e1ja befejezetlen\u00fcl maradt. Szakirodalmi munk\u00e1ss\u00e1ga f\u0151k\u00e9nt tananyagokra ir\u00e1nyult.<\/p>\n<p style=\"text-align: justify\"><strong>F\u0151bb munk\u00e1i:<\/strong> nem ismert.<\/p>\n<p style=\"text-align: justify\"><strong>Nyughelye:<\/strong> R\u00e1kospalotai temet\u0151 16-US\/III\/0\/27.<\/p>\n","protected":false},"excerpt":{"rendered":"<p><a href=\"https:\/\/semmelweis.hu\/baratikor\/galeria\/teljes-nevlista\/mesz-laszlo\/mesz-laszlo-49-a-iv-1\/\" rel=\"attachment wp-att-2103\"><\/a> (Szeged, 1925. j\u00fanius 12. \u2013 Budapest, 1980. szeptember 19.) Tansz\u00e9k: Marxizmus-Leninizmus Tansz\u00e9k (1968-t\u00f3l Int\u00e9zet) 1959-1969. \u00c9desapja fodr\u00e1szk\u00e9nt kereste a csal\u00e1d kenyer\u00e9t, 1945-ig Szegeden, majd Balatonalig\u00e1n. Iskol\u00e1it Szegeden v\u00e9gezte. 1948. j\u00fanius 29-\u00e9n szerzett magyar-t\u00f6rt\u00e9nelem-angol szakos diplom\u00e1t az \u00c1llami Polg\u00e1ri Iskolai Tan\u00e1rk\u00e9pz\u0151 F\u0151iskol\u00e1n. 1947-ben lett tagja az MKP-nak, melynek megb\u00edz\u00e1s\u00e1b\u00f3l l\u00e9trehozta \u00e9s titk\u00e1rk\u00e9nt vezette a f\u0151iskolai di\u00e1kszervezetet. &hellip;<\/p>\n","protected":false},"author":282,"featured_media":5412,"parent":347,"menu_order":0,"comment_status":"closed","ping_status":"closed","template":"template-fullwidth.php","meta":{"_acf_changed":false,"footnotes":""},"categories":[77,14],"tags":[],"class_list":["post-2101","page","type-page","status-publish","has-post-thumbnail","hentry","category-kegyeleti-adattar","category-teljes-nevlista"],"acf":[],"_links":{"self":[{"href":"https:\/\/semmelweis.hu\/baratikor\/wp-json\/wp\/v2\/pages\/2101","targetHints":{"allow":["GET"]}}],"collection":[{"href":"https:\/\/semmelweis.hu\/baratikor\/wp-json\/wp\/v2\/pages"}],"about":[{"href":"https:\/\/semmelweis.hu\/baratikor\/wp-json\/wp\/v2\/types\/page"}],"author":[{"embeddable":true,"href":"https:\/\/semmelweis.hu\/baratikor\/wp-json\/wp\/v2\/users\/282"}],"replies":[{"embeddable":true,"href":"https:\/\/semmelweis.hu\/baratikor\/wp-json\/wp\/v2\/comments?post=2101"}],"version-history":[{"count":2,"href":"https:\/\/semmelweis.hu\/baratikor\/wp-json\/wp\/v2\/pages\/2101\/revisions"}],"predecessor-version":[{"id":2105,"href":"https:\/\/semmelweis.hu\/baratikor\/wp-json\/wp\/v2\/pages\/2101\/revisions\/2105"}],"up":[{"embeddable":true,"href":"https:\/\/semmelweis.hu\/baratikor\/wp-json\/wp\/v2\/pages\/347"}],"wp:featuredmedia":[{"embeddable":true,"href":"https:\/\/semmelweis.hu\/baratikor\/wp-json\/wp\/v2\/media\/5412"}],"wp:attachment":[{"href":"https:\/\/semmelweis.hu\/baratikor\/wp-json\/wp\/v2\/media?parent=2101"}],"wp:term":[{"taxonomy":"category","embeddable":true,"href":"https:\/\/semmelweis.hu\/baratikor\/wp-json\/wp\/v2\/categories?post=2101"},{"taxonomy":"post_tag","embeddable":true,"href":"https:\/\/semmelweis.hu\/baratikor\/wp-json\/wp\/v2\/tags?post=2101"}],"curies":[{"name":"wp","href":"https:\/\/api.w.org\/{rel}","templated":true}]}}