{"id":209,"date":"2022-05-17T09:38:41","date_gmt":"2022-05-17T07:38:41","guid":{"rendered":"https:\/\/semmelweis.hu\/baratikor\/?p=209"},"modified":"2023-10-11T13:51:45","modified_gmt":"2023-10-11T11:51:45","slug":"anderlik-piroska","status":"publish","type":"page","link":"https:\/\/semmelweis.hu\/baratikor\/galeria\/teljes-nevlista\/anderlik-piroska\/","title":{"rendered":"Anderlik Piroska"},"content":{"rendered":"<p style=\"text-align: justify\"><strong><a href=\"https:\/\/semmelweis.hu\/baratikor\/files\/2022\/05\/Anderlik-Piroska-1976.-49.a-IV-1..jpg\"><img loading=\"lazy\" decoding=\"async\" class=\"alignleft wp-image-212 size-medium\" src=\"https:\/\/semmelweis.hu\/baratikor\/files\/2022\/05\/Anderlik-Piroska-1976.-49.a-IV-1.-346x400.jpg\" alt=\"\" width=\"356\" height=\"400\" \/><\/a>(<\/strong><strong>Budapest, 1935. augusztus 16.<\/strong><strong> \u2013 Budapest, 2018. szeptember 20.)<\/strong><\/p>\n<p style=\"text-align: justify\"><strong>Tansz\u00e9k: <\/strong>Orvosi Mikrobiol\u00f3giai Int\u00e9zet 1995-1996 (mb.).<\/p>\n<p style=\"text-align: justify\">\u00c9desapja az Orsz\u00e1gos Geod\u00e9ziai \u00e9s Kartogr\u00e1fiai Int\u00e9zet f\u0151m\u00e9rn\u00f6kek\u00e9nt dolgozott. Anderlik Piroska a Veres P\u00e1ln\u00e9 Gimn\u00e1ziumban kit\u00fcntet\u00e9ssel \u00e9retts\u00e9gizett 1953-ban, majd felvett\u00e9k a BOTE-ra, ahol 1959. szeptember 29-\u00e9n vette \u00e1t orvosdoktori diplom\u00e1j\u00e1t. Ezut\u00e1n r\u00f6gt\u00f6n az egyetem, Alf\u00f6ldy Zolt\u00e1n vezette, Mikrobiol\u00f3giai Int\u00e9zet\u00e9be ker\u00fclt k\u00f6zponti gyakornoki \u00e1ll\u00e1sba. 1962. j\u00fanius 1-j\u00e9n tan\u00e1rseg\u00e9dd\u00e9 l\u00e9ptett\u00e9k el\u0151. 1962. november 9-\u00e9n klinikai laborat\u00f3riumi diagnosztika szakorvosi k\u00e9pes\u00edt\u00e9st szerzett. 1972-ben elv\u00e9gezte a Marxizmus-Leninizmus Esti Egyetemet. 1975. j\u00falius 1-j\u00e9n egyetemi adjunktuss\u00e1, 1980. j\u00falius 1-j\u00e9n docenss\u00e9 l\u00e9ptett\u00e9k el\u0151. 1976-ban megszerezte a kandid\u00e1tusi fokozatot. 1979-ben orvosi mikrobiol\u00f3gia szakorvosi, 1980-ban k\u00e9pes\u00edtett immunol\u00f3gus \u00e9s virol\u00f3gus szakk\u00e9pes\u00edt\u00e9seket szerzett. 1995. m\u00e1rcius 15-\u00e9n megb\u00edzt\u00e1k az int\u00e9zet vezet\u00e9s\u00e9vel. 1996-ban egyetemi tan\u00e1ri kinevez\u00e9st kapott. Int\u00e9zetvezet\u0151i megb\u00edzat\u00e1sa lej\u00e1rt\u00e1val 2004-es nyugd\u00edjaz\u00e1s\u00e1ig igazgat\u00f3helyettesk\u00e9nt vett r\u00e9szt az int\u00e9zet munk\u00e1j\u00e1ban.<\/p>\n<p style=\"text-align: justify\">Kutat\u00f3i p\u00e1lyafut\u00e1sa elej\u00e9n a F\u00f6ldes P\u00e1l vezette virol\u00f3giai munkacsoport tagjak\u00e9nt r\u00e9szt vett a j\u00e1rv\u00e1nyos gyermekb\u00e9nul\u00e1s elleni v\u00e9d\u0151olt\u00e1s bevezet\u00e9s\u00e9nek el\u0151k\u00e9sz\u00edt\u00e9s\u00e9ben. Ezut\u00e1n az int\u00e9zet Szeri Ilona vezette immunol\u00f3giai kutat\u00f3csoportj\u00e1ba ker\u00fclt, melynek f\u0151 kutat\u00e1si ir\u00e1nya a lymphoid rendszer immunbiol\u00f3giai funkci\u00f3j\u00e1nak vizsg\u00e1lata volt. Ebb\u0151l a t\u00e9m\u00e1b\u00f3l k\u00e9sz\u00fclt kandid\u00e1tusi \u00e9rtekez\u00e9se is. 1978-ban haz\u00e1nkban el\u0151sz\u00f6r szervezett cs\u00edramentes laborat\u00f3riumot. 1965 \u00f3ta fel\u00fcgyelte az int\u00e9zet \u00e1llath\u00e1z\u00e1t. 1998-2012 k\u00f6z\u00f6tt vezette az egyetem \u00c1llatk\u00eds\u00e9rleti Bizotts\u00e1g\u00e1t. Kari bizotts\u00e1gi tagk\u00e9nt vett r\u00e9szt az egyetem rendszerv\u00e1lt\u00e1s ut\u00e1ni alkotm\u00e1nyoz\u00f3 munk\u00e1lataiban. Az egyetem Bar\u00e1ti K\u00f6r\u00e9ben, a kor\u00e1bbi rektorok s\u00edrjainak felt\u00e1r\u00e1s\u00e1val elind\u00edtotta a tan\u00e1ri kegyeleti adatb\u00e1zis ki\u00e9p\u00edt\u00e9s\u00e9t, mely munk\u00e1t eg\u00e9szen hal\u00e1l\u00e1ig hat\u00e9konyan t\u00e1mogatott.<\/p>\n<p style=\"text-align: justify\">1959-t\u0151l Eg\u00e9szs\u00e9g\u00fcgyi Dolgoz\u00f3k Szakszervezete \u00e9s a Magyar V\u00f6r\u00f6skereszt tagja volt. Szakmai t\u00e1rsas\u00e1gi tags\u00e1gai: Magyar Immunol\u00f3giai T\u00e1rsas\u00e1g (vezet\u0151s\u00e9gi tag), Magyar Mikrobiol\u00f3giai T\u00e1rsas\u00e1g, Magyar Allergol\u00f3giai T\u00e1rsas\u00e1g, Klinikai Laborat\u00f3riumi Diagnosztikai T\u00e1rsas\u00e1g, International Association for Gnotobiology, The European Adjuvant Group, Magyar Kemoter\u00e1pi\u00e1s T\u00e1rsas\u00e1g. R\u00e9szt vett a Life Science c. szaklap szerkeszt\u0151bizotts\u00e1gi munk\u00e1j\u00e1ban.<\/p>\n<p style=\"text-align: justify\">P\u00e1ly\u00e1ja sor\u00e1n a k\u00f6vetkez\u0151 elismer\u00e9seket kapta: Miniszteri dics\u00e9ret (1980), Akad\u00e9miai d\u00edj (1984, megosztva), Kiv\u00e1l\u00f3 munk\u00e1\u00e9rt (1984, hallgat\u00f3i KISZ-szervezet eml\u00e9k\u00e9rme), Magyar Fels\u0151oktat\u00e1s\u00e9rt eml\u00e9kplakett (1998). 2004-ben professor emerita c\u00edmmel t\u00fcntett\u00e9k ki.<\/p>\n<p style=\"text-align: justify\"><strong>F\u0151bb munk\u00e1i:<\/strong> Lymphoid rendszert befoly\u00e1sol\u00f3 hat\u00e1sok k\u00f6vetkezm\u00e9nyei eg\u00e9rk\u00eds\u00e9rletekben. Kandid\u00e1tusi \u00e9rtekez\u00e9s. MTA, TMB. Bp., 1975.; A Nagyv\u00e1rad t\u00e9ri Elm\u00e9leti T\u00f6mb 45 \u00e9ve. (szerk. K\u00f6vesdi Val\u00e9ri\u00e1val \u00e9s Rajna Imr\u00e9vel) Bp., 2016.<\/p>\n<p style=\"text-align: justify\"><strong>Nyughelye:<\/strong> Budapest, Farkasr\u00e9ti temet\u0151 35\/1\/95.<\/p>\n<p><strong data-wp-editing=\"1\"><a href=\"https:\/\/semmelweis.hu\/baratikor\/files\/2022\/05\/Anderlik-Piroska.jpg\"><img loading=\"lazy\" decoding=\"async\" class=\"alignnone wp-image-211 size-medium\" src=\"https:\/\/semmelweis.hu\/baratikor\/files\/2022\/05\/Anderlik-Piroska-274x400.jpg\" alt=\"\" width=\"274\" height=\"400\" srcset=\"https:\/\/semmelweis.hu\/baratikor\/files\/2022\/05\/Anderlik-Piroska-274x400.jpg 274w, https:\/\/semmelweis.hu\/baratikor\/files\/2022\/05\/Anderlik-Piroska.jpg 685w\" sizes=\"auto, (max-width: 274px) 100vw, 274px\" \/><\/a><a href=\"https:\/\/semmelweis.hu\/baratikor\/files\/2022\/05\/IMG_20200425_122914.jpg\"><img loading=\"lazy\" decoding=\"async\" class=\"alignnone wp-image-210 size-medium\" src=\"https:\/\/semmelweis.hu\/baratikor\/files\/2022\/05\/IMG_20200425_122914-300x400.jpg\" alt=\"\" width=\"300\" height=\"400\" srcset=\"https:\/\/semmelweis.hu\/baratikor\/files\/2022\/05\/IMG_20200425_122914-300x400.jpg 300w, https:\/\/semmelweis.hu\/baratikor\/files\/2022\/05\/IMG_20200425_122914.jpg 750w\" sizes=\"auto, (max-width: 300px) 100vw, 300px\" \/><\/a> <\/strong><\/p>\n","protected":false},"excerpt":{"rendered":"<p><a href=\"https:\/\/semmelweis.hu\/baratikor\/files\/2022\/05\/Anderlik-Piroska-1976.-49.a-IV-1..jpg\"><\/a> (Budapest, 1935. augusztus 16. \u2013 Budapest, 2018. szeptember 20.) Tansz\u00e9k: Orvosi Mikrobiol\u00f3giai Int\u00e9zet 1995-1996 (mb.). \u00c9desapja az Orsz\u00e1gos Geod\u00e9ziai \u00e9s Kartogr\u00e1fiai Int\u00e9zet f\u0151m\u00e9rn\u00f6kek\u00e9nt dolgozott. Anderlik Piroska a Veres P\u00e1ln\u00e9 Gimn\u00e1ziumban kit\u00fcntet\u00e9ssel \u00e9retts\u00e9gizett 1953-ban, majd felvett\u00e9k a BOTE-ra, ahol 1959. szeptember 29-\u00e9n vette \u00e1t orvosdoktori diplom\u00e1j\u00e1t. Ezut\u00e1n r\u00f6gt\u00f6n az egyetem, Alf\u00f6ldy Zolt\u00e1n vezette, Mikrobiol\u00f3giai Int\u00e9zet\u00e9be ker\u00fclt &hellip;<\/p>\n","protected":false},"author":282,"featured_media":5341,"parent":347,"menu_order":0,"comment_status":"closed","ping_status":"closed","template":"template-fullwidth.php","meta":{"_acf_changed":false,"footnotes":""},"categories":[14],"tags":[],"class_list":["post-209","page","type-page","status-publish","has-post-thumbnail","hentry","category-teljes-nevlista"],"acf":[],"_links":{"self":[{"href":"https:\/\/semmelweis.hu\/baratikor\/wp-json\/wp\/v2\/pages\/209","targetHints":{"allow":["GET"]}}],"collection":[{"href":"https:\/\/semmelweis.hu\/baratikor\/wp-json\/wp\/v2\/pages"}],"about":[{"href":"https:\/\/semmelweis.hu\/baratikor\/wp-json\/wp\/v2\/types\/page"}],"author":[{"embeddable":true,"href":"https:\/\/semmelweis.hu\/baratikor\/wp-json\/wp\/v2\/users\/282"}],"replies":[{"embeddable":true,"href":"https:\/\/semmelweis.hu\/baratikor\/wp-json\/wp\/v2\/comments?post=209"}],"version-history":[{"count":3,"href":"https:\/\/semmelweis.hu\/baratikor\/wp-json\/wp\/v2\/pages\/209\/revisions"}],"predecessor-version":[{"id":5342,"href":"https:\/\/semmelweis.hu\/baratikor\/wp-json\/wp\/v2\/pages\/209\/revisions\/5342"}],"up":[{"embeddable":true,"href":"https:\/\/semmelweis.hu\/baratikor\/wp-json\/wp\/v2\/pages\/347"}],"wp:featuredmedia":[{"embeddable":true,"href":"https:\/\/semmelweis.hu\/baratikor\/wp-json\/wp\/v2\/media\/5341"}],"wp:attachment":[{"href":"https:\/\/semmelweis.hu\/baratikor\/wp-json\/wp\/v2\/media?parent=209"}],"wp:term":[{"taxonomy":"category","embeddable":true,"href":"https:\/\/semmelweis.hu\/baratikor\/wp-json\/wp\/v2\/categories?post=209"},{"taxonomy":"post_tag","embeddable":true,"href":"https:\/\/semmelweis.hu\/baratikor\/wp-json\/wp\/v2\/tags?post=209"}],"curies":[{"name":"wp","href":"https:\/\/api.w.org\/{rel}","templated":true}]}}