{"id":2071,"date":"2023-01-04T11:17:11","date_gmt":"2023-01-04T10:17:11","guid":{"rendered":"https:\/\/semmelweis.hu\/baratikor\/?page_id=2071"},"modified":"2023-10-12T09:15:52","modified_gmt":"2023-10-12T07:15:52","slug":"mansfeld-geza-frigyes","status":"publish","type":"page","link":"https:\/\/semmelweis.hu\/baratikor\/galeria\/teljes-nevlista\/mansfeld-geza-frigyes\/","title":{"rendered":"Mansfeld G\u00e9za Frigyes"},"content":{"rendered":"<p style=\"text-align: justify\"><strong><a href=\"https:\/\/semmelweis.hu\/baratikor\/galeria\/teljes-nevlista\/mansfeld-geza-frigyes\/mansfeld-geza\/\" rel=\"attachment wp-att-2072\"><img loading=\"lazy\" decoding=\"async\" class=\"alignleft size-medium wp-image-2072\" src=\"https:\/\/semmelweis.hu\/baratikor\/files\/2023\/01\/Mansfeld-Geza-290x400.jpg\" alt=\"\" width=\"290\" height=\"400\" srcset=\"https:\/\/semmelweis.hu\/baratikor\/files\/2023\/01\/Mansfeld-Geza-290x400.jpg 290w, https:\/\/semmelweis.hu\/baratikor\/files\/2023\/01\/Mansfeld-Geza.jpg 726w\" sizes=\"auto, (max-width: 290px) 100vw, 290px\" \/><\/a> (<\/strong><strong>Budapest, 1882. febru\u00e1r 26.<\/strong><strong> \u2013 Genf, 1950. janu\u00e1r 11.)<\/strong><\/p>\n<p style=\"text-align: justify\"><strong>Tansz\u00e9k:<\/strong> \u00c9lettani Int\u00e9zet 1947-1950.<\/p>\n<p style=\"text-align: justify\">\u00c9desapja gabona-nagykeresked\u0151 volt, k\u00f6z\u00e9pfok\u00fa tanulm\u00e1nyait a budapesti Evang\u00e9likus F\u0151gimn\u00e1ziumban v\u00e9gezte. Orvosi oklevelet Budapesten szerzett 1905. okt\u00f3ber 14-\u00e9n. 1904-t\u0151l az egyetem Gy\u00f3gyszertani Int\u00e9zet\u00e9ben gyakornokoskodott, k\u00e9s\u0151bb tan\u00e1rseg\u00e9di kinevez\u00e9st kapott. 1907 \u00e9s 1909 k\u00f6z\u00f6tt B\u00e9csben (10 h\u00f3nap), Berlinben (10 h\u00f3nap), Londonban (4 h\u00f3nap) \u00e9s Szentp\u00e9terv\u00e1ron tett hosszabb tanulm\u00e1nyutat, r\u00e9szben saj\u00e1t k\u00f6lts\u00e9g\u00e9n, r\u00e9szben Bene-\u00f6szt\u00f6nd\u00edjjal. 1910. j\u00falius 20-\u00e1n mag\u00e1ntan\u00e1ri k\u00e9pes\u00edt\u00e9st szerzett a k\u00eds\u00e9rleti gy\u00f3gyszertan t\u00e1rgyk\u00f6r\u00e9ben. M\u00e1r 1903-t\u00f3l kezdve \u00f6sszesen \u00f6t alkalommal teljes\u00edtett 1-8 h\u00f3napos szolg\u00e1latokat a k.u.k. hadseregben, \u00edgy a h\u00e1bor\u00fa kit\u00f6r\u00e9sekor azonnal (1914. j\u00fanius 27.) beh\u00edvt\u00e1k, s b\u00e1r okt\u00f3ber 28-\u00e1n betegs\u00e9ge miatt szabads\u00e1golni kellett, 1915. \u00e1prilis 28-\u00e1n \u00fajb\u00f3l szolg\u00e1latba \u00e1llt. A f\u0151v\u00e1rosi Bakteriol\u00f3giai Int\u00e9zetbe vez\u00e9nyelt\u00e9k, mint f\u0151orvost. K\u00e9s\u0151bb ezredorvoss\u00e1 l\u00e9ptett\u00e9k el\u0151. Id\u0151k\u00f6zben, 1916. m\u00e1rcius 9-\u00e9n c\u00edmzetes nyilv\u00e1nos rendk\u00edv\u00fcli tan\u00e1ri c\u00edmet kapott az egyetemen. 1918 febru\u00e1rj\u00e1ban felmentett\u00e9k a katonai szolg\u00e1lat al\u00f3l, majd \u00e1prilisban a pozsonyi Erzs\u00e9bet Tudom\u00e1nyegyetem akkor alakul\u00f3 Orvostudom\u00e1nyi Kar\u00e1n kapott nyilv\u00e1nos rendes tan\u00e1ri kinevez\u00e9st, \u00edgy szeptemberben Pozsonyba telep\u00fclt. A cseh megsz\u00e1ll\u00e1s miatt az egyetem 1919-ben a f\u0151v\u00e1rosba menek\u00fclt, \u00edgy 1923-ig Mansfeld G\u00e9za is ott m\u0171k\u00f6d\u00f6tt, majd az egyetemmel egy\u00fctt P\u00e9csre telep\u00fclt. 1944-ig dolgozott P\u00e9csett, mint a gy\u00f3gyszertan \u00e9s gy\u00f3gyszerismeret ny. r. tan\u00e1ra, a k\u00f3rtan helyettes tan\u00e1ra, illetve a Gy\u00f3gyszertani \u00e9s K\u00f3rtani Int\u00e9zet igazgat\u00f3ja. Az 1930\/31. tan\u00e9vben a kar d\u00e9k\u00e1nj\u00e1v\u00e1, az 1934\/35. tan\u00e9vben az egyetem rektor\u00e1v\u00e1 v\u00e1lasztotta. 1944 m\u00e1rcius\u00e1ban az orsz\u00e1got megsz\u00e1ll\u00f3 n\u00e9metek letart\u00f3ztatt\u00e1k \u00e9s deport\u00e1lt\u00e1k. T\u00f6bb t\u00e1bort is megj\u00e1rt, v\u00e9g\u00fcl Auschwitzban \u00e9rte a felszabad\u00edt\u00e1s. 1945 j\u00fanius\u00e1ban s\u00falyos betegen t\u00e9rt haza, hogy ism\u00e9t munk\u00e1ba \u00e1lljon p\u00e9csi tansz\u00e9k\u00e9n, igaz, a k\u00f3rtan oktat\u00e1s\u00e1t m\u00e1r nem v\u00e1llalta. 1945\/46-ban ism\u00e9t d\u00e9k\u00e1nn\u00e1 v\u00e1lasztott\u00e1k, a k\u00f6vetkez\u0151 tan\u00e9vben prod\u00e9k\u00e1n volt. 1946. j\u00falius 24-\u00e9n az MTA levelez\u0151, majd r\u00f6viddel ut\u00e1na, december 19-\u00e9n rendes tagj\u00e1nak v\u00e1lasztotta. Ebben r\u00e9sze lehetett annak, hogy pozsonyi tan\u00edtv\u00e1nya, Szent-Gy\u00f6rgyi Albert m\u00e1r okt\u00f3berben rendes tagnak aj\u00e1nlotta. 1947. m\u00e1rcius 11-\u00e9n kinevezt\u00e9k a budapesti \u00c9lettani Int\u00e9zet \u00e9l\u00e9re, ahol \u00e9lete h\u00e1tral\u00e9v\u0151 \u00e9veiben dolgozott. 1949 augusztus\u00e1ban betegszabads\u00e1got k\u00e9rt, \u00e9s Sv\u00e1jcba utazott, ahonnan m\u00e1r nem t\u00e9rhetett haza. Genfben hunyt el.<\/p>\n<p style=\"text-align: justify\">F\u0151leg az anyagcsere \u00e9s a bels\u0151 elv\u00e1laszt\u00e1s\u00fa mirigyek m\u0171k\u00f6d\u00e9s\u00e9vel foglalkozott, k\u00fcl\u00f6n\u00f6sen a pajzsmirigy betegs\u00e9geivel, a cukorbetegs\u00e9ggel, nark\u00f3zissal, h\u0151szab\u00e1lyoz\u00e1ssal, az infekci\u00f3, az immunit\u00e1s \u00e9s a v\u00e9rkering\u00e9s k\u00e9rd\u00e9seivel foglalkozott. Szent-Gy\u00f6rgyi Albert \u00e9s Carl Cori jr., a k\u00e9t k\u00e9s\u0151bbi Nobel-d\u00edjas kutat\u00f3 is pozsonyi int\u00e9zet\u00e9ben kezdte tudom\u00e1nyos p\u00e1lyafut\u00e1s\u00e1t.<\/p>\n<p style=\"text-align: justify\">Tagja volt a B\u00e9csi Biol\u00f3giai T\u00e1rsas\u00e1gnak (1928), a Magyar \u00c9lettani T\u00e1rsas\u00e1gnak (alap\u00edt\u00f3 tag, 1931), hallei Leopoldina N\u00e9met Term\u00e9szettudom\u00e1nyi Akad\u00e9mia (1932) \u00e9s az MTA-nak (1946).<\/p>\n<p style=\"text-align: justify\"><strong>F\u0151bb munk\u00e1i:<\/strong> Gy\u00f3gyszertan orvostanhallgat\u00f3k \u00e9s orvosok sz\u00e1m\u00e1ra (V\u00e1mossy Zolt\u00e1nnal, Fenyvessy B\u00e9l\u00e1val). Bp., 1908-t\u00f3l 8 kiad\u00e1s.; Untersuchungen \u00fcber die Ursache des herzschlages (Szent-Gy\u00f6rgyi Alberttel). In: Pfl\u00fcgers Arch. Physiol., 1920.; Die Hormone der Schilddr\u00fcse und ihre Wirkungen. Basel, 1943.; The Thyroid Hormones and their action. London, 1949.; Narcose et sommeil. Lausanne, 1947.; New Pathways of the Physiology of Infection and Immunity. In: Experientia, V\/5. 1949.<\/p>\n<p style=\"text-align: justify\"><strong>Nyughelye:<\/strong> Genf.<\/p>\n<p><strong><a href=\"https:\/\/semmelweis.hu\/baratikor\/galeria\/teljes-nevlista\/mansfeld-geza-frigyes\/mansfeld-geza2\/\" rel=\"attachment wp-att-2073\"><img loading=\"lazy\" decoding=\"async\" class=\"alignleft size-medium wp-image-2073\" src=\"https:\/\/semmelweis.hu\/baratikor\/files\/2023\/01\/Mansfeld-Geza2-266x400.jpg\" alt=\"\" width=\"266\" height=\"400\" srcset=\"https:\/\/semmelweis.hu\/baratikor\/files\/2023\/01\/Mansfeld-Geza2-266x400.jpg 266w, https:\/\/semmelweis.hu\/baratikor\/files\/2023\/01\/Mansfeld-Geza2.jpg 664w\" sizes=\"auto, (max-width: 266px) 100vw, 266px\" \/><\/a><\/strong><\/p>\n","protected":false},"excerpt":{"rendered":"<p><a href=\"https:\/\/semmelweis.hu\/baratikor\/galeria\/teljes-nevlista\/mansfeld-geza-frigyes\/mansfeld-geza\/\" rel=\"attachment wp-att-2072\"><\/a> (Budapest, 1882. febru\u00e1r 26. \u2013 Genf, 1950. janu\u00e1r 11.) Tansz\u00e9k: \u00c9lettani Int\u00e9zet 1947-1950. \u00c9desapja gabona-nagykeresked\u0151 volt, k\u00f6z\u00e9pfok\u00fa tanulm\u00e1nyait a budapesti Evang\u00e9likus F\u0151gimn\u00e1ziumban v\u00e9gezte. Orvosi oklevelet Budapesten szerzett 1905. okt\u00f3ber 14-\u00e9n. 1904-t\u0151l az egyetem Gy\u00f3gyszertani Int\u00e9zet\u00e9ben gyakornokoskodott, k\u00e9s\u0151bb tan\u00e1rseg\u00e9di kinevez\u00e9st kapott. 1907 \u00e9s 1909 k\u00f6z\u00f6tt B\u00e9csben (10 h\u00f3nap), Berlinben (10 h\u00f3nap), Londonban (4 h\u00f3nap) \u00e9s Szentp\u00e9terv\u00e1ron &hellip;<\/p>\n","protected":false},"author":282,"featured_media":5411,"parent":347,"menu_order":0,"comment_status":"closed","ping_status":"closed","template":"template-fullwidth.php","meta":{"_acf_changed":false,"footnotes":""},"categories":[77,14],"tags":[],"class_list":["post-2071","page","type-page","status-publish","has-post-thumbnail","hentry","category-kegyeleti-adattar","category-teljes-nevlista"],"acf":[],"_links":{"self":[{"href":"https:\/\/semmelweis.hu\/baratikor\/wp-json\/wp\/v2\/pages\/2071","targetHints":{"allow":["GET"]}}],"collection":[{"href":"https:\/\/semmelweis.hu\/baratikor\/wp-json\/wp\/v2\/pages"}],"about":[{"href":"https:\/\/semmelweis.hu\/baratikor\/wp-json\/wp\/v2\/types\/page"}],"author":[{"embeddable":true,"href":"https:\/\/semmelweis.hu\/baratikor\/wp-json\/wp\/v2\/users\/282"}],"replies":[{"embeddable":true,"href":"https:\/\/semmelweis.hu\/baratikor\/wp-json\/wp\/v2\/comments?post=2071"}],"version-history":[{"count":2,"href":"https:\/\/semmelweis.hu\/baratikor\/wp-json\/wp\/v2\/pages\/2071\/revisions"}],"predecessor-version":[{"id":2075,"href":"https:\/\/semmelweis.hu\/baratikor\/wp-json\/wp\/v2\/pages\/2071\/revisions\/2075"}],"up":[{"embeddable":true,"href":"https:\/\/semmelweis.hu\/baratikor\/wp-json\/wp\/v2\/pages\/347"}],"wp:featuredmedia":[{"embeddable":true,"href":"https:\/\/semmelweis.hu\/baratikor\/wp-json\/wp\/v2\/media\/5411"}],"wp:attachment":[{"href":"https:\/\/semmelweis.hu\/baratikor\/wp-json\/wp\/v2\/media?parent=2071"}],"wp:term":[{"taxonomy":"category","embeddable":true,"href":"https:\/\/semmelweis.hu\/baratikor\/wp-json\/wp\/v2\/categories?post=2071"},{"taxonomy":"post_tag","embeddable":true,"href":"https:\/\/semmelweis.hu\/baratikor\/wp-json\/wp\/v2\/tags?post=2071"}],"curies":[{"name":"wp","href":"https:\/\/api.w.org\/{rel}","templated":true}]}}