{"id":2065,"date":"2023-01-04T11:15:54","date_gmt":"2023-01-04T10:15:54","guid":{"rendered":"https:\/\/semmelweis.hu\/baratikor\/?page_id=2065"},"modified":"2023-10-12T09:09:41","modified_gmt":"2023-10-12T07:09:41","slug":"magyar-kalman","status":"publish","type":"page","link":"https:\/\/semmelweis.hu\/baratikor\/galeria\/teljes-nevlista\/magyar-kalman\/","title":{"rendered":"Magyar K\u00e1lm\u00e1n"},"content":{"rendered":"<p style=\"text-align: justify\"><strong> <a href=\"https:\/\/semmelweis.hu\/baratikor\/galeria\/teljes-nevlista\/magyar-kalman\/magyar-kalman-1999-2004\/\" rel=\"attachment wp-att-2068\"><img loading=\"lazy\" decoding=\"async\" class=\"alignleft size-medium wp-image-2068\" src=\"https:\/\/semmelweis.hu\/baratikor\/files\/2023\/01\/Magyar-Kalman-1999-2004-265x400.jpg\" alt=\"\" width=\"265\" height=\"400\" srcset=\"https:\/\/semmelweis.hu\/baratikor\/files\/2023\/01\/Magyar-Kalman-1999-2004-265x400.jpg 265w, https:\/\/semmelweis.hu\/baratikor\/files\/2023\/01\/Magyar-Kalman-1999-2004.jpg 663w\" sizes=\"auto, (max-width: 265px) 100vw, 265px\" \/><\/a>(Szentl\u0151rinck\u00e1ta, 1933. december 25. \u2013 Budapest, 2017. okt\u00f3ber 21.)<\/strong><\/p>\n<p style=\"text-align: justify\"><strong>Tansz\u00e9k: <\/strong>Gy\u00f3gyszerhat\u00e1stani Int\u00e9zet 1979-1998.<\/p>\n<p style=\"text-align: justify\"><strong>Viselt egyetemi m\u00e9lt\u00f3s\u00e1g: <\/strong>\u00e1ltal\u00e1nos \u00e9s oktat\u00e1si rektorhelyettes 1988\/89-1990\/91.<\/p>\n<p style=\"text-align: justify\">F\u00f6ldm\u0171ves csal\u00e1db\u00f3l sz\u00e1rmazott, k\u00f6z\u00e9pfok\u00fa tanulm\u00e1nyait a karcagi G\u00e1bor \u00c1ron Gimn\u00e1ziumban v\u00e9gezte, ahol 1953-ban jelesen \u00e9retts\u00e9gizett. 1952-ben csatlakozott az MDP-hez, tags\u00e1g\u00e1t a p\u00e1rt \u00e1talakul\u00e1sa ut\u00e1n is megtartotta. Azonnal felvett\u00e9k a BOTE \u00c1ltal\u00e1nos Orvosi Kar\u00e1ra. Az Orvosvegytani Int\u00e9zetben lett tudom\u00e1nyos di\u00e1kk\u00f6r\u00f6s, majd demonstr\u00e1tor. 1954-1959 k\u00f6z\u00f6tt az egyetemi p\u00e1rtszervezet hallgat\u00f3i titk\u00e1ra, 1956-1959 k\u00f6z\u00f6tt az egyetemi VB, 1956-1975 k\u00f6z\u00f6tt az egyetemi PB tagja volt. 1959. szeptember 30-\u00e1n kit\u00fcntet\u00e9ssel (Sub auspiciis Rei Publicae Popularis) szerzett orvosi oklevelet. 1945 ut\u00e1n \u0151 volt az els\u0151, akit \u00edgy avattak. V\u00e9gz\u00e9se ut\u00e1n az egyetem Gy\u00f3gyszertani Int\u00e9zet\u00e9be ker\u00fclt el\u0151bb gyakornoki, majd 1962-t\u0151l tan\u00e1rseg\u00e9di beoszt\u00e1sban. Szint\u00e9n 1959-t\u0151l az egyetem Naphegy t\u00e9ri koll\u00e9gium\u00e1nak igazgat\u00f3i teend\u0151it is ell\u00e1tta, amelyet igyekezett elitk\u00e9pz\u0151 int\u00e9zm\u00e9nny\u00e9 form\u00e1lni. 1963-ban az Egyetemi Koll\u00e9giumi Bizotts\u00e1g titk\u00e1ra lett. 1961\/62-ben egy \u00e9vet t\u00f6lt\u00f6tt Angli\u00e1ban, a Londoni Egyetem Derek Richter vezette Neurobiok\u00e9miai Int\u00e9zetben, Carshaltonban, nemzetk\u00f6zi Riker-\u00f6szt\u00f6nd\u00edjjal. 1968 elej\u00e9n a Nemzetk\u00f6zi Atomenergia \u00dcgyn\u00f6ks\u00e9g \u00f6szt\u00f6nd\u00edj\u00e1val k\u00e9t h\u00f3napot t\u00f6lt\u00f6tt a stockholmi \u00c1llatorvosi F\u0151iskola Gy\u00f3gyszertani Int\u00e9zet\u00e9ben, ahol izot\u00f3p m\u00f3dszereket, \u00edgy az eg\u00e9sz test autoradiogr\u00e1fi\u00e1j\u00e1t tanulm\u00e1nyozta. 1964-ben egyetemi adjunktus, 1970-ben egyetemi docens kinevez\u00e9st kapott. 1970. szeptember 28-\u00e1n az orvostudom\u00e1ny kandid\u00e1tusa fokozatot szerzett. 1965-ben izot\u00f3p diagnosztika \u00e9s ther\u00e1pia, 1970-ben farmakol\u00f3gus, 1979-ben klinikai farmakol\u00f3gia szakk\u00e9pes\u00edt\u00e9st szerzett. 1975-t\u0151l az egyetemi PB oktat\u00e1spolitikai munkabizotts\u00e1g\u00e1nak tagja, illetve a VIII. ker\u00fcleti PB ifj\u00fas\u00e1gi felel\u0151se volt. 1978. november 20-\u00e1n megszerezte az orvostudom\u00e1nyok doktora min\u0151s\u00edt\u00e9st. 1978. szeptember 22. \u00e9s 1988. okt\u00f3ber 10. k\u00f6z\u00f6tt bet\u00f6lt\u00f6tte az egyetem P\u00e1rtbizotts\u00e1g\u00e1nak titk\u00e1ri funkci\u00f3j\u00e1t. 1979. j\u00falius 1-j\u00e9t\u0151l egyetemi tan\u00e1r, illetve az \u00fajonnan fel\u00e1ll\u00edtott Gy\u00f3gyszerhat\u00e1stani Int\u00e9zet igazgat\u00f3ja. 1987. m\u00e1jus 8-\u00e1n az MTA levelez\u0151 tagg\u00e1, 1995-ben pedig rendes tagg\u00e1 v\u00e1lasztotta. 1988. m\u00e1jus 22. \u00e9s 1989. okt\u00f3ber 7. k\u00f6z\u00f6tt az MSZMP K\u00f6zponti Bizotts\u00e1g\u00e1nak tagja volt. 1998-ban nyugd\u00edjba vonult, majd okt\u00f3ber 1-j\u00e9t\u0151l 2003. szeptember 30-ig l\u00e1tta el az int\u00e9zet igazgat\u00f3helyettesi teend\u0151it. 2003-ban professor emeritus c\u00edmet kapott.<\/p>\n<p style=\"text-align: justify\">Munk\u00e1ss\u00e1ga sor\u00e1n els\u0151sorban a k\u00f6zponti idegrendszerre hat\u00f3 gy\u00f3gyszerek hat\u00e1smechanizmus\u00e1val, azok felsz\u00edv\u00f3d\u00e1s\u00e1val, eloszl\u00e1s\u00e1val, k\u00f6t\u0151d\u00e9s\u00e9vel, metabolizmus\u00e1val \u00e9s ki\u00fcr\u00fcl\u00e9s\u00e9vel foglalkozott. T\u00f6bb mint 15 eredeti magyar gy\u00f3gyszermolekula gy\u00f3gyszerkinetikai tulajdons\u00e1gait t\u00e1rta fel, ami alapj\u00e1ul szolg\u00e1lt a r\u00e1juk \u00e9p\u00fcl\u0151 gy\u00f3gyszerek hazai \u00e9s nemzetk\u00f6zi t\u00f6rzsk\u00f6nyvez\u00e9s\u00e9nek. Nemzetk\u00f6zi felt\u0171n\u00e9st keltett 1972-es k\u00f6zlem\u00e9nye a deprenyl-r\u0151l, melyr\u0151l igazolta, hogy g\u00e1tolja a monoamino-oxid\u00e1z (MAO) B enzimt\u00edpust. A vegy\u00fclet anyagcser\u00e9j\u00e9nek \u00e9s hat\u00e1smechanizmus\u00e1nak tiszt\u00e1z\u00e1sa alapozta meg, illetve tette lehet\u0151v\u00e9 annak haszn\u00e1lat\u00e1t a Parkinson-k\u00f3r ter\u00e1pi\u00e1j\u00e1ban.<\/p>\n<p style=\"text-align: justify\">1965-t\u0151l volt tagja a Magyar Farmakol\u00f3giai T\u00e1rsas\u00e1gnak, 1966-t\u00f3l a Magyar \u00c9lettani T\u00e1rsas\u00e1gnak, 1968-t\u00f3l a Nemzetk\u00f6zi Biok\u00e9miai T\u00e1rsas\u00e1g Magyar Szekci\u00f3j\u00e1nak titk\u00e1ra. 1968-t\u00f3l tagja az MTA \u00e9s az Eg\u00e9szs\u00e9g\u00fcgyi Miniszt\u00e9rium megb\u00edz\u00e1s\u00e1b\u00f3l m\u0171k\u00f6d\u0151 Izot\u00f3p Orvosi Alkalmaz\u00e1si Szakbizotts\u00e1g\u00e1nak \u00e9s az Eg\u00e9szs\u00e9g\u00fcgyi Tudom\u00e1nyos Tan\u00e1csnak. 1979-ben a MOTESZ eln\u00f6k\u00e9v\u00e9 v\u00e1lasztott\u00e1k. 1983-t\u00f3l az MTA Orvosi Oszt\u00e1ly\u00e1nak tan\u00e1cskoz\u00f3 tagja volt, 1985-t\u0151l pedig a TMB Orvosi Elm\u00e9leti Szakbizotts\u00e1g\u00e1nak eln\u00f6ke volt. 1982-t\u0151l a Journal of Neural Transmission, 1998-t\u00f3l a Neurochemical Research c. nemzetk\u00f6zi foly\u00f3iratok szerkeszt\u0151bizotts\u00e1gi tagja, 1997-t\u0151l a MOTESZ Magazin f\u0151szerkeszt\u0151je volt.<\/p>\n<p style=\"text-align: justify\">Kit\u00fcntet\u00e9sei: N\u00e9pk\u00f6zt\u00e1rsas\u00e1gi gy\u0171r\u0171 (1959), Akad\u00e9miai jutalom (1972, 1976), SOTE kiv\u00e1l\u00f3 oktat\u00f3ja I. fokozat (1973), Jendrassik-eml\u00e9k\u00e9rem (1977), Ifj\u00fas\u00e1g\u00e9rt \u00c9rdem\u00e9rem (1979), Akad\u00e9miai d\u00edj I. fokozat (1980), KISZ \u00c9rdem\u00e9rem (1980), Munka \u00c9rdemrend arany fokozata (1980), Haza Szolg\u00e1lat\u00e1\u00e9rt \u00c9rdem\u00e9rem arany fokozata (1987), Szent-Gy\u00f6rgyi Albert-d\u00edj (2003), Sz\u00e9chenyi-d\u00edj (2004), Magyarorsz\u00e1gi Gy\u00f3gyszergy\u00e1rt\u00f3k Orsz\u00e1gos Sz\u00f6vets\u00e9ge \u00c9letm\u0171 D\u00edja (2011), Nikolics K\u00e1roly-eml\u00e9k\u00e9rem (2012), Magyar \u00c9rdemrend k\u00f6z\u00e9pkeresztje (2013).<\/p>\n<p style=\"text-align: justify\"><strong>F\u0151bb munk\u00e1i:<\/strong> Some Puzzling Pharmacological Effects of Monoamine Oxidase Inhibitors (Knoll J\u00f3zseffel). In: Biochemical Psychopharmacology, 1972.; The Action of Excess Potassium and Calcium on Ouabain-evoked 3H-noradrenaline Release from the Rabbit Artery. In: British Journal of Pharmacology, 1986.; 3H-noradrenaline Release from the Rabbit Artery: Sodium-pump-dependent Sodium\u2013Calcium Exchange. In: Journal of Physiology, 1987.; Biok\u00e9miai farmakol\u00f3gia. Akad\u00e9miai sz\u00e9kfoglal\u00f3. (Elhangzott: 1988. \u00e1pr. 21.); Behaviour of (-)-deprenyl and Its Analogues. In: Journal of Neural Transmission, 1994.; A deprenil neuroprotekt\u00edv \u00e9s neuroregenerat\u00edv hat\u00e1sa. Akad\u00e9miai sz\u00e9kfoglal\u00f3. (Elhangzott: 1996. febr. 22.); The Neuroprotective and Neuronal Rescue Effects of (-)-deprenyl. In: Journal of Neural Transmission, 1997.; Gy\u00f3gyszerek sorsa a szervezetben. \u2013 \u00daj gy\u00f3gyszerek kifejleszt\u00e9se, klinikai farmakol\u00f3gia. \u2013 Antidepressz\u00edv \u00e9s antim\u00e1ni\u00e1s vegy\u00fcletek. \u2013 Neurodegenerat\u00edv betegs\u00e9gek gy\u00f3gyszertana. In: Farmakol\u00f3gia (Szerk. F\u00fcrst Zsuzsanna). Bp., 2001.<\/p>\n<p style=\"text-align: justify\"><strong>Nyughelye:<\/strong> Budapest, Fiumei \u00fati temet\u0151, akad\u00e9miai parcella.<\/p>\n<p><strong><a href=\"https:\/\/semmelweis.hu\/baratikor\/galeria\/teljes-nevlista\/magyar-kalman\/magyar-kalman\/\" rel=\"attachment wp-att-2067\"><img loading=\"lazy\" decoding=\"async\" class=\"alignleft size-medium wp-image-2067\" src=\"https:\/\/semmelweis.hu\/baratikor\/files\/2023\/01\/Magyar-Kalman-319x400.jpg\" alt=\"\" width=\"319\" height=\"400\" srcset=\"https:\/\/semmelweis.hu\/baratikor\/files\/2023\/01\/Magyar-Kalman-319x400.jpg 319w, https:\/\/semmelweis.hu\/baratikor\/files\/2023\/01\/Magyar-Kalman-768x962.jpg 768w, https:\/\/semmelweis.hu\/baratikor\/files\/2023\/01\/Magyar-Kalman-753x944.jpg 753w, https:\/\/semmelweis.hu\/baratikor\/files\/2023\/01\/Magyar-Kalman.jpg 798w\" sizes=\"auto, (max-width: 319px) 100vw, 319px\" \/><\/a><\/strong><strong><a href=\"https:\/\/semmelweis.hu\/baratikor\/galeria\/teljes-nevlista\/magyar-kalman\/img_20200408_165046\/\" rel=\"attachment wp-att-2066\"><img loading=\"lazy\" decoding=\"async\" class=\"alignleft size-medium wp-image-2066\" src=\"https:\/\/semmelweis.hu\/baratikor\/files\/2023\/01\/IMG_20200408_165046-300x400.jpg\" alt=\"\" width=\"300\" height=\"400\" srcset=\"https:\/\/semmelweis.hu\/baratikor\/files\/2023\/01\/IMG_20200408_165046-300x400.jpg 300w, https:\/\/semmelweis.hu\/baratikor\/files\/2023\/01\/IMG_20200408_165046.jpg 750w\" sizes=\"auto, (max-width: 300px) 100vw, 300px\" \/><\/a><\/strong><\/p>\n","protected":false},"excerpt":{"rendered":"<p><a href=\"https:\/\/semmelweis.hu\/baratikor\/galeria\/teljes-nevlista\/magyar-kalman\/magyar-kalman-1999-2004\/\" rel=\"attachment wp-att-2068\"><\/a> (Szentl\u0151rinck\u00e1ta, 1933. december 25. \u2013 Budapest, 2017. okt\u00f3ber 21.) Tansz\u00e9k: Gy\u00f3gyszerhat\u00e1stani Int\u00e9zet 1979-1998. Viselt egyetemi m\u00e9lt\u00f3s\u00e1g: \u00e1ltal\u00e1nos \u00e9s oktat\u00e1si rektorhelyettes 1988\/89-1990\/91. F\u00f6ldm\u0171ves csal\u00e1db\u00f3l sz\u00e1rmazott, k\u00f6z\u00e9pfok\u00fa tanulm\u00e1nyait a karcagi G\u00e1bor \u00c1ron Gimn\u00e1ziumban v\u00e9gezte, ahol 1953-ban jelesen \u00e9retts\u00e9gizett. 1952-ben csatlakozott az MDP-hez, tags\u00e1g\u00e1t a p\u00e1rt \u00e1talakul\u00e1sa ut\u00e1n is megtartotta. Azonnal felvett\u00e9k a BOTE \u00c1ltal\u00e1nos Orvosi Kar\u00e1ra. Az &hellip;<\/p>\n","protected":false},"author":282,"featured_media":5410,"parent":347,"menu_order":0,"comment_status":"closed","ping_status":"closed","template":"template-fullwidth.php","meta":{"_acf_changed":false,"footnotes":""},"categories":[14],"tags":[],"class_list":["post-2065","page","type-page","status-publish","has-post-thumbnail","hentry","category-teljes-nevlista"],"acf":[],"_links":{"self":[{"href":"https:\/\/semmelweis.hu\/baratikor\/wp-json\/wp\/v2\/pages\/2065","targetHints":{"allow":["GET"]}}],"collection":[{"href":"https:\/\/semmelweis.hu\/baratikor\/wp-json\/wp\/v2\/pages"}],"about":[{"href":"https:\/\/semmelweis.hu\/baratikor\/wp-json\/wp\/v2\/types\/page"}],"author":[{"embeddable":true,"href":"https:\/\/semmelweis.hu\/baratikor\/wp-json\/wp\/v2\/users\/282"}],"replies":[{"embeddable":true,"href":"https:\/\/semmelweis.hu\/baratikor\/wp-json\/wp\/v2\/comments?post=2065"}],"version-history":[{"count":2,"href":"https:\/\/semmelweis.hu\/baratikor\/wp-json\/wp\/v2\/pages\/2065\/revisions"}],"predecessor-version":[{"id":2070,"href":"https:\/\/semmelweis.hu\/baratikor\/wp-json\/wp\/v2\/pages\/2065\/revisions\/2070"}],"up":[{"embeddable":true,"href":"https:\/\/semmelweis.hu\/baratikor\/wp-json\/wp\/v2\/pages\/347"}],"wp:featuredmedia":[{"embeddable":true,"href":"https:\/\/semmelweis.hu\/baratikor\/wp-json\/wp\/v2\/media\/5410"}],"wp:attachment":[{"href":"https:\/\/semmelweis.hu\/baratikor\/wp-json\/wp\/v2\/media?parent=2065"}],"wp:term":[{"taxonomy":"category","embeddable":true,"href":"https:\/\/semmelweis.hu\/baratikor\/wp-json\/wp\/v2\/categories?post=2065"},{"taxonomy":"post_tag","embeddable":true,"href":"https:\/\/semmelweis.hu\/baratikor\/wp-json\/wp\/v2\/tags?post=2065"}],"curies":[{"name":"wp","href":"https:\/\/api.w.org\/{rel}","templated":true}]}}