{"id":2002,"date":"2023-01-04T10:32:18","date_gmt":"2023-01-04T09:32:18","guid":{"rendered":"https:\/\/semmelweis.hu\/baratikor\/?page_id=2002"},"modified":"2023-01-09T11:23:00","modified_gmt":"2023-01-09T10:23:00","slug":"lehoczky-semmelweis-kalman","status":"publish","type":"page","link":"https:\/\/semmelweis.hu\/baratikor\/galeria\/teljes-nevlista\/lehoczky-semmelweis-kalman\/","title":{"rendered":"Lehoczky-Semmelweis K\u00e1lm\u00e1n"},"content":{"rendered":"<p style=\"text-align: justify\"><strong>(<\/strong><strong>Alt-Aussee, St\u00e1jerorsz\u00e1g,<a href=\"#_ftn1\" name=\"_ftnref1\"><sup>[1]<\/sup><\/a> 1889. szeptember 5.<\/strong><strong> \u2013 Budapest, 1967. \u00e1prilis 26.)<\/strong><\/p>\n<p style=\"text-align: justify\"><strong>Tansz\u00e9k:<\/strong> I. sz. Sz\u00fcl\u00e9szeti \u00e9s N\u0151gy\u00f3gy\u00e1szati Klinika (h.) 1926, 1928. m\u00e1jus 1.-1929. j\u00falius 29.<\/p>\n<p style=\"text-align: justify\">\u00c9desanyja Semmelweis Ign\u00e1c le\u00e1nya volt. A Lehoczky-Semmelweis nevet uralkod\u00f3i enged\u00e9llyel 1906-ban vette fel. 1912. okt\u00f3ber 26-\u00e1n szerzett orvosdoktori oklevelet Budapesten. Ett\u0151l kezdve 1929-ig az I. sz. Sz\u00fcl\u00e9szeti \u00e9s N\u0151gy\u00f3gy\u00e1szati Klinik\u00e1n dolgozott. 1926-ban szerzett mag\u00e1ntan\u00e1ri k\u00e9pes\u00edt\u00e9st a sz\u00fcl\u00e9szeti \u00e9s n\u0151gy\u00f3gy\u00e1szati diagnosztika t\u00e1rgyk\u00f6r\u00e9ben. B\u00e1rsony J\u00e1nos hal\u00e1la ut\u00e1n r\u00f6vid ideig, Kubinyi P\u00e1l hivatalba l\u00e9p\u00e9s\u00e9ig helyettesk\u00e9nt \u0151 vezette a klinik\u00e1t. Kubinyi betegs\u00e9ge, majd hal\u00e1la ok\u00e1n ism\u00e9t \u0151 vette \u00e1t a klinika vezet\u00e9s\u00e9t, melyet Frigyesi J\u00f3zsef kinevez\u00e9s\u00e9ig l\u00e1tott el. 1929-1948 k\u00f6z\u00f6tt a Magyar V\u00f6r\u00f6skereszt Erzs\u00e9bet kir\u00e1lyn\u00e9 K\u00f3rh\u00e1z\u00e1nak n\u0151gy\u00f3gy\u00e1sz f\u0151orvosa volt. 1948 \u00e9s 1964 k\u00f6z\u00f6tt f\u0151v\u00e1rosi rendel\u0151int\u00e9zetekben dolgozott n\u0151gy\u00f3gy\u00e1sz fel\u00fclvizsg\u00e1l\u00f3 f\u0151orvosk\u00e9nt. 1964-1967 k\u00f6z\u00f6tt a Semmelweis Orvost\u00f6rt\u00e9neti M\u00fazeum tudom\u00e1nyos szaktan\u00e1csad\u00f3jak\u00e9nt alkalmazt\u00e1k.<\/p>\n<p style=\"text-align: justify\">1938-t\u00f3l 1942-ig a Budapesti Kir\u00e1lyi Orvosegyes\u00fclet, 1939 \u00e9s 1943 k\u00f6z\u00f6tt a Magyar N\u0151orvosok T\u00e1rsas\u00e1ga f\u0151titk\u00e1ra volt. F\u0151 szakter\u00fclete a n\u0151gy\u00f3gy\u00e1szati diagnosztika volt, kiv\u00e1l\u00f3 n\u0151gy\u00f3gy\u00e1szati seb\u00e9szk\u00e9nt ismert\u00e9k.<\/p>\n<p style=\"text-align: justify\"><strong>F\u0151bb munk\u00e1i:<\/strong> <em>A m\u00e9hnyakr\u00e1k befoly\u00e1sa a sz\u00fcl\u00e9sre \u00e9s gyermek\u00e1gyra<\/em>. Bp., 1923<em>.;<\/em><em> A ther\u00e1pi\u00e1s \u00e9s prophylaxi\u00e1s r\u00e1diumkezel\u00e9sr\u0151l ezer eset kapcs\u00e1n<\/em>. Bp., 1926.; <em>A m\u00e9hfibromyoma therapi\u00e1ja<\/em>. Bp., 1928.<\/p>\n<p style=\"text-align: justify\"><strong>Nyughelye:<\/strong> Farkasr\u00e9ti temet\u0151 17-1\/0\/1\/171.<\/p>\n<p style=\"text-align: justify\"><a href=\"#_ftnref1\" name=\"_ftn1\"><sup>[1]<\/sup><\/a> Megjelent \u00e9letrajzai Budapestet jel\u00f6lik sz\u00fclet\u00e9si helyek\u00e9nt, de az egyetem nyilv\u00e1ntart\u00e1s\u00e1ban az ausztriai helyis\u00e9g szerepel.<\/p>\n","protected":false},"excerpt":{"rendered":"<p>(Alt-Aussee, St\u00e1jerorsz\u00e1g, <a href=\"#_ftn1\" name=\"_ftnref1\">[1]<\/a> 1889. szeptember 5. \u2013 Budapest, 1967. \u00e1prilis 26.) Tansz\u00e9k: I. sz. Sz\u00fcl\u00e9szeti \u00e9s N\u0151gy\u00f3gy\u00e1szati Klinika (h.) 1926, 1928. m\u00e1jus 1.-1929. j\u00falius 29. \u00c9desanyja Semmelweis Ign\u00e1c le\u00e1nya volt. A Lehoczky-Semmelweis nevet uralkod\u00f3i enged\u00e9llyel 1906-ban vette fel. 1912. okt\u00f3ber 26-\u00e1n szerzett orvosdoktori oklevelet Budapesten. Ett\u0151l kezdve 1929-ig az I. sz. Sz\u00fcl\u00e9szeti \u00e9s N\u0151gy\u00f3gy\u00e1szati Klinik\u00e1n dolgozott. &hellip;<\/p>\n","protected":false},"author":282,"featured_media":0,"parent":347,"menu_order":0,"comment_status":"closed","ping_status":"closed","template":"template-fullwidth.php","meta":{"_acf_changed":false,"footnotes":""},"categories":[77,14],"tags":[],"class_list":["post-2002","page","type-page","status-publish","hentry","category-kegyeleti-adattar","category-teljes-nevlista"],"acf":[],"_links":{"self":[{"href":"https:\/\/semmelweis.hu\/baratikor\/wp-json\/wp\/v2\/pages\/2002","targetHints":{"allow":["GET"]}}],"collection":[{"href":"https:\/\/semmelweis.hu\/baratikor\/wp-json\/wp\/v2\/pages"}],"about":[{"href":"https:\/\/semmelweis.hu\/baratikor\/wp-json\/wp\/v2\/types\/page"}],"author":[{"embeddable":true,"href":"https:\/\/semmelweis.hu\/baratikor\/wp-json\/wp\/v2\/users\/282"}],"replies":[{"embeddable":true,"href":"https:\/\/semmelweis.hu\/baratikor\/wp-json\/wp\/v2\/comments?post=2002"}],"version-history":[{"count":1,"href":"https:\/\/semmelweis.hu\/baratikor\/wp-json\/wp\/v2\/pages\/2002\/revisions"}],"predecessor-version":[{"id":2003,"href":"https:\/\/semmelweis.hu\/baratikor\/wp-json\/wp\/v2\/pages\/2002\/revisions\/2003"}],"up":[{"embeddable":true,"href":"https:\/\/semmelweis.hu\/baratikor\/wp-json\/wp\/v2\/pages\/347"}],"wp:attachment":[{"href":"https:\/\/semmelweis.hu\/baratikor\/wp-json\/wp\/v2\/media?parent=2002"}],"wp:term":[{"taxonomy":"category","embeddable":true,"href":"https:\/\/semmelweis.hu\/baratikor\/wp-json\/wp\/v2\/categories?post=2002"},{"taxonomy":"post_tag","embeddable":true,"href":"https:\/\/semmelweis.hu\/baratikor\/wp-json\/wp\/v2\/tags?post=2002"}],"curies":[{"name":"wp","href":"https:\/\/api.w.org\/{rel}","templated":true}]}}