{"id":1945,"date":"2023-01-04T09:14:42","date_gmt":"2023-01-04T08:14:42","guid":{"rendered":"https:\/\/semmelweis.hu\/baratikor\/?page_id=1945"},"modified":"2023-07-31T09:28:58","modified_gmt":"2023-07-31T07:28:58","slug":"klug-nandor","status":"publish","type":"page","link":"https:\/\/semmelweis.hu\/baratikor\/galeria\/teljes-nevlista\/klug-nandor\/","title":{"rendered":"Klug N\u00e1ndor"},"content":{"rendered":"<p style=\"text-align: justify\"><strong><a href=\"https:\/\/semmelweis.hu\/baratikor\/galeria\/teljes-nevlista\/klug-nandor\/169_11\/\" rel=\"attachment wp-att-1946\"><img loading=\"lazy\" decoding=\"async\" class=\"alignleft size-full wp-image-1946\" src=\"https:\/\/semmelweis.hu\/baratikor\/files\/2023\/01\/169_11.jpg\" alt=\"\" width=\"283\" height=\"373\" \/><\/a>Klug N\u00e1ndor, tam\u00e1sfalvi (Kotterbach \/Szepes vm.\/, 1845. okt\u00f3ber 18. &#8211; Budapest, 1909. m\u00e1jus 14.)<\/strong><\/p>\n<p style=\"text-align: justify\">D\u00e9k\u00e1n: 1898\/99 &#8211; 1899\/1900<\/p>\n<p style=\"text-align: justify\">Orvosi tanulm\u00e1nyait B\u00e9csben \u00e9s Pesten v\u00e9gezte. 1870. december 24-\u00e9n Pesten kapott orvosdoktori, a k\u00f6vetkez\u0151 tan\u00e9vben sz\u00fcl\u00e9szmesteri, 1872 febru\u00e1rj\u00e1ban pedig seb\u00e9szdoktori oklevelet. 1871-t\u0151l az orvosi fizikai, majd 1873-t\u00f3l az \u00e9lettani tansz\u00e9ken lesz tan\u00e1rseg\u00e9d Jendrassik Jen\u0151 mellett. 1874-ben mag\u00e1ntan\u00e1ri k\u00e9pes\u00edt\u00e9st nyert orvosi fizikai t\u00e1rgyk\u00f6rben (A term\u00e9szettannak rezg\u00e9sen alapul\u00f3 t\u00fcnetcsoportja). 1876-ban a ny\u00e1ri f\u00e9l\u00e9vet a lipcsei \u00e9lettani tansz\u00e9ken t\u00f6lt\u00f6tte, ahol munk\u00e1ja elismer\u00e9s\u00e9\u00fcl az \u00e9lettani t\u00e1rsulat rendes tagj\u00e1v\u00e1 v\u00e1lasztott\u00e1k. Hazat\u00e9rve 1877-ben az \u00e9lettan nyilv\u00e1nos rendk\u00edv\u00fcli tan\u00e1r\u00e1v\u00e1 nevezt\u00e9k ki. A k\u00f6vetkez\u0151 \u00e9vben megh\u00edv\u00e1st kapott a kolozsv\u00e1ri egyetem \u00e9lettani tansz\u00e9ke \u00e9l\u00e9re, melynek \u00e9p\u00fclet\u00e9t az \u0151 elk\u00e9pzel\u00e9sei szerint tervezt\u00e9k. 1891 augusztus\u00e1ig m\u0171k\u00f6d\u00f6tt Kolozsv\u00e1rott, mely id\u0151szakban k\u00e9tszer volt kari jegyz\u0151, h\u00e1romszor d\u00e9k\u00e1n \u00e9s egyszer rektor (1889\/90). K\u00e9t \u00e9vig t\u00f6lt\u00f6tte be az Erd\u00e9lyi M\u00fazeumegylet orvos-term\u00e9szettudom\u00e1nyi szakoszt\u00e1ly\u00e1nak eln\u00f6ki, majd titk\u00e1ri tiszt\u00e9t. Jendrassik hal\u00e1la ut\u00e1n, 1891-ben a budapesti \u00e9lettani tansz\u00e9kre kapott nyilv\u00e1nos rendes tan\u00e1ri kinevez\u00e9st, ahol hal\u00e1l\u00e1ig dolgozott. Sz\u00e9lesk\u00f6r\u0171 irodalmi munk\u00e1ss\u00e1got fejtett ki. Tudom\u00e1nyos munk\u00e1ss\u00e1ga kezdet\u00e9n az \u00e9rz\u00e9kszervek \u00e9s az idegrendszer \u00e9lettana foglalkoztatta, k\u00fcl\u00f6n\u00f6sen a b\u0151r\u00e9rz\u00e9kel\u00e9s egyes form\u00e1i, a l\u00e1t\u00e1s \u00e9s a l\u00e1t\u00f3szervek m\u0171k\u00f6d\u00e9se valamint a hall\u00e1s \u00e9s a hall\u00f3szervek \u00e9lettana. Ugyancsak foglalkoztatta a sz\u00edv \u00e9s a v\u00e9rkering\u00e9s \u00e9lettana, a sz\u00edv beigedz\u00e9se, a bolyg\u00f3ideg hat\u00e1sa a sz\u00edv m\u0171k\u00f6d\u00e9s\u00e9re. \u00c9rdekl\u0151d\u00e9se k\u00e9s\u0151bb az em\u00e9szt\u00e9s \u00e9s az anyagcsere-folyamatok, f\u0151leg azok biok\u00e9mi\u00e1ja fel\u00e9 fordult. K\u00e9t akad\u00e9miai sz\u00e9kfoglal\u00f3j\u00e1t is ebben a t\u00e9mak\u00f6rben tartotta. Szerkeszt\u0151je volt a Magyar Orvosi Arch\u00edvum \u00e9s az Ungarisches Archiv f\u00fcr Medizin szakfoly\u00f3iratoknak \u00e9s r\u00e9szt vett a Pallas nagy lexikona munk\u00e1lataiban is. \u00c9rdemei elismer\u00e9s\u00e9\u00fcl tam\u00e1sfalvi el\u0151n\u00e9vvel magyar nemess\u00e9get, majd udvari tan\u00e1csosi c\u00edmet kapott. Az Akad\u00e9mia 1890. m\u00e1jus 8-\u00e1n levelez\u0151, majd 1894. m\u00e1jus 4-\u00e9n rendes tagjai k\u00f6z\u00e9 v\u00e1lasztotta. Tagja volt a firenzei Academia Medico-Fisico Florentin\u00e1nak \u00e9s a Deutsche Physiologische Gesellschaft-nak is. Budapesten a d\u00e9k\u00e1ni tiszts\u00e9get k\u00e9t tan\u00e9ven \u00e1t viselte.<\/p>\n<p style=\"text-align: justify\">(F\u0151bb munk\u00e1i: Vizsg\u00e1latok az eml\u0151s\u00f6k f\u00fclcsig\u00e1j\u00e1r\u00f3l. Bp., 1873.; A sz\u00edn\u00e9rz\u00e9sr\u0151l indirect l\u00e1t\u00e1s mellett. Bp., 1875.; Az emberi hang \u00e9s a besz\u00e9d. Bp., 1887.; Az ember\u00e9lettan tank\u00f6nyve I-II. Bp., 1888.; Az enyv mint t\u00e1panyag. Bp., 1890.\/akad\u00e9miai sz\u00e9kfoglal\u00f3\/; Eml\u00e9kbesz\u00e9d Jendrassik Jen\u0151 rendes tagr\u00f3l. MTA Eml\u00e9kbesz\u00e9dek, Bp., 1892.; Adatok a pepszinem\u00e9szt\u00e9shez. Bp., 1894. \/akad\u00e9miai sz\u00e9kfoglal\u00f3\/; Az \u00e9rz\u00e9kszervek \u00e9lettana. Bp., 1896.; Eml\u00e9kbesz\u00e9d Ludwig K\u00e1roly Frigyes Vilmos k\u00fcls\u0151 tagr\u00f3l. MTA Eml\u00e9kbesz\u00e9dek, Bp., 1897.; Az anyagforgalom \u00e9lettan\u00e1nak \u00fajabb halad\u00e1s\u00e1r\u00f3l. Bp. 1904.)<\/p>\n","protected":false},"excerpt":{"rendered":"<p><a href=\"https:\/\/semmelweis.hu\/baratikor\/galeria\/teljes-nevlista\/klug-nandor\/169_11\/\" rel=\"attachment wp-att-1946\"><\/a> Klug N\u00e1ndor, tam\u00e1sfalvi (Kotterbach \/Szepes vm.\/, 1845. okt\u00f3ber 18. &#8211; Budapest, 1909. m\u00e1jus 14.) D\u00e9k\u00e1n: 1898\/99 &#8211; 1899\/1900 Orvosi tanulm\u00e1nyait B\u00e9csben \u00e9s Pesten v\u00e9gezte. 1870. december 24-\u00e9n Pesten kapott orvosdoktori, a k\u00f6vetkez\u0151 tan\u00e9vben sz\u00fcl\u00e9szmesteri, 1872 febru\u00e1rj\u00e1ban pedig seb\u00e9szdoktori oklevelet. 1871-t\u0151l az orvosi fizikai, majd 1873-t\u00f3l az \u00e9lettani tansz\u00e9ken lesz tan\u00e1rseg\u00e9d Jendrassik Jen\u0151 mellett. 1874-ben mag\u00e1ntan\u00e1ri &hellip;<\/p>\n","protected":false},"author":282,"featured_media":1946,"parent":347,"menu_order":0,"comment_status":"closed","ping_status":"closed","template":"template-fullwidth.php","meta":{"_acf_changed":false,"footnotes":""},"categories":[6,20,77,81,14],"tags":[],"class_list":["post-1945","page","type-page","status-publish","has-post-thumbnail","hentry","category-dekanok","category-dekanok-karok-szerint","category-kegyeleti-adattar","category-orvosi-kar-dekanjai","category-teljes-nevlista"],"acf":[],"_links":{"self":[{"href":"https:\/\/semmelweis.hu\/baratikor\/wp-json\/wp\/v2\/pages\/1945","targetHints":{"allow":["GET"]}}],"collection":[{"href":"https:\/\/semmelweis.hu\/baratikor\/wp-json\/wp\/v2\/pages"}],"about":[{"href":"https:\/\/semmelweis.hu\/baratikor\/wp-json\/wp\/v2\/types\/page"}],"author":[{"embeddable":true,"href":"https:\/\/semmelweis.hu\/baratikor\/wp-json\/wp\/v2\/users\/282"}],"replies":[{"embeddable":true,"href":"https:\/\/semmelweis.hu\/baratikor\/wp-json\/wp\/v2\/comments?post=1945"}],"version-history":[{"count":2,"href":"https:\/\/semmelweis.hu\/baratikor\/wp-json\/wp\/v2\/pages\/1945\/revisions"}],"predecessor-version":[{"id":1948,"href":"https:\/\/semmelweis.hu\/baratikor\/wp-json\/wp\/v2\/pages\/1945\/revisions\/1948"}],"up":[{"embeddable":true,"href":"https:\/\/semmelweis.hu\/baratikor\/wp-json\/wp\/v2\/pages\/347"}],"wp:featuredmedia":[{"embeddable":true,"href":"https:\/\/semmelweis.hu\/baratikor\/wp-json\/wp\/v2\/media\/1946"}],"wp:attachment":[{"href":"https:\/\/semmelweis.hu\/baratikor\/wp-json\/wp\/v2\/media?parent=1945"}],"wp:term":[{"taxonomy":"category","embeddable":true,"href":"https:\/\/semmelweis.hu\/baratikor\/wp-json\/wp\/v2\/categories?post=1945"},{"taxonomy":"post_tag","embeddable":true,"href":"https:\/\/semmelweis.hu\/baratikor\/wp-json\/wp\/v2\/tags?post=1945"}],"curies":[{"name":"wp","href":"https:\/\/api.w.org\/{rel}","templated":true}]}}

Klug Nándor

<p style="text-align: justify"><strong><a href="https://semmelweis.hu/baratikor/galeria/teljes-nevlista/klug-nandor/169_11/" rel="attachment wp-att-1946"><img loading="lazy" decoding="async" class="alignleft size-full wp-image-1946" src="https://semmelweis.hu/baratikor/files/2023/01/169_11.jpg" alt="" width="283" height="373" /></a>Klug Nándor, tamásfalvi (Kotterbach /Szepes vm./, 1845. október 18. &#8211; Budapest, 1909. május 14.)</strong></p>
<p style="text-align: justify">Dékán: 1898/99 &#8211; 1899/1900</p>
<p style="text-align: justify">Orvosi tanulmányait Bécsben és Pesten végezte. 1870. december 24-én Pesten kapott orvosdoktori, a következő tanévben szülészmesteri, 1872 februárjában pedig sebészdoktori oklevelet. 1871-től az orvosi fizikai, majd 1873-tól az élettani tanszéken lesz tanársegéd Jendrassik Jenő mellett. 1874-ben magántanári képesítést nyert orvosi fizikai tárgykörben (A természettannak rezgésen alapuló tünetcsoportja). 1876-ban a nyári félévet a lipcsei élettani tanszéken töltötte, ahol munkája elismeréséül az élettani társulat rendes tagjává választották. Hazatérve 1877-ben az élettan nyilvános rendkívüli tanárává nevezték ki. A következő évben meghívást kapott a kolozsvári egyetem élettani tanszéke élére, melynek épületét az ő elképzelései szerint tervezték. 1891 augusztusáig működött Kolozsvárott, mely időszakban kétszer volt kari jegyző, háromszor dékán és egyszer rektor (1889/90). Két évig töltötte be az Erdélyi Múzeumegylet orvos-természettudományi szakosztályának elnöki, majd titkári tisztét. Jendrassik halála után, 1891-ben a budapesti élettani tanszékre kapott nyilvános rendes tanári kinevezést, ahol haláláig dolgozott. Széleskörű irodalmi munkásságot fejtett ki. Tudományos munkássága kezdetén az érzékszervek és az idegrendszer élettana foglalkoztatta, különösen a bőrérzékelés egyes formái, a látás és a látószervek működése valamint a hallás és a hallószervek élettana. Ugyancsak foglalkoztatta a szív és a vérkeringés élettana, a szív beigedzése, a bolygóideg hatása a szív működésére. Érdeklődése később az emésztés és az anyagcsere-folyamatok, főleg azok biokémiája felé fordult. Két akadémiai székfoglalóját is ebben a témakörben tartotta. Szerkesztője volt a Magyar Orvosi Archívum és az Ungarisches Archiv für Medizin szakfolyóiratoknak és részt vett a Pallas nagy lexikona munkálataiban is. Érdemei elismeréséül tamásfalvi előnévvel magyar nemességet, majd udvari tanácsosi címet kapott. Az Akadémia 1890. május 8-án levelező, majd 1894. május 4-én rendes tagjai közé választotta. Tagja volt a firenzei Academia Medico-Fisico Florentinának és a Deutsche Physiologische Gesellschaft-nak is. Budapesten a dékáni tisztséget két tanéven át viselte.</p>
<p style="text-align: justify">(Főbb munkái: Vizsgálatok az emlősök fülcsigájáról. Bp., 1873.; A színérzésről indirect látás mellett. Bp., 1875.; Az emberi hang és a beszéd. Bp., 1887.; Az emberélettan tankönyve I-II. Bp., 1888.; Az enyv mint tápanyag. Bp., 1890./akadémiai székfoglaló/; Emlékbeszéd Jendrassik Jenő rendes tagról. MTA Emlékbeszédek, Bp., 1892.; Adatok a pepszinemésztéshez. Bp., 1894. /akadémiai székfoglaló/; Az érzékszervek élettana. Bp., 1896.; Emlékbeszéd Ludwig Károly Frigyes Vilmos külső tagról. MTA Emlékbeszédek, Bp., 1897.; Az anyagforgalom élettanának újabb haladásáról. Bp. 1904.)</p>

<p><a href="https://semmelweis.hu/baratikor/galeria/teljes-nevlista/klug-nandor/169_11/" rel="attachment wp-att-1946"></a> Klug Nándor, tamásfalvi (Kotterbach /Szepes vm./, 1845. október 18. &#8211; Budapest, 1909. május 14.) Dékán: 1898/99 &#8211; 1899/1900 Orvosi tanulmányait Bécsben és Pesten végezte. 1870. december 24-én Pesten kapott orvosdoktori, a következő tanévben szülészmesteri, 1872 februárjában pedig sebészdoktori oklevelet. 1871-től az orvosi fizikai, majd 1873-tól az élettani tanszéken lesz tanársegéd Jendrassik Jenő mellett. 1874-ben magántanári &hellip;</p>
