{"id":1910,"date":"2023-01-04T08:59:47","date_gmt":"2023-01-04T07:59:47","guid":{"rendered":"https:\/\/semmelweis.hu\/baratikor\/?page_id=1910"},"modified":"2023-01-09T11:22:58","modified_gmt":"2023-01-09T10:22:58","slug":"kelen-bela","status":"publish","type":"page","link":"https:\/\/semmelweis.hu\/baratikor\/galeria\/teljes-nevlista\/kelen-bela\/","title":{"rendered":"Kelen B\u00e9la"},"content":{"rendered":"<p style=\"text-align: justify\"><strong><a href=\"https:\/\/semmelweis.hu\/baratikor\/galeria\/teljes-nevlista\/kelen-bela\/066_11\/\" rel=\"attachment wp-att-1911\"><img loading=\"lazy\" decoding=\"async\" class=\"alignleft size-full wp-image-1911\" src=\"https:\/\/semmelweis.hu\/baratikor\/files\/2023\/01\/066_11.jpg\" alt=\"\" width=\"295\" height=\"370\" \/><\/a> (Tam\u00e1si, 1870. XII. 12. \u2013 Budapest, 1946. IV. 2.)<\/strong><\/p>\n<p style=\"text-align: justify\">Tolna megyei orvos csal\u00e1db\u00f3l sz\u00e1rmazott. Orvosi oklevel\u00e9t 1893. okt\u00f3ber 22-\u00e9n a budapesti Orvoskaron szerezte. M\u00e1r 1893-t\u00f3l a K\u00f3rbonctani Int\u00e9zetben gyakornokoskodott, majd ugyanitt lett tan\u00e1rseg\u00e9d Scheuthauer, k\u00e9s\u0151bb Pertik mellett. K\u00e9t \u00e9ves tanulm\u00e1nyutat tett. Berlinben Thierfeldern\u00e9l \u00e9lettani k\u00e9mi\u00e1val, a p\u00e1rizsi Pasteur Int\u00e9zetben. Bakteriol\u00f3gi\u00e1val foglalkozott. \u00c9desapja hal\u00e1la miatt azonban fel kellett hagynia a kutat\u00f3-orvosi p\u00e1ly\u00e1val \u00e9s praktiz\u00e1lni kezdett. 1909-ben megalap\u00edtotta I. sz. N\u0151i Klinika R\u00f6ntgen-ther\u00e1pi\u00e1s oszt\u00e1ly\u00e1t. 1915-ben az egyetem mag\u00e1ntan\u00e1rr\u00e1 habilit\u00e1lta az aktinother\u00e1pia t\u00e1rgyk\u00f6r\u00e9ben. 1916-ban, Alexander B\u00e9la hal\u00e1la ut\u00e1n vette \u00e1t a kett\u00e9osztott Egyetemi K\u00f6zponti R\u00f6ntgenint\u00e9zet egyik fel\u00e9nek (I. sz. K\u00f6zponti R\u00f6ntgen Int\u00e9zet) vezet\u00e9s\u00e9t. A vil\u00e1gh\u00e1bor\u00fa idej\u00e9n k\u00e9t nagy hadik\u00f3rh\u00e1z (P\u00e9nzint\u00e9zetek Hadik\u00f3rh\u00e1za, Zita-barakk\u00f3rh\u00e1z) r\u00f6ntgenoszt\u00e1ly\u00e1t is vezette. 1922-ben rendk\u00edv\u00fcli, majd 1929-t\u0151l 1942-es nyugalomba vonul\u00e1s\u00e1ig a r\u00f6ntgenol\u00f3gia nyilv\u00e1nos rendes tan\u00e1rak\u00e9nt m\u0171k\u00f6d\u00f6tt az egyetemen. Munk\u00e1ss\u00e1g\u00e1ban jelent\u0151s helyet foglalnak el az expoz\u00edci\u00f3s id\u0151 meghat\u00e1roz\u00e1s\u00e1ra, a puha sugarak kisz\u0171r\u00e9s\u00e9re, a sug\u00e1rhomogenit\u00e1sra, a sz\u00e1zal\u00e9kos m\u00e9lyd\u00f3zisra \u00e9s a dozimetri\u00e1ra vonatkoz\u00f3 kutat\u00e1sai. Kelen \u00e9s Elischer Gyula nev\u00e9hez f\u0171z\u0151dik a r\u00f6ntgenol\u00f3gia \u00f6n\u00e1ll\u00f3 tudom\u00e1nyszakk\u00e9nt val\u00f3 hazai elismertet\u00e9se valamint, hogy a VKM az orvoskarokon \u00f6n\u00e1ll\u00f3 r\u00f6ntgen-tansz\u00e9keket alap\u00edtott. T\u00f6bb tank\u00f6nyvet \u00edrt, szorgalmazta a hazai r\u00f6ntgenk\u00e9sz\u00fcl\u00e9kgy\u00e1rt\u00e1st (Martin \u00e9s Sigray m\u0171szergy\u00e1r). 1922-ben megalap\u00edtotta a Magyar Orvosok R\u00f6ntgen Egyes\u00fclet\u00e9t, majd 1926-ban a Magyar R\u00f6ntgen K\u00f6zl\u00f6nyt, melynek 16 \u00e9ven \u00e1t volt felel\u0151s szerkeszt\u0151je. Budapest 1945-\u00f6s ostroma fizikailag is rendk\u00edv\u00fcl megviselte. Ki\u00fajultak r\u00e9gi sz\u00edvpanaszai, melyek egy \u00e9v m\u00falva hal\u00e1l\u00e1t okozt\u00e1k.<\/p>\n<p style=\"text-align: justify\">(F\u0151bb munk\u00e1i: Gy\u00f3gy\u00edt\u00e1s R\u00f6ntgen-, R\u00e1dium- \u00e9s iboly\u00e1nt\u00fali sugarakkal. Term\u00e9szettudom\u00e1nyi T\u00e1rsulat, Bp. 1923.; R\u00f6ntgenol\u00f3gia orvostanhallgat\u00f3k \u00e9s gyakorl\u00f3 orvosok sz\u00e1m\u00e1ra. Egyetemi Nyomda, Bp. 1928.; A r\u00f6ntgenol\u00f3gia alapvonalai. Orvosi K\u00f6nyvkiad\u00f3, Bp. 1934.)<\/p>\n<p><strong><a href=\"https:\/\/semmelweis.hu\/baratikor\/galeria\/teljes-nevlista\/kelen-bela\/066_21\/\" rel=\"attachment wp-att-1912\"><img loading=\"lazy\" decoding=\"async\" class=\"alignleft size-full wp-image-1912\" src=\"https:\/\/semmelweis.hu\/baratikor\/files\/2023\/01\/066_21.jpg\" alt=\"\" width=\"295\" height=\"340\" \/><\/a><\/strong><\/p>\n","protected":false},"excerpt":{"rendered":"<p><a href=\"https:\/\/semmelweis.hu\/baratikor\/galeria\/teljes-nevlista\/kelen-bela\/066_11\/\" rel=\"attachment wp-att-1911\"><\/a> (Tam\u00e1si, 1870. XII. 12. \u2013 Budapest, 1946. IV. 2.) Tolna megyei orvos csal\u00e1db\u00f3l sz\u00e1rmazott. Orvosi oklevel\u00e9t 1893. okt\u00f3ber 22-\u00e9n a budapesti Orvoskaron szerezte. M\u00e1r 1893-t\u00f3l a K\u00f3rbonctani Int\u00e9zetben gyakornokoskodott, majd ugyanitt lett tan\u00e1rseg\u00e9d Scheuthauer, k\u00e9s\u0151bb Pertik mellett. K\u00e9t \u00e9ves tanulm\u00e1nyutat tett. Berlinben Thierfeldern\u00e9l \u00e9lettani k\u00e9mi\u00e1val, a p\u00e1rizsi Pasteur Int\u00e9zetben. Bakteriol\u00f3gi\u00e1val foglalkozott. \u00c9desapja hal\u00e1la miatt azonban &hellip;<\/p>\n","protected":false},"author":282,"featured_media":1911,"parent":347,"menu_order":0,"comment_status":"closed","ping_status":"closed","template":"template-fullwidth.php","meta":{"_acf_changed":false,"footnotes":""},"categories":[77,14],"tags":[],"class_list":["post-1910","page","type-page","status-publish","has-post-thumbnail","hentry","category-kegyeleti-adattar","category-teljes-nevlista"],"acf":[],"_links":{"self":[{"href":"https:\/\/semmelweis.hu\/baratikor\/wp-json\/wp\/v2\/pages\/1910","targetHints":{"allow":["GET"]}}],"collection":[{"href":"https:\/\/semmelweis.hu\/baratikor\/wp-json\/wp\/v2\/pages"}],"about":[{"href":"https:\/\/semmelweis.hu\/baratikor\/wp-json\/wp\/v2\/types\/page"}],"author":[{"embeddable":true,"href":"https:\/\/semmelweis.hu\/baratikor\/wp-json\/wp\/v2\/users\/282"}],"replies":[{"embeddable":true,"href":"https:\/\/semmelweis.hu\/baratikor\/wp-json\/wp\/v2\/comments?post=1910"}],"version-history":[{"count":2,"href":"https:\/\/semmelweis.hu\/baratikor\/wp-json\/wp\/v2\/pages\/1910\/revisions"}],"predecessor-version":[{"id":1914,"href":"https:\/\/semmelweis.hu\/baratikor\/wp-json\/wp\/v2\/pages\/1910\/revisions\/1914"}],"up":[{"embeddable":true,"href":"https:\/\/semmelweis.hu\/baratikor\/wp-json\/wp\/v2\/pages\/347"}],"wp:featuredmedia":[{"embeddable":true,"href":"https:\/\/semmelweis.hu\/baratikor\/wp-json\/wp\/v2\/media\/1911"}],"wp:attachment":[{"href":"https:\/\/semmelweis.hu\/baratikor\/wp-json\/wp\/v2\/media?parent=1910"}],"wp:term":[{"taxonomy":"category","embeddable":true,"href":"https:\/\/semmelweis.hu\/baratikor\/wp-json\/wp\/v2\/categories?post=1910"},{"taxonomy":"post_tag","embeddable":true,"href":"https:\/\/semmelweis.hu\/baratikor\/wp-json\/wp\/v2\/tags?post=1910"}],"curies":[{"name":"wp","href":"https:\/\/api.w.org\/{rel}","templated":true}]}}