{"id":1902,"date":"2023-01-05T08:55:11","date_gmt":"2023-01-05T07:55:11","guid":{"rendered":"https:\/\/semmelweis.hu\/baratikor\/?page_id=1902"},"modified":"2023-01-09T11:18:32","modified_gmt":"2023-01-09T10:18:32","slug":"jellinek-harry","status":"publish","type":"page","link":"https:\/\/semmelweis.hu\/baratikor\/galeria\/teljes-nevlista\/jellinek-harry\/","title":{"rendered":"Jellinek Harry"},"content":{"rendered":"<p><strong><a href=\"https:\/\/semmelweis.hu\/baratikor\/galeria\/teljes-nevlista\/jellinek-harry\/219_11\/\" rel=\"attachment wp-att-1903\"><img loading=\"lazy\" decoding=\"async\" class=\"alignleft size-full wp-image-1903\" src=\"https:\/\/semmelweis.hu\/baratikor\/files\/2023\/01\/219_11.jpg\" alt=\"\" width=\"295\" height=\"390\" \/><\/a>(Rimaszombat 1924 -)<\/strong><\/p>\n<p style=\"text-align: justify\">Jellinek professzor Rimaszombaton sz\u00fcletett 1924 november 25-\u00e9n. Az ottani magyar gimn\u00e1zium elv\u00e9gz\u00e9se ut\u00e1n, sz\u00fcl\u0151v\u00e1ros\u00e1nak Magyarorsz\u00e1ghoz t\u00f6rt\u00e9nt visszacsatol\u00e1sa r\u00e9v\u00e9n, a debreceni egyetemen kezdhette el orvosi tanulm\u00e1nyait, majd azokat Budapesten folytatva 1950-ben nyert &#8222;Summa cum laude&#8221; min\u0151s\u00edt\u00e9ssel diplom\u00e1t. Medikusk\u00e9nt a R\u00f3kus K\u00f3rh\u00e1z Pathologiai Oszt\u00e1ly\u00e1n Zalka professzor mellet k\u00f6telezte el mag\u00e1t a patol\u00f3gia mellett. Zalka professzorral egy\u00fctt j\u00f6tt \u00e1t az egyetemre az 1948-ban \u00fajra megalak\u00edtott II. Pathologiai Int\u00e9zetbe. Tehets\u00e9ge, f\u00e1radhatatlan szorgalma, rendk\u00edv\u00fcli munkab\u00edr\u00e1sa \u00e9s szervez\u0151 k\u00e9szs\u00e9ge r\u00e9v\u00e9n p\u00e1ly\u00e1j\u00e1n gyorsan haladt el\u0151re. 1953-ban adjunktus, 1956-t\u00f3l, Zalka professzor korai hal\u00e1l\u00e1t k\u00f6vet\u0151en, Haranghy professzor mellett docensk\u00e9nt tev\u00e9kenykedik. Megszervezte az 1956 \u0151sz\u00e9n ki\u00e9gett int\u00e9zet \u00fajj\u00e1\u00e9p\u00edt\u00e9s\u00e9t, b\u0151v\u00edt\u00e9s\u00e9t, oktat\u00e1s\u00e1t \u00e9s megteremtette a k\u00eds\u00e9rletes patol\u00f3giai kutat\u00e1s alapjait. Kezdem\u00e9nyez\u0151 k\u00e9szs\u00e9ge, \u00e1ttekint\u0151 k\u00e9pess\u00e9ge, l\u00e9nyegre t\u00f6r\u0151, k\u00f6vetkezetes t\u00e1rgyal\u00e1si st\u00edlusa elismertt\u00e9 \u00e9s k\u00f6zismertt\u00e9 tette, 1962-65-ig d\u00e9k\u00e1n helyettesnek v\u00e1lasztott\u00e1k. Angiopatol\u00f3giai vizsg\u00e1latait a nagyerek regener\u00e1ci\u00f3j\u00e1nak k\u00eds\u00e9rletes tanulm\u00e1nyoz\u00e1s\u00e1val kezdte (ebb\u0151l kandid\u00e1lt 1959-ben), \u00e9s az \u00e1ltala l\u00e9trehozott, egyre b\u0151v\u00fcl\u0151 munkacsoport vezet\u0151jek\u00e9nt folytatta. Szorgalmazta a modern metodik\u00e1k bevezet\u00e9s\u00e9t, \u00e9s azok rutinpatol\u00f3giai alkalmaz\u00e1s\u00e1t. Munkat\u00e1rsaival kollegi\u00e1lis bar\u00e1ti kapcsolatot alak\u00edtott ki, \u00e9s a teljes\u00edtm\u00e9nyt, a kezdem\u00e9nyez\u00e9st s a sz\u00fcntelen \u00f6nk\u00e9pz\u00e9st sarkal\u00f3 k\u00f6z\u00f6ss\u00e9get teremtett. 1967-t\u0151l megb\u00edzott, majd 1968-t\u00f3l kinevezett int\u00e9zetigazgat\u00f3. 25 \u00e9ves int\u00e9zetvezet\u0151i tev\u00e9kenys\u00e9ge alatt sz\u00e1mos klinikopatologiai ind\u00edttat\u00e1s\u00fa oktat\u00e1si reformot kezdem\u00e9nyezett \u00e9s vitt sikerre az int\u00e9zetben \u00e9s a karon. A hallgat\u00f3k szerett\u00e9k p\u00f3zmentes, k\u00f6zvetlen el\u0151ad\u00e1sm\u00f3dj\u00e1\u00e9rt, humor\u00e1\u00e9rt. Az Egyetemi Tan\u00e1cs 1994-ben professor emeritus c\u00edmmel ismerte el munk\u00e1ss\u00e1g\u00e1t. Akt\u00edv r\u00e9sztvev\u0151je \u00e9s form\u00e1l\u00f3ja volt a szakmai \u00e9s tudom\u00e1nyos k\u00f6z\u00e9letnek. \u00c9lete v\u00e9g\u00e9ig tagja volt a Magyar Pathologus T\u00e1rsas\u00e1gnak \u00e9s a Magyar Arteriosclerosis T\u00e1rsas\u00e1gnak, vezette az Orsz\u00e1gos Pathologiai Int\u00e9zetet. Sz\u00e1mos tudom\u00e1nyos \u00e9s tov\u00e1bbk\u00e9pz\u0151 konzult\u00e1ci\u00f3t, hazai \u00e9s nemzetk\u00f6zi kongresszust szervezett, \u00e9s \u00fatt\u00f6r\u0151 m\u00f3don kezdem\u00e9nyezte a Magyar Div\u00edzi\u00f3 megalakul\u00e1s\u00e1t a Nemzetk\u00f6zi Pathologiai Akad\u00e9mia (IAP) keret\u00e9ben. A Heidelbergi-Freiburgi, P\u00e1duai \u00e9s Berlini Egyetemekkel k\u00f6t\u00f6tt egy\u00fcttm\u0171k\u00f6d\u00e9si szerz\u0151d\u00e9sek elismer\u00e9sek\u00e9nt az Egyetemi Tan\u00e1cs az &#8222;Egyetem Tiszteletbeli Konzulja&#8221; c\u00edmmel t\u00fcntette ki. Sz\u00e1mos hazai \u00e9s k\u00fclf\u00f6ldi kit\u00fcntet\u00e9ssel ismert\u00e9k el tudom\u00e1nyos munk\u00e1j\u00e1t. K\u00f6zelg\u0151 80 \u00e9ves sz\u00fclet\u00e9snapja alkalm\u00e1b\u00f3l a Magyar K\u00f6zt\u00e1rsas\u00e1gi \u00c9rdemrend Tisztikeresztj\u00e9vel ismert\u00e9k el munk\u00e1s \u00e9let\u00e9nek messzehat\u00f3 eredm\u00e9nyeit. Kor\u00e1bbi munkat\u00e1rsai, tan\u00edtv\u00e1nyai k\u00f6z\u00fcl sz\u00e1mos int\u00e9zet- \u00e9s klinikavezet\u0151 professzor, f\u0151orvos \u00e9s elismert kutat\u00f3, oktat\u00f3 ker\u00fclt ki. \u0150 maga mindent elk\u00f6vetett, hogy embereinek \u00e9s az \u00faj magyar orvosnemzed\u00e9k arra \u00e9rdemes k\u00e9pvisel\u0151inek nemzetk\u00f6zi elismerts\u00e9g\u00e9t el\u0151seg\u00edtse. Hal\u00e1l\u00e1ig (2005. janu\u00e1r 6.) oktatott, szervezett \u00e9s tan\u00e1csaival seg\u00edtette a patol\u00f3gia \u00fcgy\u00e9t, tan\u00edtv\u00e1nyainak szakmai el\u0151menetel\u00e9t. A Semmelweis Egyetem Bar\u00e1ti K\u00f6re 1992. \u00e1prilis 29-i k\u00f6zgy\u0171l\u00e9s\u00e9n v\u00e1lasztotta \u00fcgyvezet\u0151 eln\u00f6k\u00e9v\u00e9.<\/p>\n","protected":false},"excerpt":{"rendered":"<p><a href=\"https:\/\/semmelweis.hu\/baratikor\/galeria\/teljes-nevlista\/jellinek-harry\/219_11\/\" rel=\"attachment wp-att-1903\"><\/a> (Rimaszombat 1924 -) Jellinek professzor Rimaszombaton sz\u00fcletett 1924 november 25-\u00e9n. Az ottani magyar gimn\u00e1zium elv\u00e9gz\u00e9se ut\u00e1n, sz\u00fcl\u0151v\u00e1ros\u00e1nak Magyarorsz\u00e1ghoz t\u00f6rt\u00e9nt visszacsatol\u00e1sa r\u00e9v\u00e9n, a debreceni egyetemen kezdhette el orvosi tanulm\u00e1nyait, majd azokat Budapesten folytatva 1950-ben nyert &#8222;Summa cum laude&#8221; min\u0151s\u00edt\u00e9ssel diplom\u00e1t. Medikusk\u00e9nt a R\u00f3kus K\u00f3rh\u00e1z Pathologiai Oszt\u00e1ly\u00e1n Zalka professzor mellet k\u00f6telezte el mag\u00e1t a patol\u00f3gia mellett. Zalka &hellip;<\/p>\n","protected":false},"author":282,"featured_media":1903,"parent":347,"menu_order":0,"comment_status":"closed","ping_status":"closed","template":"template-fullwidth.php","meta":{"_acf_changed":false,"footnotes":""},"categories":[75,77,14],"tags":[],"class_list":["post-1902","page","type-page","status-publish","has-post-thumbnail","hentry","category-barati-kor","category-kegyeleti-adattar","category-teljes-nevlista"],"acf":[],"_links":{"self":[{"href":"https:\/\/semmelweis.hu\/baratikor\/wp-json\/wp\/v2\/pages\/1902","targetHints":{"allow":["GET"]}}],"collection":[{"href":"https:\/\/semmelweis.hu\/baratikor\/wp-json\/wp\/v2\/pages"}],"about":[{"href":"https:\/\/semmelweis.hu\/baratikor\/wp-json\/wp\/v2\/types\/page"}],"author":[{"embeddable":true,"href":"https:\/\/semmelweis.hu\/baratikor\/wp-json\/wp\/v2\/users\/282"}],"replies":[{"embeddable":true,"href":"https:\/\/semmelweis.hu\/baratikor\/wp-json\/wp\/v2\/comments?post=1902"}],"version-history":[{"count":2,"href":"https:\/\/semmelweis.hu\/baratikor\/wp-json\/wp\/v2\/pages\/1902\/revisions"}],"predecessor-version":[{"id":1905,"href":"https:\/\/semmelweis.hu\/baratikor\/wp-json\/wp\/v2\/pages\/1902\/revisions\/1905"}],"up":[{"embeddable":true,"href":"https:\/\/semmelweis.hu\/baratikor\/wp-json\/wp\/v2\/pages\/347"}],"wp:featuredmedia":[{"embeddable":true,"href":"https:\/\/semmelweis.hu\/baratikor\/wp-json\/wp\/v2\/media\/1903"}],"wp:attachment":[{"href":"https:\/\/semmelweis.hu\/baratikor\/wp-json\/wp\/v2\/media?parent=1902"}],"wp:term":[{"taxonomy":"category","embeddable":true,"href":"https:\/\/semmelweis.hu\/baratikor\/wp-json\/wp\/v2\/categories?post=1902"},{"taxonomy":"post_tag","embeddable":true,"href":"https:\/\/semmelweis.hu\/baratikor\/wp-json\/wp\/v2\/tags?post=1902"}],"curies":[{"name":"wp","href":"https:\/\/api.w.org\/{rel}","templated":true}]}}