{"id":190,"date":"2022-05-17T08:53:26","date_gmt":"2022-05-17T06:53:26","guid":{"rendered":"https:\/\/semmelweis.hu\/baratikor\/?p=190"},"modified":"2023-01-09T11:11:26","modified_gmt":"2023-01-09T10:11:26","slug":"agoston-elek","status":"publish","type":"page","link":"https:\/\/semmelweis.hu\/baratikor\/galeria\/teljes-nevlista\/agoston-elek\/","title":{"rendered":"\u00c1goston Elek"},"content":{"rendered":"<p><strong>(\u00c9rsek\u00fajv\u00e1r, 1772 &#8211; Pest, 1809) <\/strong><\/p>\n<p><strong>Tansz\u00e9kek:<\/strong> szem\u00e9szet 1804-1809, sz\u00fcl\u00e9szet 1808-1809.<\/p>\n<p>Seb\u00e9sz- \u00e9s sz\u00fcl\u00e9szmesteri oklevelet Pesten szerzett 1795. szeptember 18-\u00e1n. H\u0151gyes megeml\u00e9kezik r\u00f3la, hogy a R\u00e1cz S\u00e1muel \u00e1ltal ki\u00e1ll\u00edtott bizony\u00edtv\u00e1ny szerint \u00e9vfolyama legjobbja volt. 1800-ban tan\u00e1rseg\u00e9d a k\u00fcl\u00f6n\u00f6s k\u00f3r- \u00e9s gy\u00f3gytan tansz\u00e9ken, majd 1801\/02-ben a seb\u00e9szeti tansz\u00e9ken. 1804. m\u00e1rcius 8-\u00e1n a kir\u00e1lyt\u00f3l orsz\u00e1gos szemorvosi kinevez\u00e9st kapott, egyben a seb\u00e9szett\u0151l \u00e9s sz\u00fcl\u00e9szett\u0151l akkor k\u00fcl\u00f6nv\u00e1lasztott szem\u00e9szeti tansz\u00e9k vezet\u00e9s\u00e9t is megkapta \u00e9vi 700 forintos fizet\u00e9ssel. Ezzel \u0151 lett az \u00f6n\u00e1ll\u00f3 szem\u00e9szeti tansz\u00e9k els\u0151 tan\u00e1ra. 1806-t\u00f3l helyettesk\u00e9nt a sz\u00fcl\u00e9szetet is el\u0151adta, majd 1808. m\u00e1rcius 15-\u00e9n e t\u00e1rgy rendes tan\u00e1r\u00e1nak is kinevezt\u00e9k szem\u00e9szi \u00e1ll\u00e1sa megtart\u00e1sa mellett. Fiatalon hunyt el 1809. november 15-\u00e9n. Szakirodalmi munk\u00e1ss\u00e1ga nem ismert.<\/p>\n<p><strong>Nyughelye: <\/strong>nem ismert.<\/p>\n","protected":false},"excerpt":{"rendered":"<p>(\u00c9rsek\u00fajv\u00e1r, 1772 &#8211; Pest, 1809) Tansz\u00e9kek: szem\u00e9szet 1804-1809, sz\u00fcl\u00e9szet 1808-1809. Seb\u00e9sz- \u00e9s sz\u00fcl\u00e9szmesteri oklevelet Pesten szerzett 1795. szeptember 18-\u00e1n. H\u0151gyes megeml\u00e9kezik r\u00f3la, hogy a R\u00e1cz S\u00e1muel \u00e1ltal ki\u00e1ll\u00edtott bizony\u00edtv\u00e1ny szerint \u00e9vfolyama legjobbja volt. 1800-ban tan\u00e1rseg\u00e9d a k\u00fcl\u00f6n\u00f6s k\u00f3r- \u00e9s gy\u00f3gytan tansz\u00e9ken, majd 1801\/02-ben a seb\u00e9szeti tansz\u00e9ken. 1804. m\u00e1rcius 8-\u00e1n a kir\u00e1lyt\u00f3l orsz\u00e1gos szemorvosi kinevez\u00e9st kapott, &hellip;<\/p>\n","protected":false},"author":282,"featured_media":0,"parent":347,"menu_order":0,"comment_status":"closed","ping_status":"closed","template":"template-fullwidth.php","meta":{"_acf_changed":false,"footnotes":""},"categories":[77,16,14],"tags":[],"class_list":["post-190","page","type-page","status-publish","hentry","category-kegyeleti-adattar","category-tanszekvezetok","category-teljes-nevlista"],"acf":[],"_links":{"self":[{"href":"https:\/\/semmelweis.hu\/baratikor\/wp-json\/wp\/v2\/pages\/190","targetHints":{"allow":["GET"]}}],"collection":[{"href":"https:\/\/semmelweis.hu\/baratikor\/wp-json\/wp\/v2\/pages"}],"about":[{"href":"https:\/\/semmelweis.hu\/baratikor\/wp-json\/wp\/v2\/types\/page"}],"author":[{"embeddable":true,"href":"https:\/\/semmelweis.hu\/baratikor\/wp-json\/wp\/v2\/users\/282"}],"replies":[{"embeddable":true,"href":"https:\/\/semmelweis.hu\/baratikor\/wp-json\/wp\/v2\/comments?post=190"}],"version-history":[{"count":2,"href":"https:\/\/semmelweis.hu\/baratikor\/wp-json\/wp\/v2\/pages\/190\/revisions"}],"predecessor-version":[{"id":367,"href":"https:\/\/semmelweis.hu\/baratikor\/wp-json\/wp\/v2\/pages\/190\/revisions\/367"}],"up":[{"embeddable":true,"href":"https:\/\/semmelweis.hu\/baratikor\/wp-json\/wp\/v2\/pages\/347"}],"wp:attachment":[{"href":"https:\/\/semmelweis.hu\/baratikor\/wp-json\/wp\/v2\/media?parent=190"}],"wp:term":[{"taxonomy":"category","embeddable":true,"href":"https:\/\/semmelweis.hu\/baratikor\/wp-json\/wp\/v2\/categories?post=190"},{"taxonomy":"post_tag","embeddable":true,"href":"https:\/\/semmelweis.hu\/baratikor\/wp-json\/wp\/v2\/tags?post=190"}],"curies":[{"name":"wp","href":"https:\/\/api.w.org\/{rel}","templated":true}]}}