{"id":1880,"date":"2023-01-04T08:43:42","date_gmt":"2023-01-04T07:43:42","guid":{"rendered":"https:\/\/semmelweis.hu\/baratikor\/?page_id=1880"},"modified":"2023-10-11T15:57:30","modified_gmt":"2023-10-11T13:57:30","slug":"juhasz-pal","status":"publish","type":"page","link":"https:\/\/semmelweis.hu\/baratikor\/galeria\/teljes-nevlista\/juhasz-pal\/","title":{"rendered":"Juh\u00e1sz P\u00e1l"},"content":{"rendered":"<p style=\"text-align: justify\"><strong> <a href=\"https:\/\/semmelweis.hu\/baratikor\/galeria\/teljes-nevlista\/juhasz-pal\/juhasz-pal\/\" rel=\"attachment wp-att-1882\"><img loading=\"lazy\" decoding=\"async\" class=\"alignleft size-medium wp-image-1882\" src=\"https:\/\/semmelweis.hu\/baratikor\/files\/2023\/01\/Juhasz-Pal-282x400.jpg\" alt=\"\" width=\"282\" height=\"400\" srcset=\"https:\/\/semmelweis.hu\/baratikor\/files\/2023\/01\/Juhasz-Pal-282x400.jpg 282w, https:\/\/semmelweis.hu\/baratikor\/files\/2023\/01\/Juhasz-Pal.jpg 704w\" sizes=\"auto, (max-width: 282px) 100vw, 282px\" \/><\/a> (<\/strong><strong>Nagyenyed, 1916. j\u00falius 31.<\/strong><strong> \u2013 Budapest, 1984. febru\u00e1r 29.)<\/strong><\/p>\n<p style=\"text-align: justify\"><strong>Tansz\u00e9k: <\/strong>II. sz. Neurol\u00f3giai \u00e9s Psychiatriai Klinika 1967-1984.<\/p>\n<p style=\"text-align: justify\">N\u00e9gy gyermekes pedag\u00f3gus csal\u00e1db\u00f3l sz\u00e1rmazott, \u00e9desapja k\u00f6z\u00e9piskolai tan\u00e1r volt. Elemi \u00e9s k\u00f6z\u00e9pfok\u00fa tanulm\u00e1nyait sz\u00fcl\u0151v\u00e1ros\u00e1ban v\u00e9gezte, 1933-ban \u00e9retts\u00e9gizett. Orvosi tanulm\u00e1nyait 1934-ben a kolozsv\u00e1ri rom\u00e1n egyetemen kezdte \u00e9s a debreceni Tisza Istv\u00e1n Tudom\u00e1nyegyetemen fejezte be, ahol 1940. m\u00e1jus 4-\u00e9n avatt\u00e1k orvosdoktorr\u00e1 cum laude min\u0151s\u00edt\u00e9ssel. 1936 febru\u00e1rj\u00e1t\u00f3l 1939 febru\u00e1rj\u00e1ig az Anat\u00f3miai-biol\u00f3giai Int\u00e9zet gyakornoka volt, majd Kettesy Alad\u00e1r Szem\u00e9szeti Klinik\u00e1j\u00e1n m\u0171k\u00f6d\u00f6tt 1939. szeptember 1-ig. Ekkor ker\u00fclt a debreceni Ideg- \u00e9s Elmeklinik\u00e1ra, ahol S\u00e1ntha K\u00e1lm\u00e1n mellett dolgozott 1950 janu\u00e1rj\u00e1ig, gyakornoki, tan\u00e1rseg\u00e9di, 1946-t\u00f3l adjunktusi beoszt\u00e1sokban. Id\u0151k\u00f6zben, 1942-ben 10 h\u00f3napot a b\u00e9csi Agykutat\u00f3 Int\u00e9zetben t\u00f6lt\u00f6tt. 1944. m\u00e1jus 12-\u00e9n ideggy\u00f3gy\u00e1sz, 1948. december 20-\u00e1n elmegy\u00f3gy\u00e1sz szakvizsg\u00e1kat tett. 1944. m\u00e1jus 15. \u00e9s 1945. \u00e1prilis 3. k\u00f6z\u00f6tt katonai szolg\u00e1latot teljes\u00edtett. 1947-ben 10 h\u00f3napot dolgozott a p\u00e1rizsi Charcot Ideg- Elmeklinik\u00e1n. 1950. janu\u00e1r. 1-j\u00e9n orvos-alezredesi rendfokozatban bel\u00e9pett a N\u00e9phadsereg Eg\u00e9szs\u00e9g\u00fcgyi Szolg\u00e1lata k\u00f6tel\u00e9k\u00e9be, mint a K\u00f6zponti Honv\u00e9d K\u00f3rh\u00e1z idegoszt\u00e1ly\u00e1nak vezet\u0151 f\u0151orvosa. 1952. december 31-\u00e9n kandid\u00e1tusi fokozatot szerzett. 1952-1954 k\u00f6z\u00f6tt elv\u00e9gezte a Marxizmus-leninizmus Esti Egyetemet. 1954-1955. folyam\u00e1n, eredeti beoszt\u00e1sa megtart\u00e1s\u00e1val, r\u00e9szt vett az Orsz\u00e1gos Idegseb\u00e9szeti Tudom\u00e1nyos Int\u00e9zet megszervez\u00e9s\u00e9ben. 1956 okt\u00f3ber\u00e9ben a honv\u00e9d k\u00f3rh\u00e1z forradalmi bizotts\u00e1g\u00e1nak tagjak\u00e9nt tev\u00e9kenykedett. 1957-ben ezredesi rendfokozatban (1952-t\u0151l) hagyta el a honv\u00e9ds\u00e9get, hogy m\u00e1jus 13-t\u00f3l a Terij\u00e1n \u00e9s Zolt\u00e1n L\u00e1szl\u00f3 professzorok vezette idegseb\u00e9szeti int\u00e9zet tudom\u00e1nyos f\u0151munkat\u00e1rsa legyen. 1957. december 13-\u00e1n egyetemi tan\u00e1ri kinevez\u00e9st kapott a Debreceni Orvostudom\u00e1nyi Egyetem Ideg- \u00e9s Elmeklinik\u00e1j\u00e1ra. 1963-1967 k\u00f6z\u00f6tt bet\u00f6lt\u00f6tte a DOTE rektori tiszts\u00e9g\u00e9t. 1967. szeptember 1-t\u0151l a BOTE II. sz. Neurol\u00f3giai \u00e9s Psychiatriai Klinik\u00e1j\u00e1nak igazgat\u00f3ja lett. 1979-ben igazs\u00e1g\u00fcgyi elmek\u00f3rtan, elektro-enkefalogr\u00e1fia, neuropatol\u00f3gia, orvosi pszichi\u00e1tria szakvizsg\u00e1t tett.<\/p>\n<p style=\"text-align: justify\">Klinikai munk\u00e1ja mellett idegk\u00f3rsz\u00f6vettannal, klinikai neuro-fiziol\u00f3gi\u00e1val \u00e9s elektro-enkefalogr\u00e1fi\u00e1val foglalkozott. Budapesti klinikai igazgat\u00f3s\u00e1ga idej\u00e9n a pszichi\u00e1tria ker\u00fclt el\u0151t\u00e9rbe. Az \u00e1ltala meghonos\u00edtott nyitott ajt\u00f3 rendszer \u00e9s a szocioter\u00e1pi\u00e1t jelent\u0151 nappali k\u00f3rh\u00e1z k\u00e9s\u0151bb orsz\u00e1gos hat\u00e1s\u00fa modell\u00e9 v\u00e1lt. Az egyes r\u00e9szlegeken nemzetk\u00f6zileg is elismert munkacsoportok fejl\u0151dtek ki: endog\u00e9n pszich\u00f3zis, neur\u00f3zis, epilepszia \u00e9s Parkinson-kutat\u00e1s. Eperiment\u00e1lis vizsg\u00e1latot h\u00e1rom t\u00e9m\u00e1ban folytattak: k\u00eds\u00e9rleti epilepszia, agyendothel patol\u00f3gia \u00e9s glia teny\u00e9szt\u00e9s. Klinik\u00e1j\u00e1n j\u00f6tt l\u00e9tre az els\u0151 magyar szoci\u00e1lpszichi\u00e1triai laborat\u00f3rium.<\/p>\n<p style=\"text-align: justify\">1947-t\u0151l volt tagja az Orvos-Eg\u00e9szs\u00e9g\u00fcgyi Dolgoz\u00f3k Szakszervezet\u00e9nek. 1948-ban az MKP, illetve az MDP tagja lett, de 1956 ut\u00e1n p\u00e1rttags\u00e1g\u00e1t az MSZMP-be csak 1964. j\u00fanius 12-\u00e9n \u00faj\u00edtotta meg.<\/p>\n<p style=\"text-align: justify\">Szakmai t\u00e1rsas\u00e1gi, test\u00fcleti tags\u00e1gai: az ETT ideggy\u00f3gy\u00e1sz albizotts\u00e1g tagja, a Magyar EEG T\u00e1rsas\u00e1g f\u0151titk\u00e1ra, k\u00e9s\u0151bb aleln\u00f6ke, a Magyar Pszichi\u00e1triai T\u00e1rsas\u00e1g eln\u00f6ke, a Magyar Ideg- \u00e9s Elmeorvosok T\u00e1rsas\u00e1g\u00e1nak vezet\u0151s\u00e9gi tagja. Tagja volt az MTA Pszichol\u00f3giai Bizotts\u00e1g\u00e1nak, az MTA Orvosi Klinikai Munkacsoportj\u00e1nak, az Igazs\u00e1g\u00fcgyi Orvosok T\u00e1rsas\u00e1g\u00e1nak, a Magyar V\u00f6r\u00f6skeresztnek, az Alkoholellenes Orsz\u00e1gos Bizotts\u00e1gnak, stb. Felel\u0151s szerkeszt\u0151je volt az Ideggy\u00f3gy\u00e1szati Szeml\u00e9nek, tagja a Medicina szerkeszt\u0151bizotts\u00e1g\u00e1nak.<\/p>\n<p style=\"text-align: justify\">P\u00e1ly\u00e1ja sor\u00e1n a k\u00f6vetkez\u0151 elismer\u00e9sek \u00e9rt\u00e9k: Kiv\u00e1l\u00f3 munk\u00e1\u00e9rt (1948), Magyar N\u00e9pk\u00f6zt\u00e1rsas\u00e1gi \u00c9rdemrend V. fok. (1951), Kiv\u00e1l\u00f3 Szolg\u00e1lat\u00e9rt \u00c9rdemrend (1955), Munka \u00c9rdemrend arany fokozat (1967), Kiv\u00e1l\u00f3 orvos (1973), Pro Universitate (DOTE, 1976).<\/p>\n<p style=\"text-align: justify\"><strong>F\u0151bb munk\u00e1i:<\/strong> A klinikai neurol\u00f3gia alapjai. Bp., 1969.; Az orvos \u00e9s a beteg kapcsolata. Bp., 1971.; Az epilepszia mindennapi klinikai probl\u00e9m\u00e1i (Hal\u00e1sz P\u00e9terrel). A gyakorl\u00f3 orvos k\u00f6nyvt\u00e1ra sorozatban. Bp., 1977.; Betegs\u00e9gtan \u00e9s ter\u00e1pia (Peth\u0151 Bertalannal). Bp., 1983.<\/p>\n<p style=\"text-align: justify\"><strong>Nyughelye:<\/strong> Farkasr\u00e9ti temet\u0151 60-5\/0\/4\/25.<\/p>\n<p style=\"text-align: justify\">K\u00fcl\u00f6nb\u00f6z\u0151 megjelent \u00e9letrajzaiban sz\u00fclet\u00e9si adatk\u00e9nt t\u00e9ves d\u00e1tum (febr. 4.) szerepel.<\/p>\n<p><strong><a href=\"https:\/\/semmelweis.hu\/baratikor\/galeria\/teljes-nevlista\/juhasz-pal\/juhasz-pal-80-as-evek\/\" rel=\"attachment wp-att-1881\"><img loading=\"lazy\" decoding=\"async\" class=\"alignleft size-medium wp-image-1881\" src=\"https:\/\/semmelweis.hu\/baratikor\/files\/2023\/01\/Juhasz-Pal-80-as-evek-319x400.jpg\" alt=\"\" width=\"319\" height=\"400\" srcset=\"https:\/\/semmelweis.hu\/baratikor\/files\/2023\/01\/Juhasz-Pal-80-as-evek-319x400.jpg 319w, https:\/\/semmelweis.hu\/baratikor\/files\/2023\/01\/Juhasz-Pal-80-as-evek-768x962.jpg 768w, https:\/\/semmelweis.hu\/baratikor\/files\/2023\/01\/Juhasz-Pal-80-as-evek-753x944.jpg 753w, https:\/\/semmelweis.hu\/baratikor\/files\/2023\/01\/Juhasz-Pal-80-as-evek.jpg 798w\" sizes=\"auto, (max-width: 319px) 100vw, 319px\" \/><\/a><\/strong><strong><a href=\"https:\/\/semmelweis.hu\/baratikor\/galeria\/teljes-nevlista\/juhasz-pal\/img_20200425_133342\/\" rel=\"attachment wp-att-1883\"><img loading=\"lazy\" decoding=\"async\" class=\"alignleft size-medium wp-image-1883\" src=\"https:\/\/semmelweis.hu\/baratikor\/files\/2023\/01\/IMG_20200425_133342-300x400.jpg\" alt=\"\" width=\"300\" height=\"400\" srcset=\"https:\/\/semmelweis.hu\/baratikor\/files\/2023\/01\/IMG_20200425_133342-300x400.jpg 300w, https:\/\/semmelweis.hu\/baratikor\/files\/2023\/01\/IMG_20200425_133342.jpg 750w\" sizes=\"auto, (max-width: 300px) 100vw, 300px\" \/><\/a><\/strong><\/p>\n","protected":false},"excerpt":{"rendered":"<p><a href=\"https:\/\/semmelweis.hu\/baratikor\/galeria\/teljes-nevlista\/juhasz-pal\/juhasz-pal\/\" rel=\"attachment wp-att-1882\"><\/a> (Nagyenyed, 1916. j\u00falius 31. \u2013 Budapest, 1984. febru\u00e1r 29.) Tansz\u00e9k: II. sz. Neurol\u00f3giai \u00e9s Psychiatriai Klinika 1967-1984. N\u00e9gy gyermekes pedag\u00f3gus csal\u00e1db\u00f3l sz\u00e1rmazott, \u00e9desapja k\u00f6z\u00e9piskolai tan\u00e1r volt. Elemi \u00e9s k\u00f6z\u00e9pfok\u00fa tanulm\u00e1nyait sz\u00fcl\u0151v\u00e1ros\u00e1ban v\u00e9gezte, 1933-ban \u00e9retts\u00e9gizett. Orvosi tanulm\u00e1nyait 1934-ben a kolozsv\u00e1ri rom\u00e1n egyetemen kezdte \u00e9s a debreceni Tisza Istv\u00e1n Tudom\u00e1nyegyetemen fejezte be, ahol 1940. m\u00e1jus 4-\u00e9n avatt\u00e1k &hellip;<\/p>\n","protected":false},"author":282,"featured_media":4947,"parent":347,"menu_order":0,"comment_status":"closed","ping_status":"closed","template":"template-fullwidth.php","meta":{"_acf_changed":false,"footnotes":""},"categories":[77,14],"tags":[],"class_list":["post-1880","page","type-page","status-publish","has-post-thumbnail","hentry","category-kegyeleti-adattar","category-teljes-nevlista"],"acf":[],"_links":{"self":[{"href":"https:\/\/semmelweis.hu\/baratikor\/wp-json\/wp\/v2\/pages\/1880","targetHints":{"allow":["GET"]}}],"collection":[{"href":"https:\/\/semmelweis.hu\/baratikor\/wp-json\/wp\/v2\/pages"}],"about":[{"href":"https:\/\/semmelweis.hu\/baratikor\/wp-json\/wp\/v2\/types\/page"}],"author":[{"embeddable":true,"href":"https:\/\/semmelweis.hu\/baratikor\/wp-json\/wp\/v2\/users\/282"}],"replies":[{"embeddable":true,"href":"https:\/\/semmelweis.hu\/baratikor\/wp-json\/wp\/v2\/comments?post=1880"}],"version-history":[{"count":2,"href":"https:\/\/semmelweis.hu\/baratikor\/wp-json\/wp\/v2\/pages\/1880\/revisions"}],"predecessor-version":[{"id":1885,"href":"https:\/\/semmelweis.hu\/baratikor\/wp-json\/wp\/v2\/pages\/1880\/revisions\/1885"}],"up":[{"embeddable":true,"href":"https:\/\/semmelweis.hu\/baratikor\/wp-json\/wp\/v2\/pages\/347"}],"wp:featuredmedia":[{"embeddable":true,"href":"https:\/\/semmelweis.hu\/baratikor\/wp-json\/wp\/v2\/media\/4947"}],"wp:attachment":[{"href":"https:\/\/semmelweis.hu\/baratikor\/wp-json\/wp\/v2\/media?parent=1880"}],"wp:term":[{"taxonomy":"category","embeddable":true,"href":"https:\/\/semmelweis.hu\/baratikor\/wp-json\/wp\/v2\/categories?post=1880"},{"taxonomy":"post_tag","embeddable":true,"href":"https:\/\/semmelweis.hu\/baratikor\/wp-json\/wp\/v2\/tags?post=1880"}],"curies":[{"name":"wp","href":"https:\/\/api.w.org\/{rel}","templated":true}]}}