{"id":1863,"date":"2023-01-04T08:38:11","date_gmt":"2023-01-04T07:38:11","guid":{"rendered":"https:\/\/semmelweis.hu\/baratikor\/?page_id=1863"},"modified":"2023-10-11T15:51:24","modified_gmt":"2023-10-11T13:51:24","slug":"imre-gyorgy","status":"publish","type":"page","link":"https:\/\/semmelweis.hu\/baratikor\/galeria\/teljes-nevlista\/imre-gyorgy\/","title":{"rendered":"Imre Gy\u00f6rgy"},"content":{"rendered":"<p style=\"text-align: justify\"><strong><a href=\"https:\/\/semmelweis.hu\/baratikor\/galeria\/teljes-nevlista\/imre-gyorgy\/imre-gyorgy\/\" rel=\"attachment wp-att-1864\"><img loading=\"lazy\" decoding=\"async\" class=\"alignleft size-medium wp-image-1864\" src=\"https:\/\/semmelweis.hu\/baratikor\/files\/2023\/01\/Imre-Gyorgy-318x400.jpg\" alt=\"\" width=\"318\" height=\"400\" srcset=\"https:\/\/semmelweis.hu\/baratikor\/files\/2023\/01\/Imre-Gyorgy-318x400.jpg 318w, https:\/\/semmelweis.hu\/baratikor\/files\/2023\/01\/Imre-Gyorgy-768x967.jpg 768w, https:\/\/semmelweis.hu\/baratikor\/files\/2023\/01\/Imre-Gyorgy-753x948.jpg 753w, https:\/\/semmelweis.hu\/baratikor\/files\/2023\/01\/Imre-Gyorgy.jpg 794w\" sizes=\"auto, (max-width: 318px) 100vw, 318px\" \/><\/a> (Budapest<\/strong><strong>, 1927. augusztus 17.<\/strong><strong> \u2013 Budapest, 2011. december 24.)<\/strong><\/p>\n<p style=\"text-align: justify\"><strong>Tansz\u00e9k: <\/strong>II. sz. Szem\u00e9szeti Klinika 1984-1986 (mb.), 1986-1996.<\/p>\n<p style=\"text-align: justify\">Nagyapja id. Imre J\u00f3zsef szem\u00e9szorvos volt, \u00e9desapja a k\u00f6nyvkiad\u00f3 v\u00e1llalatok, majd az Orsz\u00e1gos Sz\u00e9chenyi K\u00f6nyvt\u00e1r tisztvisel\u0151jek\u00e9nt dolgozott. K\u00f6z\u00e9piskol\u00e1it Budapesten kezdte, majd csal\u00e1dja 1942-ben Kolozsv\u00e1rra k\u00f6lt\u00f6z\u00f6tt, \u00edgy ott tett \u00e9retts\u00e9git 1945-ben. Ezut\u00e1n a Marosv\u00e1s\u00e1rhelyi Orvosi \u00e9s Gy\u00f3gyszer\u00e9szi Egyetemen v\u00e9gzett 9 f\u00e9l\u00e9vet, majd 1949-ben visszat\u00e9rt Budapestre. Tanulm\u00e1nyait a Budapesti Orvostudom\u00e1nyi Egyetemen fejezte be 1951. j\u00falius 6-\u00e1n. Augusztus 1-j\u00e9t\u0151l a II. sz. Szemklinika gyakornokak\u00e9nt kezdett dolgozni.<\/p>\n<p style=\"text-align: justify\">1956. m\u00e1jus 18-\u00e1n tett szem\u00e9sz szakorvosi vizsg\u00e1t. Ugyanebben az \u00e9vben tan\u00e1rseg\u00e9dd\u00e9 l\u00e9ptett\u00e9k el\u0151. 1969. febru\u00e1r 5-\u00e9n el\u00e9rte az orvostudom\u00e1nyok kandid\u00e1tusa fokozatot. 1973-ban egyetemi adjunktusi, 1977. j\u00falius 1-j\u00e9n docensi kinevez\u00e9st kapott. 1980-ban \u00e9rte el az orvostudom\u00e1nyok doktora fokozatot. 1983. j\u00falius 1-j\u00e9n egyetemi tan\u00e1rr\u00e1 l\u00e9pett el\u0151, majd december 1-t\u0151l a klinika igazgat\u00f3-helyettesek\u00e9nt dolgozott. 1984. j\u00fal. 1-j\u00e9t\u0151l 1986. j\u00fanius 30-ig megb\u00edzt\u00e1k a klinika vezet\u00e9s\u00e9vel. A tov\u00e1bbiakban kinevez\u00e9ssel vezette a klinik\u00e1t. 1996. j\u00fanius 30-\u00e1n nyug\u00e1llom\u00e1nyba vonult.<\/p>\n<p style=\"text-align: justify\">P\u00e1ly\u00e1ja kezdet\u00e9n foglalkozott a Coats-betegs\u00e9g k\u00f3roktan\u00e1val. Sz\u0171kebb \u00e9rdekl\u0151d\u00e9si ter\u00fclet\u00e9n, a szem \u00e9rbetegs\u00e9gei, illetve az \u00e9rbetegs\u00e9gek szem\u00e9szeti vonatkoz\u00e1sai kutat\u00e1s\u00e1ban nemzetk\u00f6zileg is elismert eredm\u00e9nyeket \u00e9rt el. Vizsg\u00e1lta a szemfen\u00e9k \u00e9s a retina k\u00f6r\u00fcli \u00e9rk\u00e9pz\u0151d\u00e9s mechanizmus\u00e1t, kutatta a szemben keletkez\u0151 \u00e9rujdonk\u00e9pz\u0151d\u00e9sek megakad\u00e1lyoz\u00e1s\u00e1t. Meg\u00e1llap\u00edtotta a sziv\u00e1rv\u00e1nyh\u00e1rtya \u00e9s a retina \u00e9rburj\u00e1nz\u00e1sai, a szemfen\u00e9ki elz\u00e1r\u00f3d\u00e1s \u00e9s az \u00fcvegtest, ill. a csarnokv\u00edz magasabb tejsavtartalma k\u00f6z\u00f6tti \u00f6sszef\u00fcgg\u00e9seket.<\/p>\n<p style=\"text-align: justify\">1951-ben lett tagja az Orvos-Eg\u00e9szs\u00e9g\u00fcgyi Dolgoz\u00f3k Szakszervezet\u00e9nek. 1960-t\u00f3l volt vezet\u0151s\u00e9gi tagja a Magyar Szemorvos T\u00e1rsas\u00e1gnak, ahol 1960-1962 k\u00f6z\u00f6tt szervez\u0151 titk\u00e1ri, 1962-1964 k\u00f6z\u00f6tt megb\u00edzott f\u0151titk\u00e1ri, 1964-1966 k\u00f6z\u00f6tt ism\u00e9t titk\u00e1ri tiszts\u00e9get t\u00f6lt\u00f6tt be. 1968-ban ism\u00e9t megb\u00edzott, majd 1969-1972 k\u00f6z\u00f6tt v\u00e1lasztott f\u0151titk\u00e1rk\u00e9nt m\u0171k\u00f6d\u00f6tt. F\u0151titk\u00e1ri min\u0151s\u00e9g\u00e9ben lett az Orsz\u00e1gos Szem\u00e9szeti Int\u00e9zet szakmai koll\u00e9gium\u00e1nak tagja 1969. \u00e1prilis 17-\u00e9n.<\/p>\n<p style=\"text-align: justify\">1983-ban Kiv\u00e1l\u00f3 munk\u00e1\u00e9rt kit\u00fcntet\u00e9st kapott.<\/p>\n<p style=\"text-align: justify\"><strong>F\u0151bb munk\u00e1i: <\/strong>A pseudomonas pyocyanea \u00e1ltal okozott szaruh\u00e1rtyafek\u00e9ly keletkez\u00e9s\u00e9r\u0151l \u00e9s gy\u00f3gy\u00edt\u00e1s\u00e1r\u00f3l (Nagy Ferenccel). In: Szem\u00e9szet, 1956.; Studies on the Mechanism of Retinal Neovascularization. Role of Lactic Acid. In: British Journal of Ophthalmology, 1964.; Az \u00e9rk\u00e9pz\u0151d\u00e9s mechanizmus\u00e1r\u00f3l \u00e9s a szemben keletkez\u0151 \u00e9r\u00fajdonk\u00e9pz\u0151d\u00e9sek megakad\u00e1lyoz\u00e1s\u00e1r\u00f3l. Kandid\u00e1tusi \u00e9rtekez\u00e9s. Bp., 1966.; Nem erez\u0151d\u0151 cornea-duzzad\u00e1sok \u00e9s \u00e9r\u00fajdonk\u00e9pz\u0151d\u00e9ssel j\u00e1r\u00f3 szembetegs\u00e9gek. Doktori \u00e9rtekez\u00e9s. Bp., 1979.; Szem\u00e9szet fogorvostanhallgat\u00f3k sz\u00e1m\u00e1ra. Egyetemi jegyzet. Bp., 1993.; A primaer glaukoma diagnosztik\u00e1ja \u00e9s ter\u00e1pi\u00e1ja. Szem\u00e9szeti szakmai standardok. In: \u00dajabb eredm\u00e9nyek a szem\u00e9szetben. Bp., 1996.<\/p>\n<p style=\"text-align: justify\"><strong>Nyughelye: <\/strong>Farkasr\u00e9ti temet\u0151 33-4\/0\/1\/45.<\/p>\n<p><strong><a href=\"https:\/\/semmelweis.hu\/baratikor\/galeria\/teljes-nevlista\/imre-gyorgy\/img_20200418_134509\/\" rel=\"attachment wp-att-1865\"><img loading=\"lazy\" decoding=\"async\" class=\"alignleft size-medium wp-image-1865\" src=\"https:\/\/semmelweis.hu\/baratikor\/files\/2023\/01\/IMG_20200418_134509-300x400.jpg\" alt=\"\" width=\"300\" height=\"400\" srcset=\"https:\/\/semmelweis.hu\/baratikor\/files\/2023\/01\/IMG_20200418_134509-300x400.jpg 300w, https:\/\/semmelweis.hu\/baratikor\/files\/2023\/01\/IMG_20200418_134509.jpg 750w\" sizes=\"auto, (max-width: 300px) 100vw, 300px\" \/><\/a><\/strong><\/p>\n","protected":false},"excerpt":{"rendered":"<p><a href=\"https:\/\/semmelweis.hu\/baratikor\/galeria\/teljes-nevlista\/imre-gyorgy\/imre-gyorgy\/\" rel=\"attachment wp-att-1864\"><\/a> (Budapest, 1927. augusztus 17. \u2013 Budapest, 2011. december 24.) Tansz\u00e9k: II. sz. Szem\u00e9szeti Klinika 1984-1986 (mb.), 1986-1996. Nagyapja id. Imre J\u00f3zsef szem\u00e9szorvos volt, \u00e9desapja a k\u00f6nyvkiad\u00f3 v\u00e1llalatok, majd az Orsz\u00e1gos Sz\u00e9chenyi K\u00f6nyvt\u00e1r tisztvisel\u0151jek\u00e9nt dolgozott. K\u00f6z\u00e9piskol\u00e1it Budapesten kezdte, majd csal\u00e1dja 1942-ben Kolozsv\u00e1rra k\u00f6lt\u00f6z\u00f6tt, \u00edgy ott tett \u00e9retts\u00e9git 1945-ben. Ezut\u00e1n a Marosv\u00e1s\u00e1rhelyi Orvosi \u00e9s Gy\u00f3gyszer\u00e9szi Egyetemen v\u00e9gzett &hellip;<\/p>\n","protected":false},"author":282,"featured_media":5394,"parent":347,"menu_order":0,"comment_status":"closed","ping_status":"closed","template":"template-fullwidth.php","meta":{"_acf_changed":false,"footnotes":""},"categories":[77,14],"tags":[],"class_list":["post-1863","page","type-page","status-publish","has-post-thumbnail","hentry","category-kegyeleti-adattar","category-teljes-nevlista"],"acf":[],"_links":{"self":[{"href":"https:\/\/semmelweis.hu\/baratikor\/wp-json\/wp\/v2\/pages\/1863","targetHints":{"allow":["GET"]}}],"collection":[{"href":"https:\/\/semmelweis.hu\/baratikor\/wp-json\/wp\/v2\/pages"}],"about":[{"href":"https:\/\/semmelweis.hu\/baratikor\/wp-json\/wp\/v2\/types\/page"}],"author":[{"embeddable":true,"href":"https:\/\/semmelweis.hu\/baratikor\/wp-json\/wp\/v2\/users\/282"}],"replies":[{"embeddable":true,"href":"https:\/\/semmelweis.hu\/baratikor\/wp-json\/wp\/v2\/comments?post=1863"}],"version-history":[{"count":2,"href":"https:\/\/semmelweis.hu\/baratikor\/wp-json\/wp\/v2\/pages\/1863\/revisions"}],"predecessor-version":[{"id":1867,"href":"https:\/\/semmelweis.hu\/baratikor\/wp-json\/wp\/v2\/pages\/1863\/revisions\/1867"}],"up":[{"embeddable":true,"href":"https:\/\/semmelweis.hu\/baratikor\/wp-json\/wp\/v2\/pages\/347"}],"wp:featuredmedia":[{"embeddable":true,"href":"https:\/\/semmelweis.hu\/baratikor\/wp-json\/wp\/v2\/media\/5394"}],"wp:attachment":[{"href":"https:\/\/semmelweis.hu\/baratikor\/wp-json\/wp\/v2\/media?parent=1863"}],"wp:term":[{"taxonomy":"category","embeddable":true,"href":"https:\/\/semmelweis.hu\/baratikor\/wp-json\/wp\/v2\/categories?post=1863"},{"taxonomy":"post_tag","embeddable":true,"href":"https:\/\/semmelweis.hu\/baratikor\/wp-json\/wp\/v2\/tags?post=1863"}],"curies":[{"name":"wp","href":"https:\/\/api.w.org\/{rel}","templated":true}]}}