{"id":1844,"date":"2023-01-04T08:32:22","date_gmt":"2023-01-04T07:32:22","guid":{"rendered":"https:\/\/semmelweis.hu\/baratikor\/?page_id=1844"},"modified":"2023-10-11T15:47:35","modified_gmt":"2023-10-11T13:47:35","slug":"huszar-ilona","status":"publish","type":"page","link":"https:\/\/semmelweis.hu\/baratikor\/galeria\/teljes-nevlista\/huszar-ilona\/","title":{"rendered":"Husz\u00e1r Ilona"},"content":{"rendered":"<p style=\"text-align: justify\"><strong><a href=\"https:\/\/semmelweis.hu\/baratikor\/galeria\/teljes-nevlista\/huszar-ilona\/huszar-ilona_1\/\" rel=\"attachment wp-att-1847\"><img loading=\"lazy\" decoding=\"async\" class=\"alignleft size-medium wp-image-1847\" src=\"https:\/\/semmelweis.hu\/baratikor\/files\/2023\/01\/Huszar-Ilona_1-400x400.jpg\" alt=\"\" width=\"400\" height=\"400\" srcset=\"https:\/\/semmelweis.hu\/baratikor\/files\/2023\/01\/Huszar-Ilona_1-400x400.jpg 400w, https:\/\/semmelweis.hu\/baratikor\/files\/2023\/01\/Huszar-Ilona_1-150x150.jpg 150w, https:\/\/semmelweis.hu\/baratikor\/files\/2023\/01\/Huszar-Ilona_1-768x769.jpg 768w, https:\/\/semmelweis.hu\/baratikor\/files\/2023\/01\/Huszar-Ilona_1-753x754.jpg 753w, https:\/\/semmelweis.hu\/baratikor\/files\/2023\/01\/Huszar-Ilona_1.jpg 999w\" sizes=\"auto, (max-width: 400px) 100vw, 400px\" \/><\/a>(Budapest, 1924. augusztus 24. \u2013 Budapest, 2009. febru\u00e1r 27.)<\/strong><\/p>\n<p style=\"text-align: justify\"><strong>Tansz\u00e9k: <\/strong>Psychi\u00e1triai Klinika 1984\/85.<\/p>\n<p style=\"text-align: justify\">\u00c9desapja tisztvisel\u0151k\u00e9nt dolgozott, testv\u00e9re, Husz\u00e1r Tibor szociol\u00f3gus, akad\u00e9mikus volt. K\u00f6z\u00e9pfok\u00fa tanulm\u00e1nyait Budapesten, a Kanizsai Dorottya, majd a Zr\u00ednyi Ilona le\u00e1nygimn\u00e1ziumokban v\u00e9gezte, ut\u00f3bbiban 1942-ben jeles eredm\u00e9nnyel \u00e9retts\u00e9gizett. 1945-ben beiratkozott a budapesti orvosi karra. Ugyanebben az \u00e9vben lett az MKP, majd az MDP tagja, de a p\u00e1rt 1956 v\u00e9gi \u00e1talakul\u00e1sa ut\u00e1n tags\u00e1g\u00e1t csak 1972-ben (m\u00e1s forr\u00e1s szerint 1975-ben) \u00faj\u00edtotta meg. Orvosi oklevel\u00e9t 1950. augusztus 25-\u00e9n szerezte, aranydiplom\u00e1j\u00e1t 2000-ben vette \u00e1t. Orvoss\u00e1 avat\u00e1sa ut\u00e1n a Elme- \u00e9s Idegklinika gyakornoka, majd tan\u00e1rseg\u00e9dje lett. 1954. okt\u00f3ber 19-\u00e9n pszichi\u00e1tri\u00e1b\u00f3l, 1959. okt\u00f3ber 20-\u00e1n neurol\u00f3gi\u00e1b\u00f3l tett szakvizsg\u00e1t. 1965-t\u0151l adjunktusk\u00e9nt folytatta munk\u00e1j\u00e1t. 1969. augusztus 22-\u00e9n igazs\u00e1g\u00fcgyi elmeorvosi szakvizsg\u00e1t tett. Ebben az \u00e9vben szerzett kandid\u00e1tusi fokozatot. 1962-t\u0151l az ETT Igazs\u00e1g\u00fcgyi Bizotts\u00e1g\u00e1nak referense, 1971 \u00f3ta tagja. Emellett 1974-t\u0151l volt tagja az ETT Gy\u00f3gyszeralkalmaz\u00e1si \u00e9s Klinikai Farmakol\u00f3giai Bizotts\u00e1g\u00e1nak. 1969. augusztus 22-\u00e9n igazs\u00e1g\u00fcgyi elmeorvostanb\u00f3l tett sikeres szakvizsg\u00e1t. 1972-ben egyetemi docenss\u00e9, 1979. j\u00falius 1-j\u00e9n egyetemi tan\u00e1rr\u00e1 nevezt\u00e9k ki. 1975 okt\u00f3bere \u00f3ta volt tagja az Orsz\u00e1gos Igazs\u00e1g\u00fcgyi Orvostani Int\u00e9zet szakmai koll\u00e9gium\u00e1nak. 1979. december 11-\u00e9n orvosi pszichol\u00f3gia, 1980. szeptember 5-\u00e9n klinikai farmakol\u00f3gia k\u00e9pes\u00edt\u00e9st szerzett. 1984. m\u00e1rcius 20. \u00e9s 1985. j\u00fanius 30. k\u00f6z\u00f6tt a Psychi\u00e1triai Klinika megb\u00edzott vezet\u0151je volt. 1994. j\u00fanius 30-\u00e1n vonult nyugd\u00edjba.<\/p>\n<p style=\"text-align: justify\">P\u00e1ly\u00e1ja kezdet\u00e9n a klinika fiziol\u00f3giai laborat\u00f3rium\u00e1ban dolgozott, ahol az \u00c9lettani Int\u00e9zettel k\u00f6z\u00f6sen v\u00e9geztek k\u00e9nyszerneur\u00f3zisokkal kapcsolatos felt\u00e9teles reflexes vizsg\u00e1latokat. 1960 \u00f3ta foglalkozott rendszeresen igazs\u00e1g\u00fcgyi pszichi\u00e1tri\u00e1val, kandid\u00e1tusi \u00e9rtekez\u00e9se is ebben a t\u00e1rgyk\u00f6rben k\u00e9sz\u00fclt. \u00c9rdekl\u0151d\u00e9se k\u00e9s\u0151bb ezen t\u00e9mak\u00f6r\u00f6n bel\u00fcl az organikus pszicho szindr\u00f3m\u00e1k, els\u0151sorban az epilepszia pszichi\u00e1triai probl\u00e9m\u00e1i fel\u00e9 fordult. Foglalkozott a sclerosis multiplexn\u00e9l fell\u00e9p\u0151 pszichopatol\u00f3giai elt\u00e9r\u00e9sekkel, traum\u00e1kat k\u00f6vet\u0151 k\u00e9s\u0151i pszichoorganikus t\u00fcnetcsoportokkal, valamint szoci\u00e1lpszichi\u00e1triai kutat\u00e1sokkal.<\/p>\n<p style=\"text-align: justify\">Az Igazs\u00e1g\u00fcgyi Orvosok \u00e9s a Pszichi\u00e1triai T\u00e1rsas\u00e1g Elmeszak\u00e9rt\u0151i szekci\u00f3j\u00e1nak v\u00e1lasztott eln\u00f6ke \u00e9s a Pszichi\u00e1triai T\u00e1rsas\u00e1g vezet\u0151s\u00e9gi tagja volt.<\/p>\n<p style=\"text-align: justify\">Kit\u00fcntet\u00e9sei: miniszteri dics\u00e9ret (1976), Haza Szolg\u00e1lat\u00e1\u00e9rt \u00c9rdem\u00e9rem ez\u00fcst fokozata (1976), Kiv\u00e1l\u00f3 Orvos (1978), SOTE Kiv\u00e1l\u00f3 Oktat\u00f3ja I. (1984), Batthy\u00e1ny-Strattmann L\u00e1szl\u00f3-d\u00edj (1995), Honthy Hanna-d\u00edj (2002), Magyar K\u00f6zt\u00e1rsas\u00e1gi Ez\u00fcst \u00c9rdemkereszt (2005).<\/p>\n<p style=\"text-align: justify\"><strong>F\u0151bb munk\u00e1i:<\/strong> K\u00eds\u00e9rlet a besz\u00e1m\u00edthat\u00f3s\u00e1g korszer\u0171 meghat\u00e1roz\u00e1s\u00e1ra. Kandid\u00e1tusi \u00e9rtekez\u00e9s. Bp., MTA TMB. 1969.; Igazs\u00e1g\u00fcgyi pszichi\u00e1tria (Kuncz Elem\u00e9rrel). Bp., 1998.; A pszichi\u00e1tria v\u00e1zlata. F\u0151iskolai jegyzet (szerk.). Bp., 1998; 2001.; T\u00e9nyek \u00e9s gondolatok a 20. sz\u00e1zad magyar pszichi\u00e1tri\u00e1j\u00e1r\u00f3l. A Magyar Pszichi\u00e1triai T\u00e1rsas\u00e1g jubileumi \u00e9vk\u00f6nyve (szerk.). Bp., 2000.; Pszichi\u00e1triai alapismeretek fogorvosoknak (Bitter Istv\u00e1nnal). Bp., 2007.; Igazs\u00e1g\u00fcgyi pszichi\u00e1tria. A pszichi\u00e1tria r\u00f6vid\u00edtett k\u00e9zik\u00f6nyve. Bp., 2007.; A Balassa utcai klinik\u00e1k 100 \u00e9ve. Szemelv\u00e9nyek az int\u00e9zm\u00e9ny t\u00f6rt\u00e9net\u00e9b\u0151l. 1908\u20132008. (szerk. Bitter Istv\u00e1nnal \u00e9s Szirmai Imr\u00e9vel). Bp., 2008.<\/p>\n<p style=\"text-align: justify\"><strong>Nyughelye:<\/strong> Budapest, Fiumei \u00fati temet\u0151 36\/0\/0\/2 sz\u00f3r\u00f3 parcella 7. k\u0151, bal oldal, 2. oszlop, 8. sor.<\/p>\n<p><strong><a href=\"https:\/\/semmelweis.hu\/baratikor\/galeria\/teljes-nevlista\/huszar-ilona\/huszar-ilona\/\" rel=\"attachment wp-att-1845\"><img loading=\"lazy\" decoding=\"async\" class=\"alignleft size-medium wp-image-1845\" src=\"https:\/\/semmelweis.hu\/baratikor\/files\/2023\/01\/Huszar-Ilona-267x400.jpg\" alt=\"\" width=\"267\" height=\"400\" srcset=\"https:\/\/semmelweis.hu\/baratikor\/files\/2023\/01\/Huszar-Ilona-267x400.jpg 267w, https:\/\/semmelweis.hu\/baratikor\/files\/2023\/01\/Huszar-Ilona.jpg 667w\" sizes=\"auto, (max-width: 267px) 100vw, 267px\" \/><\/a><\/strong><\/p>\n","protected":false},"excerpt":{"rendered":"<p><a href=\"https:\/\/semmelweis.hu\/baratikor\/galeria\/teljes-nevlista\/huszar-ilona\/huszar-ilona_1\/\" rel=\"attachment wp-att-1847\"><\/a> (Budapest, 1924. augusztus 24. \u2013 Budapest, 2009. febru\u00e1r 27.) Tansz\u00e9k: Psychi\u00e1triai Klinika 1984\/85. \u00c9desapja tisztvisel\u0151k\u00e9nt dolgozott, testv\u00e9re, Husz\u00e1r Tibor szociol\u00f3gus, akad\u00e9mikus volt. K\u00f6z\u00e9pfok\u00fa tanulm\u00e1nyait Budapesten, a Kanizsai Dorottya, majd a Zr\u00ednyi Ilona le\u00e1nygimn\u00e1ziumokban v\u00e9gezte, ut\u00f3bbiban 1942-ben jeles eredm\u00e9nnyel \u00e9retts\u00e9gizett. 1945-ben beiratkozott a budapesti orvosi karra. Ugyanebben az \u00e9vben lett az MKP, majd az MDP tagja, &hellip;<\/p>\n","protected":false},"author":282,"featured_media":5392,"parent":347,"menu_order":0,"comment_status":"closed","ping_status":"closed","template":"template-fullwidth.php","meta":{"_acf_changed":false,"footnotes":""},"categories":[77,14],"tags":[],"class_list":["post-1844","page","type-page","status-publish","has-post-thumbnail","hentry","category-kegyeleti-adattar","category-teljes-nevlista"],"acf":[],"_links":{"self":[{"href":"https:\/\/semmelweis.hu\/baratikor\/wp-json\/wp\/v2\/pages\/1844","targetHints":{"allow":["GET"]}}],"collection":[{"href":"https:\/\/semmelweis.hu\/baratikor\/wp-json\/wp\/v2\/pages"}],"about":[{"href":"https:\/\/semmelweis.hu\/baratikor\/wp-json\/wp\/v2\/types\/page"}],"author":[{"embeddable":true,"href":"https:\/\/semmelweis.hu\/baratikor\/wp-json\/wp\/v2\/users\/282"}],"replies":[{"embeddable":true,"href":"https:\/\/semmelweis.hu\/baratikor\/wp-json\/wp\/v2\/comments?post=1844"}],"version-history":[{"count":2,"href":"https:\/\/semmelweis.hu\/baratikor\/wp-json\/wp\/v2\/pages\/1844\/revisions"}],"predecessor-version":[{"id":1849,"href":"https:\/\/semmelweis.hu\/baratikor\/wp-json\/wp\/v2\/pages\/1844\/revisions\/1849"}],"up":[{"embeddable":true,"href":"https:\/\/semmelweis.hu\/baratikor\/wp-json\/wp\/v2\/pages\/347"}],"wp:featuredmedia":[{"embeddable":true,"href":"https:\/\/semmelweis.hu\/baratikor\/wp-json\/wp\/v2\/media\/5392"}],"wp:attachment":[{"href":"https:\/\/semmelweis.hu\/baratikor\/wp-json\/wp\/v2\/media?parent=1844"}],"wp:term":[{"taxonomy":"category","embeddable":true,"href":"https:\/\/semmelweis.hu\/baratikor\/wp-json\/wp\/v2\/categories?post=1844"},{"taxonomy":"post_tag","embeddable":true,"href":"https:\/\/semmelweis.hu\/baratikor\/wp-json\/wp\/v2\/tags?post=1844"}],"curies":[{"name":"wp","href":"https:\/\/api.w.org\/{rel}","templated":true}]}}

Huszár Ilona

<p style="text-align: justify"><strong><a href="https://semmelweis.hu/baratikor/galeria/teljes-nevlista/huszar-ilona/huszar-ilona_1/" rel="attachment wp-att-1847"><img loading="lazy" decoding="async" class="alignleft size-medium wp-image-1847" src="https://semmelweis.hu/baratikor/files/2023/01/Huszar-Ilona_1-400x400.jpg" alt="" width="400" height="400" srcset="https://semmelweis.hu/baratikor/files/2023/01/Huszar-Ilona_1-400x400.jpg 400w, https://semmelweis.hu/baratikor/files/2023/01/Huszar-Ilona_1-150x150.jpg 150w, https://semmelweis.hu/baratikor/files/2023/01/Huszar-Ilona_1-768x769.jpg 768w, https://semmelweis.hu/baratikor/files/2023/01/Huszar-Ilona_1-753x754.jpg 753w, https://semmelweis.hu/baratikor/files/2023/01/Huszar-Ilona_1.jpg 999w" sizes="auto, (max-width: 400px) 100vw, 400px" /></a>(Budapest, 1924. augusztus 24. – Budapest, 2009. február 27.)</strong></p>
<p style="text-align: justify"><strong>Tanszék: </strong>Psychiátriai Klinika 1984/85.</p>
<p style="text-align: justify">Édesapja tisztviselőként dolgozott, testvére, Huszár Tibor szociológus, akadémikus volt. Középfokú tanulmányait Budapesten, a Kanizsai Dorottya, majd a Zrínyi Ilona leánygimnáziumokban végezte, utóbbiban 1942-ben jeles eredménnyel érettségizett. 1945-ben beiratkozott a budapesti orvosi karra. Ugyanebben az évben lett az MKP, majd az MDP tagja, de a párt 1956 végi átalakulása után tagságát csak 1972-ben (más forrás szerint 1975-ben) újította meg. Orvosi oklevelét 1950. augusztus 25-én szerezte, aranydiplomáját 2000-ben vette át. Orvossá avatása után a Elme- és Idegklinika gyakornoka, majd tanársegédje lett. 1954. október 19-én pszichiátriából, 1959. október 20-án neurológiából tett szakvizsgát. 1965-től adjunktusként folytatta munkáját. 1969. augusztus 22-én igazságügyi elmeorvosi szakvizsgát tett. Ebben az évben szerzett kandidátusi fokozatot. 1962-től az ETT Igazságügyi Bizottságának referense, 1971 óta tagja. Emellett 1974-től volt tagja az ETT Gyógyszeralkalmazási és Klinikai Farmakológiai Bizottságának. 1969. augusztus 22-én igazságügyi elmeorvostanból tett sikeres szakvizsgát. 1972-ben egyetemi docenssé, 1979. július 1-jén egyetemi tanárrá nevezték ki. 1975 októbere óta volt tagja az Országos Igazságügyi Orvostani Intézet szakmai kollégiumának. 1979. december 11-én orvosi pszichológia, 1980. szeptember 5-én klinikai farmakológia képesítést szerzett. 1984. március 20. és 1985. június 30. között a Psychiátriai Klinika megbízott vezetője volt. 1994. június 30-án vonult nyugdíjba.</p>
<p style="text-align: justify">Pályája kezdetén a klinika fiziológiai laboratóriumában dolgozott, ahol az Élettani Intézettel közösen végeztek kényszerneurózisokkal kapcsolatos feltételes reflexes vizsgálatokat. 1960 óta foglalkozott rendszeresen igazságügyi pszichiátriával, kandidátusi értekezése is ebben a tárgykörben készült. Érdeklődése később ezen témakörön belül az organikus pszicho szindrómák, elsősorban az epilepszia pszichiátriai problémái felé fordult. Foglalkozott a sclerosis multiplexnél fellépő pszichopatológiai eltérésekkel, traumákat követő késői pszichoorganikus tünetcsoportokkal, valamint szociálpszichiátriai kutatásokkal.</p>
<p style="text-align: justify">Az Igazságügyi Orvosok és a Pszichiátriai Társaság Elmeszakértői szekciójának választott elnöke és a Pszichiátriai Társaság vezetőségi tagja volt.</p>
<p style="text-align: justify">Kitüntetései: miniszteri dicséret (1976), Haza Szolgálatáért Érdemérem ezüst fokozata (1976), Kiváló Orvos (1978), SOTE Kiváló Oktatója I. (1984), Batthyány-Strattmann László-díj (1995), Honthy Hanna-díj (2002), Magyar Köztársasági Ezüst Érdemkereszt (2005).</p>
<p style="text-align: justify"><strong>Főbb munkái:</strong> Kísérlet a beszámíthatóság korszerű meghatározására. Kandidátusi értekezés. Bp., MTA TMB. 1969.; Igazságügyi pszichiátria (Kuncz Elemérrel). Bp., 1998.; A pszichiátria vázlata. Főiskolai jegyzet (szerk.). Bp., 1998; 2001.; Tények és gondolatok a 20. század magyar pszichiátriájáról. A Magyar Pszichiátriai Társaság jubileumi évkönyve (szerk.). Bp., 2000.; Pszichiátriai alapismeretek fogorvosoknak (Bitter Istvánnal). Bp., 2007.; Igazságügyi pszichiátria. A pszichiátria rövidített kézikönyve. Bp., 2007.; A Balassa utcai klinikák 100 éve. Szemelvények az intézmény történetéből. 1908–2008. (szerk. Bitter Istvánnal és Szirmai Imrével). Bp., 2008.</p>
<p style="text-align: justify"><strong>Nyughelye:</strong> Budapest, Fiumei úti temető 36/0/0/2 szóró parcella 7. kő, bal oldal, 2. oszlop, 8. sor.</p>
<p><strong><a href="https://semmelweis.hu/baratikor/galeria/teljes-nevlista/huszar-ilona/huszar-ilona/" rel="attachment wp-att-1845"><img loading="lazy" decoding="async" class="alignleft size-medium wp-image-1845" src="https://semmelweis.hu/baratikor/files/2023/01/Huszar-Ilona-267x400.jpg" alt="" width="267" height="400" srcset="https://semmelweis.hu/baratikor/files/2023/01/Huszar-Ilona-267x400.jpg 267w, https://semmelweis.hu/baratikor/files/2023/01/Huszar-Ilona.jpg 667w" sizes="auto, (max-width: 267px) 100vw, 267px" /></a></strong></p>

<p><a href="https://semmelweis.hu/baratikor/galeria/teljes-nevlista/huszar-ilona/huszar-ilona_1/" rel="attachment wp-att-1847"></a> (Budapest, 1924. augusztus 24. – Budapest, 2009. február 27.) Tanszék: Psychiátriai Klinika 1984/85. Édesapja tisztviselőként dolgozott, testvére, Huszár Tibor szociológus, akadémikus volt. Középfokú tanulmányait Budapesten, a Kanizsai Dorottya, majd a Zrínyi Ilona leánygimnáziumokban végezte, utóbbiban 1942-ben jeles eredménnyel érettségizett. 1945-ben beiratkozott a budapesti orvosi karra. Ugyanebben az évben lett az MKP, majd az MDP tagja, &hellip;</p>
