{"id":1797,"date":"2023-01-04T08:14:09","date_gmt":"2023-01-04T07:14:09","guid":{"rendered":"https:\/\/semmelweis.hu\/baratikor\/?page_id=1797"},"modified":"2023-10-11T15:32:09","modified_gmt":"2023-10-11T13:32:09","slug":"hedri-endre","status":"publish","type":"page","link":"https:\/\/semmelweis.hu\/baratikor\/galeria\/teljes-nevlista\/hedri-endre\/","title":{"rendered":"Hedri Endre"},"content":{"rendered":"<p style=\"text-align: justify\"><strong><a href=\"https:\/\/semmelweis.hu\/baratikor\/galeria\/teljes-nevlista\/hedri-endre\/hedri-endre\/\" rel=\"attachment wp-att-1798\"><img loading=\"lazy\" decoding=\"async\" class=\"alignleft size-medium wp-image-1798\" src=\"https:\/\/semmelweis.hu\/baratikor\/files\/2023\/01\/Hedri-Endre-275x400.jpg\" alt=\"\" width=\"275\" height=\"400\" srcset=\"https:\/\/semmelweis.hu\/baratikor\/files\/2023\/01\/Hedri-Endre-275x400.jpg 275w, https:\/\/semmelweis.hu\/baratikor\/files\/2023\/01\/Hedri-Endre.jpg 687w\" sizes=\"auto, (max-width: 275px) 100vw, 275px\" \/><\/a>(Brebir\/Bosna Gradiska, Bosznia, 1893. szeptember 19. \u2013 Budapest, 1962. november 11.)<\/strong><\/p>\n<p style=\"text-align: justify\"><strong>Tansz\u00e9k: <\/strong>III. sz. Seb\u00e9szeti Klinika 1947-1949, I. sz. Seb\u00e9szeti Klinika 1949-1962.<\/p>\n<p style=\"text-align: justify\">Orvoscsal\u00e1db\u00f3l sz\u00e1rmazik, \u00e9desapja j\u00e1r\u00e1si orvosk\u00e9nt m\u0171k\u00f6d\u00f6tt. Eredeti neve Schossberger Hermann (a v\u00e9gzett orvostanhallgat\u00f3k jegyz\u00e9k\u00e9ben Schossberger \u00c1rmin Endre Gyula) volt, amit 1919-ben v\u00e1ltoztatott meg. Orvosi oklevelet Budapesten kapott 1915. december 7-\u00e9n. Orvosn\u00f6vend\u00e9k kor\u00e1ban 1913\/14. tan\u00e9v folyam\u00e1n a Krompecher \u00d6d\u00f6n vezette II. sz. K\u00f3rbonctani Int\u00e9zetben gyakornokoskodott. 1914-t\u0151l Herczel Man\u00f3 mellett, a R\u00f3kus k\u00f3rh\u00e1z I. sz. seb\u00e9szeti oszt\u00e1ly\u00e1n lett el\u0151bb seg\u00e9d-, majd alorvos, ahol seb\u00e9szi k\u00e9pzetts\u00e9g\u00e9nek alapjait kapta, f\u0151k\u00e9nt a hasi seb\u00e9szetben. Mestere 1918-ban bek\u00f6vetkezett hal\u00e1l\u00e1ig dolgozott itt, majd k\u00fclf\u00f6ldi tanulm\u00e1ny\u00fatra indult. 1919\/20-ban az Anton Eiselberg vezet\u00e9se alatt m\u0171k\u00f6d\u0151 b\u00e9csi seb\u00e9szeti klinik\u00e1n dolgozott \u00f6nk\u00e9ntes asszisztensk\u00e9nt. Innen a m\u00fcncheni seb\u00e9szeti klinik\u00e1ra ment, ahol Ferdinand Sauerbruch mellett t\u00f6lthetett f\u00e9l \u00e9vet a t\u00fcd\u0151-, illetve a mellkasi seb\u00e9szet tanulm\u00e1nyoz\u00e1s\u00e1val. 1921\/22-ben Lipcs\u00e9ben, Erwin Payr mellett volt tudom\u00e1nyos asszisztens. Innen h\u00edvta haza Vid\u00e1kovits Kamill\u00f3 professzor a szegedi seb\u00e9szeti klinik\u00e1ra, ahol 1924. szeptember 26-\u00e1n m\u0171t\u0151seb\u00e9szi oklevelet szerzett. 1924-1927 k\u00f6z\u00f6tt a budapesti T\u00fcd\u0151gondoz\u00f3 seb\u00e9szeti oszt\u00e1ly\u00e1n rendel\u0151 f\u0151orvosk\u00e9nt dolgozott, mik\u00f6zben 1927-ben a Sz\u00e9kesf\u0151v\u00e1rosi Erzs\u00e9bet Szeretetotthonban helyettes\u00edtette a seb\u00e9sz f\u0151orvost. 1927-ben az Uzsoki utcai k\u00f3rh\u00e1z seb\u00e9szeti oszt\u00e1ly\u00e1ra kapott alorvosi, majd adjunktusi, 1929-ben pedig k\u00f3rh\u00e1zi f\u0151orvosi kinevez\u00e9st. Ezzel egy\u00fctt megb\u00edzt\u00e1k a k\u00f3rh\u00e1z baleseti seb\u00e9szeti oszt\u00e1ly\u00e1nak vezet\u00e9s\u00e9vel, ahov\u00e1 1933-ban kinevez\u00e9st is kapott. 1940-ben \u00e1ltal\u00e1nos seb\u00e9szeti oszt\u00e1ly n\u00e9ven egyes\u00edtett\u00e9k a k\u00e9t seb\u00e9szeti oszt\u00e1lyt, melynek vezet\u00e9s\u00e9t \u0151 vitte tov\u00e1bb. 1939-ben s\u00falyos s\u00e9r\u00fcl\u00e9st szenvedett, ami miatt t\u00f6bb mint egy \u00e9vig betegeskedett. Ezzel kapcsolatban 1942-ben \u00f6t m\u0171t\u00e9ten esett \u00e1t. 1943-ban a Szoci\u00e1ldemokrata P\u00e1rt tagja lett. 1944-ben, az orsz\u00e1g n\u00e9met megsz\u00e1ll\u00e1sa ut\u00e1n elvesz\u00edtette \u00e1ll\u00e1s\u00e1t, 1945 febru\u00e1rj\u00e1ig illegalit\u00e1sban volt. 1945 m\u00e1rcius\u00e1ban megb\u00edzt\u00e1k az OTI Baleseti K\u00f3rh\u00e1z\u00e1nak (k\u00e9s\u0151bb Kolt\u00f3i Anna K\u00f3rh\u00e1z) igazgat\u00e1s\u00e1val, egyben a k\u00f3rh\u00e1z I. sz. seb\u00e9szeti oszt\u00e1ly\u00e1nak vezet\u00e9s\u00e9vel. 1945. augusztus 1-j\u00e9n az igazgat\u00f3 f\u0151orvosi megb\u00edz\u00e1st kinevez\u00e9sre v\u00e1ltoztatt\u00e1k. 1947-ben az \u00e1ltala vezetett oszt\u00e1lyb\u00f3l alak\u00edtott\u00e1k ki a P\u00e1zm\u00e1ny P\u00e9ter Tudom\u00e1nyegyetem Orvostudom\u00e1nyi Kar\u00e1nak III. sz. Seb\u00e9szeti Klinik\u00e1j\u00e1t, ez\u00e9rt nyilv\u00e1nos rendes egyetemi tan\u00e1ri c\u00edmet kapott. Innen 1949-ben Borisz V. Petrovszkij, szovjet vend\u00e9gprofesszor \u00e9rkez\u00e9sekor \u00e1thelyezt\u00e9k az I. sz. Seb\u00e9szeti Klinika \u00e9l\u00e9re. 1951 v\u00e9g\u00e9n k\u00e9rv\u00e9nyezte a Tudom\u00e1nyos Min\u0151s\u00edt\u0151 Bizotts\u00e1gt\u00f3l az orvostudom\u00e1nyok doktora fokozatot, de csak a kandid\u00e1tusit \u00edt\u00e9lt\u00e9k meg. 1956-os magatart\u00e1s\u00e1\u00e9rt az eg\u00e9szs\u00e9g\u00fcgyi miniszter 1957. j\u00falius 27-\u00e9n sz\u00f3beli fedd\u00e9sben r\u00e9szes\u00edtette. 1956 ut\u00e1n p\u00e1rttags\u00e1g\u00e1t nem \u00faj\u00edtotta meg.<\/p>\n<p style=\"text-align: justify\">Munk\u00e1ss\u00e1g\u00e1ban jelent\u0151s a csontt\u00f6r\u00e9sek kezel\u00e9se \u00e9s \u00e1ltal\u00e1ban a traumatol\u00f3gia, tov\u00e1bb\u00e1 a vastagb\u00e9lr\u00e1k m\u0171t\u00e9ti megold\u00e1sai. A baleseti seb\u00e9szet egyik hazai \u00fatt\u00f6r\u0151j\u00e9nek sz\u00e1m\u00edt.<\/p>\n<p style=\"text-align: justify\">Kit\u00fcntet\u00e9sei: Magyar N\u00e9pk\u00f6zt\u00e1rsas\u00e1gi \u00c9rdemrend V. fokozat (1949), Kiv\u00e1l\u00f3 orvos (1952), Munka \u00c9rdemrend (1953), Lipcsei Egyetem tiszteletbeli doktora (1959), N\u00e9met Seb\u00e9szt\u00e1rsas\u00e1g levelez\u0151 tagja (1960).<\/p>\n<p style=\"text-align: justify\"><strong>F\u0151bb munk\u00e1i:<\/strong> <em>A seb\u00e9szi g\u00fcm\u0151k\u00f3r ter\u00e1pi\u00e1ja<\/em>. Bp., 1925.; <em>Hasi s\u00e9r\u00fcl\u00e9sek<\/em>. Bp., 1933<em>.; <\/em><em>A vastagb\u00e9lseb\u00e9szet probl\u00e9m\u00e1ir\u00f3l<\/em>. Bp., 1949.; <em>Az osteosynthesisr\u0151l<\/em>. Bp., 1951.; <em>R\u00e9szletes seb\u00e9szet<\/em> (et al.). Bp., 1951.; <em>A v\u00e9gb\u00e9lr\u00e1k korszer\u0171 gy\u00f3gy\u00edt\u00e1sa<\/em>. Bp., 1959.<\/p>\n<p style=\"text-align: justify\"><strong>Nyughelye:<\/strong> Budapest, Farkasr\u00e9ti temet\u0151 1\/0\/1\/121.<\/p>\n","protected":false},"excerpt":{"rendered":"<p><a href=\"https:\/\/semmelweis.hu\/baratikor\/galeria\/teljes-nevlista\/hedri-endre\/hedri-endre\/\" rel=\"attachment wp-att-1798\"><\/a> (Brebir\/Bosna Gradiska, Bosznia, 1893. szeptember 19. \u2013 Budapest, 1962. november 11.) Tansz\u00e9k: III. sz. Seb\u00e9szeti Klinika 1947-1949, I. sz. Seb\u00e9szeti Klinika 1949-1962. Orvoscsal\u00e1db\u00f3l sz\u00e1rmazik, \u00e9desapja j\u00e1r\u00e1si orvosk\u00e9nt m\u0171k\u00f6d\u00f6tt. Eredeti neve Schossberger Hermann (a v\u00e9gzett orvostanhallgat\u00f3k jegyz\u00e9k\u00e9ben Schossberger \u00c1rmin Endre Gyula) volt, amit 1919-ben v\u00e1ltoztatott meg. Orvosi oklevelet Budapesten kapott 1915. december 7-\u00e9n. Orvosn\u00f6vend\u00e9k kor\u00e1ban 1913\/14. &hellip;<\/p>\n","protected":false},"author":282,"featured_media":5383,"parent":347,"menu_order":0,"comment_status":"closed","ping_status":"closed","template":"template-fullwidth.php","meta":{"_acf_changed":false,"footnotes":""},"categories":[77,14],"tags":[],"class_list":["post-1797","page","type-page","status-publish","has-post-thumbnail","hentry","category-kegyeleti-adattar","category-teljes-nevlista"],"acf":[],"_links":{"self":[{"href":"https:\/\/semmelweis.hu\/baratikor\/wp-json\/wp\/v2\/pages\/1797","targetHints":{"allow":["GET"]}}],"collection":[{"href":"https:\/\/semmelweis.hu\/baratikor\/wp-json\/wp\/v2\/pages"}],"about":[{"href":"https:\/\/semmelweis.hu\/baratikor\/wp-json\/wp\/v2\/types\/page"}],"author":[{"embeddable":true,"href":"https:\/\/semmelweis.hu\/baratikor\/wp-json\/wp\/v2\/users\/282"}],"replies":[{"embeddable":true,"href":"https:\/\/semmelweis.hu\/baratikor\/wp-json\/wp\/v2\/comments?post=1797"}],"version-history":[{"count":2,"href":"https:\/\/semmelweis.hu\/baratikor\/wp-json\/wp\/v2\/pages\/1797\/revisions"}],"predecessor-version":[{"id":1800,"href":"https:\/\/semmelweis.hu\/baratikor\/wp-json\/wp\/v2\/pages\/1797\/revisions\/1800"}],"up":[{"embeddable":true,"href":"https:\/\/semmelweis.hu\/baratikor\/wp-json\/wp\/v2\/pages\/347"}],"wp:featuredmedia":[{"embeddable":true,"href":"https:\/\/semmelweis.hu\/baratikor\/wp-json\/wp\/v2\/media\/5383"}],"wp:attachment":[{"href":"https:\/\/semmelweis.hu\/baratikor\/wp-json\/wp\/v2\/media?parent=1797"}],"wp:term":[{"taxonomy":"category","embeddable":true,"href":"https:\/\/semmelweis.hu\/baratikor\/wp-json\/wp\/v2\/categories?post=1797"},{"taxonomy":"post_tag","embeddable":true,"href":"https:\/\/semmelweis.hu\/baratikor\/wp-json\/wp\/v2\/tags?post=1797"}],"curies":[{"name":"wp","href":"https:\/\/api.w.org\/{rel}","templated":true}]}}