{"id":1653,"date":"2023-01-03T13:14:46","date_gmt":"2023-01-03T12:14:46","guid":{"rendered":"https:\/\/semmelweis.hu\/baratikor\/?page_id=1653"},"modified":"2023-10-11T15:12:29","modified_gmt":"2023-10-11T13:12:29","slug":"gebhardt-lajos","status":"publish","type":"page","link":"https:\/\/semmelweis.hu\/baratikor\/galeria\/teljes-nevlista\/gebhardt-lajos\/","title":{"rendered":"Gebhardt Lajos"},"content":{"rendered":"<p style=\"text-align: justify\"><strong><a href=\"https:\/\/semmelweis.hu\/baratikor\/galeria\/teljes-nevlista\/gebhardt-lajos\/gebhardt-lajos-1892-318-iv-86-2\/\" rel=\"attachment wp-att-1654\"><img loading=\"lazy\" decoding=\"async\" class=\"alignleft size-medium wp-image-1654\" src=\"https:\/\/semmelweis.hu\/baratikor\/files\/2023\/01\/Gebhardt-Lajos-1892-318.-IV.86.2-283x400.jpg\" alt=\"\" width=\"283\" height=\"400\" srcset=\"https:\/\/semmelweis.hu\/baratikor\/files\/2023\/01\/Gebhardt-Lajos-1892-318.-IV.86.2-283x400.jpg 283w, https:\/\/semmelweis.hu\/baratikor\/files\/2023\/01\/Gebhardt-Lajos-1892-318.-IV.86.2.jpg 708w\" sizes=\"auto, (max-width: 283px) 100vw, 283px\" \/><\/a> (Pest, 1836. j\u00falius 28. \u2013 Budapest, 1908. j\u00falius 12.)<\/strong><\/p>\n<p style=\"text-align: justify\"><strong>Tansz\u00e9k: <\/strong>Bels\u0151 bajok k\u00f3r- \u00e9s gy\u00f3gytana (helyettesk\u00e9nt) 1863-1865, elm\u00e9leti orvostan seb\u00e9szeknek (helyettesk\u00e9nt) 1866\/67.<\/p>\n<p style=\"text-align: justify\">Gebhardt Xav\u00e9r Ferenc orvosprofesszor fia. 1860. m\u00e1jus 13-\u00e1n orvosdoktori, 1861. j\u00falius 22-\u00e9n seb\u00e9szdoktori diplom\u00e1t szerzett a pesti egyetemen, majd Sauer Ign\u00e1c belklinik\u00e1j\u00e1n lett tan\u00e1rseg\u00e9d. 1862\/63-ban mag\u00e1ntan\u00e1ri k\u00e9pes\u00edt\u00e9st szerzett a mellk\u00f3risme \u00e9s gy\u00f3gytan t\u00e1rgyk\u00f6r\u00e9ben. 1863-ban tagja lett a f\u0151v\u00e1ros t\u00f6rv\u00e9nyhat\u00f3s\u00e1gi bizotts\u00e1g\u00e1nak. 1864-ben t\u00f6bb h\u00f3napot t\u00f6lt\u00f6tt P\u00e1rizsban, ahol k\u00f3rh\u00e1zi tapasztalatokat gy\u0171jt\u00f6tt, majd hazat\u00e9rve a Szent R\u00f3kus-k\u00f3rh\u00e1z belgy\u00f3gy\u00e1szati oszt\u00e1ly\u00e1nak f\u0151orvos\u00e1v\u00e1 v\u00e1lasztott\u00e1k. 1863-t\u00f3l k\u00e9t tan\u00e9ven \u00e1t az egyetem belgy\u00f3gy\u00e1szati tansz\u00e9k\u00e9n, majd 1866\/67. tan\u00e9vben az elm\u00e9leti orvostan seb\u00e9szeknek tansz\u00e9ken volt helyettes tan\u00e1r. 1868-ban a mellk\u00f3r- \u00e9s gy\u00f3gytan rendk\u00edv\u00fcli tan\u00e1r\u00e1nak nevezt\u00e9k ki, amit tiszti f\u0151orvosi kinevez\u00e9s\u00e9ig, vagyis 1887-ig l\u00e1tott el. 1874-ben a R\u00f3kus-k\u00f3rh\u00e1z ideiglenes, majd 1877-t\u0151l kinevezett igazgat\u00f3ja volt, aki sokat tett a k\u00f3rh\u00e1z korszer\u0171s\u00edt\u00e9se \u00e9rdek\u00e9ben. A zs\u00fafolts\u00e1g megsz\u00fcntet\u00e9s\u00e9t fi\u00f3kkorh\u00e1zak l\u00e9tes\u00edt\u00e9s\u00e9vel \u00e9rte el, melyeket az \u00e1ltala k\u00e9sz\u00edtett program szerint \u00e9p\u00edtettek \u00e9s szereltek fel. Az 1885. \u00e9vi orsz\u00e1gos ki\u00e1ll\u00edt\u00e1s alkalm\u00e1val, addigi tev\u00e9kenys\u00e9ge elismer\u00e9s\u00e9\u00fcl megkapta a vaskorona rend III. fokozat\u00e1t. Budapest tiszti f\u0151orvosak\u00e9nt k\u00fcl\u00f6n\u00f6s gondot ford\u00edtott a v\u00e1ros csatorn\u00e1z\u00e1s\u00e1ra \u00e9s j\u00f3 iv\u00f3v\u00edzell\u00e1t\u00e1s\u00e1ra, nagyon sokat tett az 1888-89-ben d\u00fch\u00f6ng\u00f6tt t\u00edfuszj\u00e1rv\u00e1ny elfojt\u00e1s\u00e1\u00e9rt. B\u00e1b\u00e1skod\u00e1sa r\u00e9v\u00e9n kezdte meg m\u0171k\u00f6d\u00e9s\u00e9t 1890-ben a F\u0151v\u00e1rosi Bakteriol\u00f3giai Int\u00e9zet, illetve a Himl\u0151-, Nyirok- \u00e9s Olt\u00f3int\u00e9zet, majd 1892-ben a Fert\u0151tlen\u00edt\u0151 \u00c1llom\u00e1s.<\/p>\n<p style=\"text-align: justify\"><strong>F\u0151bb munk\u00e1i:<\/strong> A szivbellob \u00e9s szivburoklobr\u00f3l, \u00c9szrev\u00e9tek a v\u00e1lt\u00f3l\u00e1zak ism\u00e9je \u00e9s gy\u00f3gykezel\u00e9se k\u00f6r\u0171l. In: Gy\u00f3gy\u00e1szat, 1861.; A szivhangok sz\u00e1rmaz\u00e1s\u00e1r\u00f3l. In: Gy\u00f3gy\u00e1szat, 1862.; A l\u00e9gmell isme \u00e9s gy\u00f3gytana. In: Gy\u00f3gy\u00e1szat, 1863.; Az emberi \u00e9lettan alapvonalai. Wundt nyom\u00e1n. Buda, 1869.; A k\u00f3rh\u00e1zak \u00e9s gy\u00f3gyint\u00e9zetek. Bp., 1879.; A szivhangok sz\u00e1rmaz\u00e1sa. In: Gy\u00f3gy\u00e1szat, 1887.; A calomel mint diureticum szivbajokn\u00e1l. In: Gy\u00f3gy\u00e1szat, 1889.; Jelent\u00e9s a f\u0151- \u00e9s sz\u00e9kv\u00e1rosban 1892-93. \u00e9vben fell\u00e9pett choler\u00e1r\u00f3l. Bp. 1893.<\/p>\n<p style=\"text-align: justify\"><strong>Nyughelye:<\/strong> Budapest, Fiumei \u00fati temet\u0151, bal fal mellett, N\/A, N\/A, 81 (2004-ben v\u00e9dett\u00e9 nyilv\u00e1n\u00edtva).<\/p>\n<p><strong><a href=\"https:\/\/semmelweis.hu\/baratikor\/galeria\/teljes-nevlista\/gebhardt-lajos\/gebhardt-csalad-sirja\/\" rel=\"attachment wp-att-1655\"><img loading=\"lazy\" decoding=\"async\" class=\"alignleft size-medium wp-image-1655\" src=\"https:\/\/semmelweis.hu\/baratikor\/files\/2023\/01\/Gebhardt-csalad-sirja-267x400.jpg\" alt=\"\" width=\"267\" height=\"400\" srcset=\"https:\/\/semmelweis.hu\/baratikor\/files\/2023\/01\/Gebhardt-csalad-sirja-267x400.jpg 267w, https:\/\/semmelweis.hu\/baratikor\/files\/2023\/01\/Gebhardt-csalad-sirja.jpg 668w\" sizes=\"auto, (max-width: 267px) 100vw, 267px\" \/><\/a><\/strong><\/p>\n","protected":false},"excerpt":{"rendered":"<p><a href=\"https:\/\/semmelweis.hu\/baratikor\/galeria\/teljes-nevlista\/gebhardt-lajos\/gebhardt-lajos-1892-318-iv-86-2\/\" rel=\"attachment wp-att-1654\"><\/a> (Pest, 1836. j\u00falius 28. \u2013 Budapest, 1908. j\u00falius 12.) Tansz\u00e9k: Bels\u0151 bajok k\u00f3r- \u00e9s gy\u00f3gytana (helyettesk\u00e9nt) 1863-1865, elm\u00e9leti orvostan seb\u00e9szeknek (helyettesk\u00e9nt) 1866\/67. Gebhardt Xav\u00e9r Ferenc orvosprofesszor fia. 1860. m\u00e1jus 13-\u00e1n orvosdoktori, 1861. j\u00falius 22-\u00e9n seb\u00e9szdoktori diplom\u00e1t szerzett a pesti egyetemen, majd Sauer Ign\u00e1c belklinik\u00e1j\u00e1n lett tan\u00e1rseg\u00e9d. 1862\/63-ban mag\u00e1ntan\u00e1ri k\u00e9pes\u00edt\u00e9st szerzett a mellk\u00f3risme \u00e9s gy\u00f3gytan t\u00e1rgyk\u00f6r\u00e9ben. &hellip;<\/p>\n","protected":false},"author":282,"featured_media":5374,"parent":347,"menu_order":0,"comment_status":"closed","ping_status":"closed","template":"template-fullwidth.php","meta":{"_acf_changed":false,"footnotes":""},"categories":[14],"tags":[],"class_list":["post-1653","page","type-page","status-publish","has-post-thumbnail","hentry","category-teljes-nevlista"],"acf":[],"_links":{"self":[{"href":"https:\/\/semmelweis.hu\/baratikor\/wp-json\/wp\/v2\/pages\/1653","targetHints":{"allow":["GET"]}}],"collection":[{"href":"https:\/\/semmelweis.hu\/baratikor\/wp-json\/wp\/v2\/pages"}],"about":[{"href":"https:\/\/semmelweis.hu\/baratikor\/wp-json\/wp\/v2\/types\/page"}],"author":[{"embeddable":true,"href":"https:\/\/semmelweis.hu\/baratikor\/wp-json\/wp\/v2\/users\/282"}],"replies":[{"embeddable":true,"href":"https:\/\/semmelweis.hu\/baratikor\/wp-json\/wp\/v2\/comments?post=1653"}],"version-history":[{"count":2,"href":"https:\/\/semmelweis.hu\/baratikor\/wp-json\/wp\/v2\/pages\/1653\/revisions"}],"predecessor-version":[{"id":1657,"href":"https:\/\/semmelweis.hu\/baratikor\/wp-json\/wp\/v2\/pages\/1653\/revisions\/1657"}],"up":[{"embeddable":true,"href":"https:\/\/semmelweis.hu\/baratikor\/wp-json\/wp\/v2\/pages\/347"}],"wp:featuredmedia":[{"embeddable":true,"href":"https:\/\/semmelweis.hu\/baratikor\/wp-json\/wp\/v2\/media\/5374"}],"wp:attachment":[{"href":"https:\/\/semmelweis.hu\/baratikor\/wp-json\/wp\/v2\/media?parent=1653"}],"wp:term":[{"taxonomy":"category","embeddable":true,"href":"https:\/\/semmelweis.hu\/baratikor\/wp-json\/wp\/v2\/categories?post=1653"},{"taxonomy":"post_tag","embeddable":true,"href":"https:\/\/semmelweis.hu\/baratikor\/wp-json\/wp\/v2\/tags?post=1653"}],"curies":[{"name":"wp","href":"https:\/\/api.w.org\/{rel}","templated":true}]}}