{"id":1591,"date":"2023-01-03T11:48:24","date_gmt":"2023-01-03T10:48:24","guid":{"rendered":"https:\/\/semmelweis.hu\/baratikor\/?page_id=1591"},"modified":"2023-06-29T10:08:31","modified_gmt":"2023-06-29T08:08:31","slug":"czermak-janos","status":"publish","type":"page","link":"https:\/\/semmelweis.hu\/baratikor\/galeria\/teljes-nevlista\/czermak-janos\/","title":{"rendered":"Czerm\u00e1k J\u00e1nos"},"content":{"rendered":"<p style=\"text-align: justify\"><strong><a href=\"https:\/\/semmelweis.hu\/baratikor\/galeria\/teljes-nevlista\/czermak-janos\/czermak-janos\/\" rel=\"attachment wp-att-1592\"><img loading=\"lazy\" decoding=\"async\" class=\"alignleft size-medium wp-image-1592\" src=\"https:\/\/semmelweis.hu\/baratikor\/files\/2023\/01\/Czermak-Janos-300x400.jpg\" alt=\"\" width=\"300\" height=\"400\" srcset=\"https:\/\/semmelweis.hu\/baratikor\/files\/2023\/01\/Czermak-Janos-300x400.jpg 300w, https:\/\/semmelweis.hu\/baratikor\/files\/2023\/01\/Czermak-Janos.jpg 750w\" sizes=\"auto, (max-width: 300px) 100vw, 300px\" \/><\/a> Jan Nepomuk <\/strong><strong>\u010cerm\u00e1k<\/strong><strong> (Pr\u00e1ga, <\/strong><strong>1818. j\u00fanius 17. \u2013 Lipcse, 1873. szeptember 16<\/strong><strong>.)<\/strong><\/p>\n<p style=\"text-align: justify\"><strong>Tansz\u00e9k: <\/strong>\u00c9lettan 1858-1860.<\/p>\n<p style=\"text-align: justify\">Cseh sz\u00fcl\u0151kt\u0151l sz\u00e1rmazott, de n\u00e9met neveltet\u00e9st kapott. \u00c9desapja keresett orvos volt. Csehorsz\u00e1got m\u00e9g ifj\u00fakor\u00e1ban elhagyta, orvosi tanulm\u00e1nyait B\u00e9csben kezdte, majd egy \u00e9v m\u00falva Boroszl\u00f3ban (Breslau\/Wroczlaw) folytatta, ahol Purkin\u011b volt r\u00e1 nagy hat\u00e1ssal. Innen W\u00fcrzburgba ment K\u00f6lliker tan\u00edtv\u00e1ny\u00e1ul. A k\u00e9t tud\u00f3s mellett sz\u00f6vettannal \u00e9s \u00e9lettannal foglalkozott. 1850-ben W\u00fcrzburgban szerzett orvosdoktori oklevelet. 1851-ben Pr\u00e1g\u00e1ba kapott tan\u00e1rseg\u00e9di megh\u00edv\u00e1st az id\u0151k\u00f6zben odatelepedett Purkin\u011bt\u0151l. 1855-ben Grazba t\u00e1vozott, ahol anat\u00f3mi\u00e1t \u00e9s \u00e1llattant oktatott. 1856-ban Krakk\u00f3ba h\u00edvt\u00e1k, ahol az \u00e9lettan tan\u00e1ra lett. 1857\/58 tel\u00e9n B\u00e9csbe utazott szabads\u00e1gra, de k\u00f6zben Br\u00fccke \u00e9s Ludwig tan\u00e1rok \u00e9lettani int\u00e9zeteit l\u00e1togatta. Ekkor kezdett foglalkozni a g\u00e9ge \u00e9lettan\u00e1val. 1858-ban Schordann Zsigmond nyug\u00e1llom\u00e1nyba vonult a pesti \u00e9lettani tansz\u00e9kr\u0151l, amelyre Czerm\u00e1k kapott kinevez\u00e9st. \u00daj \u00e1ll\u00e1s\u00e1t 1858. j\u00fanius 22-\u00e9n foglalta el, november 3-\u00e1n pedig meg is nyitotta \u00e9lettani int\u00e9zet\u00e9t, mely a maga nem\u00e9ben az els\u0151 volt az orsz\u00e1gban. Meghonos\u00edtotta a k\u00e9miai \u00e9s mikroszk\u00f3pos vizsg\u00e1latokat, 1858-ban itt dolgozta ki a g\u00e9get\u00fckr\u00f6z\u00e9s technik\u00e1j\u00e1t \u00e9s mutatta be tal\u00e1lm\u00e1ny\u00e1t, a g\u00e9get\u00fckr\u00f6t. Tev\u00e9kenyen bekapcsol\u00f3dott a szakmai k\u00f6z\u00e9letbe, a Budapesti Kir. Orvosegylet rendes tagj\u00e1v\u00e1 v\u00e1lt, t\u00f6bb el\u0151ad\u00e1st is tartott. 1860-ban ism\u00e9t a magyar lett az orsz\u00e1g hivatalos nyelve, \u00edgy az egyetemi oktat\u00e1s\u00e9 is, minek k\u00f6vetkezt\u00e9ben a magyarul nem tud\u00f3 tan\u00e1rok (\u00e9s hallgat\u00f3k) t\u00e1vozni k\u00e9nyszer\u00fcltek. B\u00e1r tan\u00e1rt\u00e1rsai biztos\u00edtott\u00e1k ragaszkod\u00e1sukr\u00f3l, Czerm\u00e1k j\u00faliusban a lemond\u00e1s mellett d\u00f6nt\u00f6tt. Visszat\u00e9rt Pr\u00e1g\u00e1ba, ahol egy \u00fajabb \u00e9lettani int\u00e9zetet szerelt fel. Mivel int\u00e9zet\u00e9t az egyetem nem fogadta be, 1865-ben elfogadta a J\u00e9nai Egyetem megh\u00edv\u00e1s\u00e1t az \u00e9lettani tansz\u00e9kre. 1869. november 13-t\u00f3l Lipcs\u00e9be k\u00f6lt\u00f6z\u00f6tt tov\u00e1bb, ahol tiszteletbeli tan\u00e1r lett. Itt \u00fajabb \u00e9lettani laborat\u00f3riumot alak\u00edtott ki saj\u00e1t k\u00f6lts\u00e9g\u00e9n, mely a v\u00e1ros nevezetess\u00e9g\u00e9v\u00e9 v\u00e1lt. A Magyar Tudom\u00e1nyos Akad\u00e9mia 1868. m\u00e1rcius 18-\u00e9n k\u00fclf\u00f6ldi levelez\u0151 tagjai k\u00f6z\u00e9 v\u00e1lasztotta. Diabetes mellitus k\u00f6vetkezt\u00e9ben hunyt el 1873-ban Lipcs\u00e9ben.<\/p>\n<p style=\"text-align: justify\"><strong>F\u0151bb munk\u00e1i:<\/strong> Zur Orientirung im Gesammtgebiete der Zoologie. Leipzig, 1855.; \u00dcber das Verhalten des weichen Gaumens beim Hervorbringen der reinen Vocale, Wien 1857.; Kleine Mittheilungen aus dem k. k. physiologischen Institute in Pest. erste, zweite und dritte Reihe, Wien, 1859\u201360.; Der Kehlkopfspiegel und seine Verwerthung f\u00fcr Physiologie und Medizin. Leipzig, 1860.; Der physiologische Institut der Universit\u00e4t in Pest 1858\u201360. Pest, 1860.; Die Physiologie als allgemeines Bildungs-Element. Leipzig, 1869.; Popul\u00e4re physiologische Vortr\u00e4ge, gehalten im akademischen Rosensaale zu Jena in den Jahren 1867\u20131869. Wien, 1870.; Gesammelte Schriften I-III., Leipzig, 1879.<\/p>\n<p style=\"text-align: justify\"><strong>Nyughelye:<\/strong> Lipcse.<\/p>\n<p><strong><a href=\"https:\/\/semmelweis.hu\/baratikor\/galeria\/teljes-nevlista\/czermak-janos\/grabplattejohannnczermak\/\" rel=\"attachment wp-att-1593\"><img loading=\"lazy\" decoding=\"async\" class=\"alignleft size-medium wp-image-1593\" src=\"https:\/\/semmelweis.hu\/baratikor\/files\/2023\/01\/GrabplatteJohannNCzermak-296x400.jpg\" alt=\"\" width=\"296\" height=\"400\" srcset=\"https:\/\/semmelweis.hu\/baratikor\/files\/2023\/01\/GrabplatteJohannNCzermak-296x400.jpg 296w, https:\/\/semmelweis.hu\/baratikor\/files\/2023\/01\/GrabplatteJohannNCzermak.jpg 741w\" sizes=\"auto, (max-width: 296px) 100vw, 296px\" \/><\/a><\/strong><\/p>\n","protected":false},"excerpt":{"rendered":"<p><a href=\"https:\/\/semmelweis.hu\/baratikor\/galeria\/teljes-nevlista\/czermak-janos\/czermak-janos\/\" rel=\"attachment wp-att-1592\"><\/a> Jan Nepomuk \u010cerm\u00e1k (Pr\u00e1ga, 1818. j\u00fanius 17. \u2013 Lipcse, 1873. szeptember 16.) Tansz\u00e9k: \u00c9lettan 1858-1860. Cseh sz\u00fcl\u0151kt\u0151l sz\u00e1rmazott, de n\u00e9met neveltet\u00e9st kapott. \u00c9desapja keresett orvos volt. Csehorsz\u00e1got m\u00e9g ifj\u00fakor\u00e1ban elhagyta, orvosi tanulm\u00e1nyait B\u00e9csben kezdte, majd egy \u00e9v m\u00falva Boroszl\u00f3ban (Breslau\/Wroczlaw) folytatta, ahol Purkin\u011b volt r\u00e1 nagy hat\u00e1ssal. Innen W\u00fcrzburgba ment K\u00f6lliker tan\u00edtv\u00e1ny\u00e1ul. A k\u00e9t tud\u00f3s &hellip;<\/p>\n","protected":false},"author":282,"featured_media":4326,"parent":347,"menu_order":0,"comment_status":"closed","ping_status":"closed","template":"template-fullwidth.php","meta":{"_acf_changed":false,"footnotes":""},"categories":[77,14],"tags":[],"class_list":["post-1591","page","type-page","status-publish","has-post-thumbnail","hentry","category-kegyeleti-adattar","category-teljes-nevlista"],"acf":[],"_links":{"self":[{"href":"https:\/\/semmelweis.hu\/baratikor\/wp-json\/wp\/v2\/pages\/1591","targetHints":{"allow":["GET"]}}],"collection":[{"href":"https:\/\/semmelweis.hu\/baratikor\/wp-json\/wp\/v2\/pages"}],"about":[{"href":"https:\/\/semmelweis.hu\/baratikor\/wp-json\/wp\/v2\/types\/page"}],"author":[{"embeddable":true,"href":"https:\/\/semmelweis.hu\/baratikor\/wp-json\/wp\/v2\/users\/282"}],"replies":[{"embeddable":true,"href":"https:\/\/semmelweis.hu\/baratikor\/wp-json\/wp\/v2\/comments?post=1591"}],"version-history":[{"count":3,"href":"https:\/\/semmelweis.hu\/baratikor\/wp-json\/wp\/v2\/pages\/1591\/revisions"}],"predecessor-version":[{"id":1596,"href":"https:\/\/semmelweis.hu\/baratikor\/wp-json\/wp\/v2\/pages\/1591\/revisions\/1596"}],"up":[{"embeddable":true,"href":"https:\/\/semmelweis.hu\/baratikor\/wp-json\/wp\/v2\/pages\/347"}],"wp:featuredmedia":[{"embeddable":true,"href":"https:\/\/semmelweis.hu\/baratikor\/wp-json\/wp\/v2\/media\/4326"}],"wp:attachment":[{"href":"https:\/\/semmelweis.hu\/baratikor\/wp-json\/wp\/v2\/media?parent=1591"}],"wp:term":[{"taxonomy":"category","embeddable":true,"href":"https:\/\/semmelweis.hu\/baratikor\/wp-json\/wp\/v2\/categories?post=1591"},{"taxonomy":"post_tag","embeddable":true,"href":"https:\/\/semmelweis.hu\/baratikor\/wp-json\/wp\/v2\/tags?post=1591"}],"curies":[{"name":"wp","href":"https:\/\/api.w.org\/{rel}","templated":true}]}}