{"id":1561,"date":"2023-01-03T11:32:59","date_gmt":"2023-01-03T10:32:59","guid":{"rendered":"https:\/\/semmelweis.hu\/baratikor\/?page_id=1561"},"modified":"2023-10-11T14:42:55","modified_gmt":"2023-10-11T12:42:55","slug":"blaskovics-laszlo-fridolin","status":"publish","type":"page","link":"https:\/\/semmelweis.hu\/baratikor\/galeria\/teljes-nevlista\/blaskovics-laszlo-fridolin\/","title":{"rendered":"Blaskovics L\u00e1szl\u00f3 Fridolin"},"content":{"rendered":"<p style=\"text-align: justify\"><strong><a href=\"https:\/\/semmelweis.hu\/baratikor\/galeria\/teljes-nevlista\/blaskovics-laszlo-fridolin\/blaskovics-laszlo-318-ii-21-2\/\" rel=\"attachment wp-att-1562\"><img loading=\"lazy\" decoding=\"async\" class=\"alignleft size-medium wp-image-1562\" src=\"https:\/\/semmelweis.hu\/baratikor\/files\/2023\/01\/Blaskovics-Laszlo-318.-II.21.2-233x400.jpg\" alt=\"\" width=\"233\" height=\"400\" srcset=\"https:\/\/semmelweis.hu\/baratikor\/files\/2023\/01\/Blaskovics-Laszlo-318.-II.21.2-233x400.jpg 233w, https:\/\/semmelweis.hu\/baratikor\/files\/2023\/01\/Blaskovics-Laszlo-318.-II.21.2.jpg 582w\" sizes=\"auto, (max-width: 233px) 100vw, 233px\" \/><\/a>(R\u00f3zsahegy, 1869. szeptember 19.\u00a0 \u2013 Budapest, 1938. szeptember 26.)<\/strong><\/p>\n<p style=\"text-align: justify\"><strong>Tansz\u00e9k: <\/strong>II. sz. Szem\u00e9szeti Klinika 1928-1936.<\/p>\n<p style=\"text-align: justify\">1893. j\u00fanius 24-\u00e9n nyert orvosdoktori k\u00e9pes\u00edt\u00e9st a budapesti orvoskaron. Ett\u0151l kezdve dolgozott a Szem\u00e9szeti Klinik\u00e1n, ahol 1894-ben tan\u00e1rseg\u00e9d lett. 1905-ben szerzett mag\u00e1ntan\u00e1ri k\u00e9pes\u00edt\u00e9st a szem\u00e9szeti m\u0171t\u00e9ttan t\u00e1rgyk\u00f6r\u00e9ben, majd a Szent Istv\u00e1n K\u00f3rh\u00e1z trachomaoszt\u00e1ly\u00e1nak f\u0151orvosa lett. 1907-t\u0151l 1927-ig az \u00c1llami Szemk\u00f3rh\u00e1z igazgat\u00f3ja volt. 1912-ben rendk\u00edv\u00fcli tan\u00e1ri c\u00edmet kapott. 1921 \u00e9s 1925 k\u00f6z\u00f6tt a debreceni Tisza Istv\u00e1n Tudom\u00e1nyegyetem Szemklinik\u00e1j\u00e1nak egyetemi tan\u00e1ra volt. 1928. \u00e1prilis 24-\u00e9n kapott nyilv\u00e1nos rendes tan\u00e1ri kinevez\u00e9st a budapesti P\u00e1zm\u00e1ny P\u00e9ter Tudom\u00e1nyegyetem II. sz. Szem\u00e9szeti Klinik\u00e1ra. Szem\u00e9szeti m\u0171t\u00e9ttannal, azon bel\u00fcl is szemh\u00e9j, \u00e9s kancsals\u00e1gi m\u0171t\u00e9tekkel foglalkozott. A l\u00e1t\u00f3\u00e9less\u00e9g vizsg\u00e1lat\u00e1ra \u00faj egys\u00e9get, az oxyoptria fogalm\u00e1t vezette be.<\/p>\n<p style=\"text-align: justify\"><strong>F\u0151bb munk\u00e1i<em>:<\/em><\/strong> <em>Szem\u00e9szeti m\u0171t\u00e9ttan. <\/em>Bp., 1898, 1936; <em>Az olvashat\u00f3s\u00e1gr\u00f3l.<\/em> 1935.; <em>Eingriffe am Auge.<\/em> (Kreiker\/Kettesy\/ Alad\u00e1rral), 1938.<\/p>\n<p style=\"text-align: justify\"><strong>Nyughelye:<\/strong> Budapest, Fiumei \u00fati temet\u0151 18-1\/0\/2\/13.<\/p>\n<p><a href=\"https:\/\/semmelweis.hu\/baratikor\/galeria\/teljes-nevlista\/blaskovics-laszlo-fridolin\/blaskovits-laszlo-49-a-iv-1\/\" rel=\"attachment wp-att-1563\"><img loading=\"lazy\" decoding=\"async\" class=\"alignleft size-medium wp-image-1563\" src=\"https:\/\/semmelweis.hu\/baratikor\/files\/2023\/01\/Blaskovits-Laszlo-49.a-IV-1-272x400.jpg\" alt=\"\" width=\"272\" height=\"400\" srcset=\"https:\/\/semmelweis.hu\/baratikor\/files\/2023\/01\/Blaskovits-Laszlo-49.a-IV-1-272x400.jpg 272w, https:\/\/semmelweis.hu\/baratikor\/files\/2023\/01\/Blaskovits-Laszlo-49.a-IV-1.jpg 681w\" sizes=\"auto, (max-width: 272px) 100vw, 272px\" \/><\/a><\/p>\n","protected":false},"excerpt":{"rendered":"<p><a href=\"https:\/\/semmelweis.hu\/baratikor\/galeria\/teljes-nevlista\/blaskovics-laszlo-fridolin\/blaskovics-laszlo-318-ii-21-2\/\" rel=\"attachment wp-att-1562\"><\/a> (R\u00f3zsahegy, 1869. szeptember 19.\u00a0 \u2013 Budapest, 1938. szeptember 26.) Tansz\u00e9k: II. sz. Szem\u00e9szeti Klinika 1928-1936. 1893. j\u00fanius 24-\u00e9n nyert orvosdoktori k\u00e9pes\u00edt\u00e9st a budapesti orvoskaron. Ett\u0151l kezdve dolgozott a Szem\u00e9szeti Klinik\u00e1n, ahol 1894-ben tan\u00e1rseg\u00e9d lett. 1905-ben szerzett mag\u00e1ntan\u00e1ri k\u00e9pes\u00edt\u00e9st a szem\u00e9szeti m\u0171t\u00e9ttan t\u00e1rgyk\u00f6r\u00e9ben, majd a Szent Istv\u00e1n K\u00f3rh\u00e1z trachomaoszt\u00e1ly\u00e1nak f\u0151orvosa lett. 1907-t\u0151l 1927-ig az \u00c1llami Szemk\u00f3rh\u00e1z &hellip;<\/p>\n","protected":false},"author":282,"featured_media":5359,"parent":347,"menu_order":0,"comment_status":"closed","ping_status":"closed","template":"template-fullwidth.php","meta":{"_acf_changed":false,"footnotes":""},"categories":[77,14],"tags":[],"class_list":["post-1561","page","type-page","status-publish","has-post-thumbnail","hentry","category-kegyeleti-adattar","category-teljes-nevlista"],"acf":[],"_links":{"self":[{"href":"https:\/\/semmelweis.hu\/baratikor\/wp-json\/wp\/v2\/pages\/1561","targetHints":{"allow":["GET"]}}],"collection":[{"href":"https:\/\/semmelweis.hu\/baratikor\/wp-json\/wp\/v2\/pages"}],"about":[{"href":"https:\/\/semmelweis.hu\/baratikor\/wp-json\/wp\/v2\/types\/page"}],"author":[{"embeddable":true,"href":"https:\/\/semmelweis.hu\/baratikor\/wp-json\/wp\/v2\/users\/282"}],"replies":[{"embeddable":true,"href":"https:\/\/semmelweis.hu\/baratikor\/wp-json\/wp\/v2\/comments?post=1561"}],"version-history":[{"count":3,"href":"https:\/\/semmelweis.hu\/baratikor\/wp-json\/wp\/v2\/pages\/1561\/revisions"}],"predecessor-version":[{"id":1566,"href":"https:\/\/semmelweis.hu\/baratikor\/wp-json\/wp\/v2\/pages\/1561\/revisions\/1566"}],"up":[{"embeddable":true,"href":"https:\/\/semmelweis.hu\/baratikor\/wp-json\/wp\/v2\/pages\/347"}],"wp:featuredmedia":[{"embeddable":true,"href":"https:\/\/semmelweis.hu\/baratikor\/wp-json\/wp\/v2\/media\/5359"}],"wp:attachment":[{"href":"https:\/\/semmelweis.hu\/baratikor\/wp-json\/wp\/v2\/media?parent=1561"}],"wp:term":[{"taxonomy":"category","embeddable":true,"href":"https:\/\/semmelweis.hu\/baratikor\/wp-json\/wp\/v2\/categories?post=1561"},{"taxonomy":"post_tag","embeddable":true,"href":"https:\/\/semmelweis.hu\/baratikor\/wp-json\/wp\/v2\/tags?post=1561"}],"curies":[{"name":"wp","href":"https:\/\/api.w.org\/{rel}","templated":true}]}}