{"id":1547,"date":"2023-01-03T11:16:11","date_gmt":"2023-01-03T10:16:11","guid":{"rendered":"https:\/\/semmelweis.hu\/baratikor\/?page_id=1547"},"modified":"2023-10-11T14:49:00","modified_gmt":"2023-10-11T12:49:00","slug":"bokay-janos-ifj","status":"publish","type":"page","link":"https:\/\/semmelweis.hu\/baratikor\/galeria\/teljes-nevlista\/bokay-janos-ifj\/","title":{"rendered":"B\u00f3kay J\u00e1nos, ifj."},"content":{"rendered":"<p style=\"text-align: justify\"><strong><a href=\"https:\/\/semmelweis.hu\/baratikor\/bokay-janos-ifj\/086_12\/\" rel=\"attachment wp-att-1551\"><img loading=\"lazy\" decoding=\"async\" class=\"alignleft size-full wp-image-1551\" src=\"https:\/\/semmelweis.hu\/baratikor\/files\/2023\/01\/086_12.jpg\" alt=\"\" width=\"295\" height=\"370\" \/><\/a>(Pest, 1858. \u00e1prilis 19. &#8211; Budapest, 1937. j\u00falius 6.) <\/strong><\/p>\n<p style=\"text-align: justify\"><strong>Tansz\u00e9k: <\/strong>gyermekgy\u00f3gy\u00e1szat 1885-1937.<\/p>\n<p style=\"text-align: justify\">\u00c9desapja a h\u00edres orvosdinasztia alap\u00edt\u00f3ja, B\u00f3kai J\u00e1nos, b\u00e1tyja a gy\u00f3gyszertan tan\u00e1ra, B\u00f3kay \u00c1rp\u00e1d volt. K\u00f6z\u00e9pfok\u00fa tanulm\u00e1nyait a budapesti evang\u00e9likus f\u0151gimn\u00e1ziumban, orvosi tanulm\u00e1nyait a budapesti tudom\u00e1nyegyetemen v\u00e9gezte. 1880. december 4-\u00e9n kapott orvosdoktori oklevelet, felavat\u00f3 tan\u00e1ra saj\u00e1t \u00e9desapja volt. 1880-t\u00f3l seg\u00e9dorvosk\u00e9nt a budapesti Stef\u00e1nia Szeg\u00e9nygyermek-k\u00f3rh\u00e1zban dolgozott, amely int\u00e9zm\u00e9ny gyakorlatilag az Orvoskar gyermekgy\u00f3gy\u00e1szati tansz\u00e9kek\u00e9nt m\u0171k\u00f6d\u00f6tt. 1884-ben egyetemi tan\u00e1rseg\u00e9dd\u00e9, illetve k\u00f3rh\u00e1zi rendel\u0151 f\u0151orvoss\u00e1 l\u00e9pett el\u0151, majd 1885 j\u00fanius\u00e1t\u00f3l, \u00e9desapja hal\u00e1l\u00e1t k\u00f6vet\u0151en az int\u00e9zm\u00e9ny \u00e9lethossziglan megv\u00e1lasztott igazgat\u00f3ja lett. Az 1884\/85. tan\u00e9vben az egyetemen mag\u00e1ntan\u00e1ri habilit\u00e1ci\u00f3t szerzett a gyermekgy\u00f3gy\u00e1szat t\u00e1rgyk\u00f6r\u00e9ben. Ugyanekkor kapott megh\u00edv\u00e1st a lipcsei Jahrbuch f\u00fcr Kinderheilkunde n\u00e9gyf\u0151s szerkeszt\u0151s\u00e9g\u00e9be. 1891\/92. tan\u00e9vben rendk\u00edv\u00fcli tan\u00e1ri c\u00edmet kapott az egyetemen. 1902-1929 k\u00f6z\u00f6tt a gyermekgy\u00f3gy\u00e1szat nyilv\u00e1nos rendes tan\u00e1rak\u00e9nt m\u0171k\u00f6d\u00f6tt. A gyermekgy\u00f3gy\u00e1szat az \u0151 munk\u00e1ss\u00e1ga idej\u00e9n, 1916-t\u00f3l lett k\u00f6telez\u0151en v\u00e1laszthat\u00f3, majd 1922-t\u0151l k\u00f6telez\u0151 szigorlati t\u00e1rgy. \u0150 vezette be Magyarorsz\u00e1gon a sok\u00e1ig rettegett torokgy\u00edk (dift\u00e9ria) intub\u00e1ci\u00f3s kezel\u00e9s\u00e9t, majd sz\u00e9rumgy\u00f3gy\u00edt\u00e1s\u00e1t. K\u00fclf\u00f6ldi felk\u00e9r\u00e9sre v\u00e9gezte el a Behring-f\u00e9le dift\u00e9ria-ellenes olt\u00e1s hat\u00e1svizsg\u00e1lat\u00e1t. Kimutatta az \u00f6vs\u00f6m\u00f6r (herpes zoster) \u00e9s a b\u00e1r\u00e1nyhiml\u0151 (varicella) k\u00f6z\u00f6tti k\u00f3roktani kapcsolatot. K\u00f6zrem\u0171k\u00f6d\u00f6tt a j\u00e1rv\u00e1nyos gyermekb\u00e9nul\u00e1s (Heine-Medin-k\u00f3r vagy poliomyelitis) k\u00f3rtan\u00e1nak tiszt\u00e1z\u00e1s\u00e1ban. Jelent\u0151s szervez\u0151 tev\u00e9kenys\u00e9get fejtett ki a gyermekek k\u00f3rh\u00e1zi ell\u00e1t\u00e1sa \u00e9s a t\u00e1rsadalmi csecsem\u0151v\u00e9delem, \u00edgy a v\u00e9d\u0151n\u0151k\u00e9pz\u00e9s ter\u00e9n. 1912-ben t\u00e1rsszerz\u0151kkel \u00edrt tank\u00f6nyve t\u00f6bb (k\u00f6zt\u00fck n\u00e9met nyelv\u0171) kiad\u00e1st meg\u00e9rt \u00e9s \u00e9vtizedekig maradt haszn\u00e1latban. Eln\u00f6ke volt annak a bizotts\u00e1gnak, mely az I. vil\u00e1gh\u00e1bor\u00fa ut\u00e1n ir\u00e1ny\u00edtotta az amerikai gyermekseg\u00e9lyez\u0151 akci\u00f3t haz\u00e1nkban. 1923-ban az Akad\u00e9mia levelez\u0151 tagjai sor\u00e1ba v\u00e1lasztotta. Alap\u00edt\u00f3ja volt az Orvosi Hetilap Gyermekgy\u00f3gy\u00e1szati mell\u00e9klet\u00e9nek, illetve 1923-ban a Magyar Gyermekorvosi T\u00e1rsas\u00e1gnak. Nemzetk\u00f6zi elismerts\u00e9g\u00e9t jelzi, hogy k\u00f6zelg\u0151 70. sz\u00fclet\u00e9snapja tisztelet\u00e9re, 1927-ben a Deutsche Gesellschaft f\u00fcr Kinderheilkunde Budapesten tartotta \u00e9ves k\u00f6zgy\u0171l\u00e9s\u00e9t. 1931-ben Kor\u00e1nyi S\u00e1ndorral egy\u00fctt kezdem\u00e9nyezte a Magyar Orvostudom\u00e1nyi T\u00e1rsas\u00e1gok \u00e9s Egyes\u00fcletek Sz\u00f6vets\u00e9g\u00e9nek (MOTESZ) megalap\u00edt\u00e1s\u00e1t. Az orvosl\u00e1son k\u00edv\u00fcl zeneszerz\u00e9ssel \u00e9s muzsik\u00e1l\u00e1ssal is foglalkozott, tanulm\u00e1nyokat \u00edrt Mozart hal\u00e1l\u00e1nak ok\u00e1r\u00f3l, Beethoven f\u00fclbetegs\u00e9g\u00e9r\u0151l. Az \u00e1ltala \u00f6sszegy\u0171jt\u00f6tt \u00e9s le\u00edrt bronzkori szoptat\u00f3ed\u00e9nyk\u00e9k ma is megtal\u00e1lhat\u00f3k az I. sz. Gyermekgy\u00f3gy\u00e1szati Klinika gy\u0171jtem\u00e9ny\u00e9ben. M\u00e9g a Monarchia idej\u00e9n (1896. \u00e1pr. 11.) b\u00f3kai el\u0151n\u00e9vvel magyar nemess\u00e9get nyert. B\u00e1tyj\u00e1hoz hasonl\u00f3an \u0151 maga is jelent\u0151s szabadk\u0151m\u0171ves tev\u00e9kenys\u00e9get fejtett ki.<\/p>\n<p style=\"text-align: justify\"><strong>F\u0151bb munk\u00e1i:<\/strong> A csecsem\u0151k gyomor- \u00e9s b\u00e9lb\u00e1ntalmai. Bp., 1897.; Gyermekk\u00f3rh\u00e1zi v\u00e9nygy\u0171jtem\u00e9ny. Bp., 1900.; Die Lehre von der Intubation. 1908.; A gyermekorvosl\u00e1s tank\u00f6nyve. \/B\u00f3kay Zolt\u00e1nnal \u00e9s Flesch \u00c1rminnal\/ Bp., 1912.; Transparentia vizsg\u00e1latok hydrocephalusos gyermekeken. MTA, Bp., 1929.<\/p>\n<p style=\"text-align: justify\"><strong>Nyughelye:<\/strong> Fiumei \u00fati temet\u0151 FM\/JOBB\/1\/490.<\/p>\n<p style=\"text-align: justify\"><a href=\"https:\/\/semmelweis.hu\/baratikor\/bokay-janos-ifj\/bokay-janos-ifj-49-a-iv-1\/\" rel=\"attachment wp-att-1549\"><img loading=\"lazy\" decoding=\"async\" class=\"alignleft size-medium wp-image-1549\" src=\"https:\/\/semmelweis.hu\/baratikor\/files\/2023\/01\/Bokay-Janos-ifj.-49.a-IV-1-275x400.jpg\" alt=\"\" width=\"275\" height=\"400\" srcset=\"https:\/\/semmelweis.hu\/baratikor\/files\/2023\/01\/Bokay-Janos-ifj.-49.a-IV-1-275x400.jpg 275w, https:\/\/semmelweis.hu\/baratikor\/files\/2023\/01\/Bokay-Janos-ifj.-49.a-IV-1.jpg 687w\" sizes=\"auto, (max-width: 275px) 100vw, 275px\" \/><\/a><img loading=\"lazy\" decoding=\"async\" class=\"alignleft size-medium wp-image-1548\" src=\"https:\/\/semmelweis.hu\/baratikor\/files\/2023\/01\/Bokay-Janos-318.-II.24.2-237x400.jpg\" alt=\"\" width=\"237\" height=\"400\" srcset=\"https:\/\/semmelweis.hu\/baratikor\/files\/2023\/01\/Bokay-Janos-318.-II.24.2-237x400.jpg 237w, https:\/\/semmelweis.hu\/baratikor\/files\/2023\/01\/Bokay-Janos-318.-II.24.2.jpg 593w\" sizes=\"auto, (max-width: 237px) 100vw, 237px\" \/><\/p>\n<p style=\"text-align: justify\"><a href=\"https:\/\/semmelweis.hu\/baratikor\/bokay-janos-ifj\/img_20200408_162335-2\/\" rel=\"attachment wp-att-1550\"><img loading=\"lazy\" decoding=\"async\" class=\"alignleft size-medium wp-image-1550\" src=\"https:\/\/semmelweis.hu\/baratikor\/files\/2023\/01\/IMG_20200408_162335-1-300x400.jpg\" alt=\"\" width=\"300\" height=\"400\" srcset=\"https:\/\/semmelweis.hu\/baratikor\/files\/2023\/01\/IMG_20200408_162335-1-300x400.jpg 300w, https:\/\/semmelweis.hu\/baratikor\/files\/2023\/01\/IMG_20200408_162335-1.jpg 750w\" sizes=\"auto, (max-width: 300px) 100vw, 300px\" \/><\/a><\/p>\n<p>&nbsp;<\/p>\n","protected":false},"excerpt":{"rendered":"<p><a href=\"https:\/\/semmelweis.hu\/baratikor\/bokay-janos-ifj\/086_12\/\" rel=\"attachment wp-att-1551\"><\/a> (Pest, 1858. \u00e1prilis 19. &#8211; Budapest, 1937. j\u00falius 6.) Tansz\u00e9k: gyermekgy\u00f3gy\u00e1szat 1885-1937. \u00c9desapja a h\u00edres orvosdinasztia alap\u00edt\u00f3ja, B\u00f3kai J\u00e1nos, b\u00e1tyja a gy\u00f3gyszertan tan\u00e1ra, B\u00f3kay \u00c1rp\u00e1d volt. K\u00f6z\u00e9pfok\u00fa tanulm\u00e1nyait a budapesti evang\u00e9likus f\u0151gimn\u00e1ziumban, orvosi tanulm\u00e1nyait a budapesti tudom\u00e1nyegyetemen v\u00e9gezte. 1880. december 4-\u00e9n kapott orvosdoktori oklevelet, felavat\u00f3 tan\u00e1ra saj\u00e1t \u00e9desapja volt. 1880-t\u00f3l seg\u00e9dorvosk\u00e9nt a budapesti Stef\u00e1nia Szeg\u00e9nygyermek-k\u00f3rh\u00e1zban &hellip;<\/p>\n","protected":false},"author":282,"featured_media":5361,"parent":347,"menu_order":0,"comment_status":"closed","ping_status":"closed","template":"","meta":{"_acf_changed":false,"footnotes":""},"categories":[77,14],"tags":[],"class_list":["post-1547","page","type-page","status-publish","has-post-thumbnail","hentry","category-kegyeleti-adattar","category-teljes-nevlista"],"acf":[],"_links":{"self":[{"href":"https:\/\/semmelweis.hu\/baratikor\/wp-json\/wp\/v2\/pages\/1547","targetHints":{"allow":["GET"]}}],"collection":[{"href":"https:\/\/semmelweis.hu\/baratikor\/wp-json\/wp\/v2\/pages"}],"about":[{"href":"https:\/\/semmelweis.hu\/baratikor\/wp-json\/wp\/v2\/types\/page"}],"author":[{"embeddable":true,"href":"https:\/\/semmelweis.hu\/baratikor\/wp-json\/wp\/v2\/users\/282"}],"replies":[{"embeddable":true,"href":"https:\/\/semmelweis.hu\/baratikor\/wp-json\/wp\/v2\/comments?post=1547"}],"version-history":[{"count":3,"href":"https:\/\/semmelweis.hu\/baratikor\/wp-json\/wp\/v2\/pages\/1547\/revisions"}],"predecessor-version":[{"id":1554,"href":"https:\/\/semmelweis.hu\/baratikor\/wp-json\/wp\/v2\/pages\/1547\/revisions\/1554"}],"up":[{"embeddable":true,"href":"https:\/\/semmelweis.hu\/baratikor\/wp-json\/wp\/v2\/pages\/347"}],"wp:featuredmedia":[{"embeddable":true,"href":"https:\/\/semmelweis.hu\/baratikor\/wp-json\/wp\/v2\/media\/5361"}],"wp:attachment":[{"href":"https:\/\/semmelweis.hu\/baratikor\/wp-json\/wp\/v2\/media?parent=1547"}],"wp:term":[{"taxonomy":"category","embeddable":true,"href":"https:\/\/semmelweis.hu\/baratikor\/wp-json\/wp\/v2\/categories?post=1547"},{"taxonomy":"post_tag","embeddable":true,"href":"https:\/\/semmelweis.hu\/baratikor\/wp-json\/wp\/v2\/tags?post=1547"}],"curies":[{"name":"wp","href":"https:\/\/api.w.org\/{rel}","templated":true}]}}