{"id":1434,"date":"2023-01-02T09:41:21","date_gmt":"2023-01-02T08:41:21","guid":{"rendered":"https:\/\/semmelweis.hu\/baratikor\/?page_id=1434"},"modified":"2023-10-12T13:43:22","modified_gmt":"2023-10-12T11:43:22","slug":"plenck-joseph-jakob","status":"publish","type":"page","link":"https:\/\/semmelweis.hu\/baratikor\/galeria\/teljes-nevlista\/plenck-joseph-jakob\/","title":{"rendered":"Plenck, Joseph Jakob"},"content":{"rendered":"<p style=\"text-align: justify\"><strong><a href=\"https:\/\/semmelweis.hu\/baratikor\/files\/2023\/07\/Plenck-Jozsef-Jakab_c.jpg\"><img loading=\"lazy\" decoding=\"async\" class=\"alignleft size-medium wp-image-4908\" src=\"https:\/\/semmelweis.hu\/baratikor\/files\/2023\/07\/Plenck-Jozsef-Jakab_c-300x400.jpg\" alt=\"\" width=\"300\" height=\"400\" srcset=\"https:\/\/semmelweis.hu\/baratikor\/files\/2023\/07\/Plenck-Jozsef-Jakab_c-300x400.jpg 300w, https:\/\/semmelweis.hu\/baratikor\/files\/2023\/07\/Plenck-Jozsef-Jakab_c.jpg 750w\" sizes=\"auto, (max-width: 300px) 100vw, 300px\" \/><\/a>Plenck, Joseph Jakob<a href=\"#_ftn1\" name=\"_ftnref1\"><sup>[1]<\/sup><\/a> (B\u00e9cs, 1735. november 28. &#8211; B\u00e9cs, 1807. augusztus 24.)<\/strong><\/p>\n<p style=\"text-align: justify\"><strong>Tansz\u00e9k: <\/strong>seb\u00e9szet 1770-1783.<\/p>\n<p style=\"text-align: justify\">B\u00e9csi k\u00e9zm\u0171ves csal\u00e1db\u00f3l sz\u00e1rmazott, \u00e9desapja k\u00f6nyvk\u00f6t\u0151 volt. Seb\u00e9sz- \u00e9s sz\u00fcl\u00e9szmesteri tanulm\u00e1nyait a b\u00e9csi egyetemen v\u00e9gezte el 1756-ban, majd t\u00e1bori seb\u00e9szk\u00e9nt bel\u00e9pett a cs\u00e1sz\u00e1ri hadseregbe. R\u00e9szt vett a h\u00e9t\u00e9ves h\u00e1bor\u00faban, 1763-ban kil\u00e9pett a szolg\u00e1latb\u00f3l. Egy ideig a baseli egyetemen adott el\u0151 bonctant, seb\u00e9szetet \u00e9s sz\u00fcl\u00e9szetet. 1766-ban jelent meg a v\u00e9rbaj higannyal val\u00f3 gy\u00f3gy\u00edt\u00e1s\u00e1r\u00f3l sz\u00f3l\u00f3 munk\u00e1ja, melyet angolul \u00e9s franci\u00e1ul is kiadtak, majd k\u00e9t \u00e9v m\u00falva sz\u00fcl\u00e9szeti tank\u00f6nyvet \u00edrt. Mindkett\u0151 sz\u00e1mos kiad\u00e1st meg\u00e9rt, \u00e9s ismertt\u00e9 tette nev\u00e9t. E jelent\u0151s szakirodalmi tev\u00e9kenys\u00e9g kelthette fel Gerard van Swieten figyelm\u00e9t, aki katedr\u00e1t aj\u00e1nlott neki a nagyszombati egyetem szervez\u0151d\u0151 orvosi kar\u00e1n. \u00cdgy lett Plenck a gyakorlati seb\u00e9szet els\u0151 tan\u00e1ra Nagyszombatban. Emellett hathetes kurzusokban sz\u00fcl\u00e9szetet \u00e9s szem\u00e9szetet is el\u0151adott. Legjelent\u0151sebb munk\u00e1j\u00e1t, a dermatol\u00f3giai t\u00e9m\u00e1j\u00fa \u201eDoctrina de morbis cutaneis\u201d-t 1776-ban Nagyszombatban \u00edrta. B\u00e1r \u00e9letrajzai \u00e1ltal\u00e1ban orvosk\u00e9nt eml\u00edtik, Gy\u0151ry Tibor szerint soha nem szerzett orvosdoktori oklevelet, ez\u00e9rt nem volt d\u00e9k\u00e1ni vagy rektori tiszts\u00e9gre megv\u00e1laszthat\u00f3. T\u00e9ny, hogy magyar egyetemi m\u0171k\u00f6d\u00e9s\u00e9nek 13 \u00e9ve alatt t\u00f6bbsz\u00f6r is r\u00e1 ker\u00fclhetett volna a sor a d\u00e9k\u00e1ni tiszts\u00e9gben, s\u0151t a kar legid\u0151sebb tan\u00e1rak\u00e9nt a rektori tiszts\u00e9g is kij\u00e1rt volna neki mindannyiszor, mikor az orvosi kar \u00e1ll\u00edthatott rektort. Ennek ellen\u00e9re egyik tiszts\u00e9get sem t\u00f6lt\u00f6tte be. Mindenesetre a korabeli orvosl\u00e1s csaknem minden \u00e1g\u00e1ban alkotott m\u0171veket, hossz\u00fa ideig haszn\u00e1lt tank\u00f6nyveket, m\u00e9ghozz\u00e1 jelent\u0151s mennyis\u00e9gben.<\/p>\n<p style=\"text-align: justify\">1783-ban elhagyta az akkor m\u00e1r Bud\u00e1n m\u0171k\u00f6d\u0151 egyetemet \u00e9s visszat\u00e9rt B\u00e9csbe, ahol 1785-ben a b\u00e9csi Josephinumba (katonai orvos-seb\u00e9szk\u00e9pz\u0151 akad\u00e9mia, teljes nev\u00e9n Collegium Medico-Chirurgicum Josephinum) kapott kinevez\u00e9st a seb\u00e9szet, vegytan \u00e9s n\u00f6v\u00e9nytan tan\u00e1r\u00e1nak. Botanikusk\u00e9nt m\u00e1r Linn\u00e9 rendszer\u00e9t haszn\u00e1lta. Az oktat\u00e1son k\u00edv\u00fcl a katonai gy\u00f3gyszert\u00e1rak igazgat\u00f3ja, a hadsereg f\u0151seb\u00e9sze, kir\u00e1lyi tan\u00e1csos, illetve a Josephinum titk\u00e1ra is volt. 1797. j\u00fanius 16-\u00e1n magyar nemess\u00e9get kapott.<\/p>\n<p style=\"text-align: justify\"><strong>F\u0151bb munk\u00e1i:<\/strong> Methodus nova et facilis argentum vivum aegris venerea labe infectis exhibendi. Accedit hypothesis nova de actione metalli huius in vias salivales. Viennae, 1766. (4. kiad\u00e1s uo., 1778.); Anfangsgr\u00fcnde der geburtshilfe. Wien, 1768 (7. jav. kiad\u00e1s uo., 1803); Doctrina de morbis cutaneis. Viennae, 1776; Doctrina de morbis oculorum. Viennae, 1777; Pharmacologia chirurgica sive doctrina de medicamentis, quae ad curationem morborum externorum adhiberi solent. Viennae, 1782; Elementa Chymiae pharmaceuticae. Viennae, 1802; Doctrina de cognoscendis et curandis morborum infantum. Viennae, 1807; Anfangsgr\u00fcnde der Hebammenkunst. Pest, 1808.<\/p>\n<p style=\"text-align: justify\"><strong>Nyughelye:<\/strong> nem ismert.<\/p>\n<p style=\"text-align: justify\"><sup><a href=\"#_ftnref1\" name=\"_ftn1\">[1]<\/a> <\/sup>Haz\u00e1nkban a r\u00e9gi gyakorlat szerinti magyar\u00edtott Plenck J\u00f3zsef Jakab n\u00e9vv\u00e1ltozat az elterjedt. K\u00fcl\u00f6nb\u00f6z\u0151 \u00e9letrajzaiban egym\u00e1st\u00f3l igen elt\u00e9r\u0151 adatokat tal\u00e1lni.<\/p>\n<p><strong><a href=\"https:\/\/semmelweis.hu\/baratikor\/galeria\/teljes-nevlista\/plenck-joseph-jakob\/067_11\/\" rel=\"attachment wp-att-1435\"><img loading=\"lazy\" decoding=\"async\" class=\"alignleft size-full wp-image-1435\" src=\"https:\/\/semmelweis.hu\/baratikor\/files\/2023\/01\/067_11.jpg\" alt=\"\" width=\"295\" height=\"338\" \/><\/a><\/strong><strong><a href=\"https:\/\/semmelweis.hu\/baratikor\/files\/2023\/07\/Joseph_Jakob_Plenck_.jpg\"><img loading=\"lazy\" decoding=\"async\" class=\"alignleft size-medium wp-image-4907\" src=\"https:\/\/semmelweis.hu\/baratikor\/files\/2023\/07\/Joseph_Jakob_Plenck_-253x400.jpg\" alt=\"\" width=\"253\" height=\"400\" srcset=\"https:\/\/semmelweis.hu\/baratikor\/files\/2023\/07\/Joseph_Jakob_Plenck_-253x400.jpg 253w, https:\/\/semmelweis.hu\/baratikor\/files\/2023\/07\/Joseph_Jakob_Plenck_.jpg 349w\" sizes=\"auto, (max-width: 253px) 100vw, 253px\" \/><\/a><\/strong><\/p>\n","protected":false},"excerpt":{"rendered":"<p><a href=\"https:\/\/semmelweis.hu\/baratikor\/files\/2023\/07\/Plenck-Jozsef-Jakab_c.jpg\"><\/a> Plenck, Joseph Jakob <a href=\"#_ftn1\" name=\"_ftnref1\">[1]<\/a> (B\u00e9cs, 1735. november 28. &#8211; B\u00e9cs, 1807. augusztus 24.) Tansz\u00e9k: seb\u00e9szet 1770-1783. B\u00e9csi k\u00e9zm\u0171ves csal\u00e1db\u00f3l sz\u00e1rmazott, \u00e9desapja k\u00f6nyvk\u00f6t\u0151 volt. Seb\u00e9sz- \u00e9s sz\u00fcl\u00e9szmesteri tanulm\u00e1nyait a b\u00e9csi egyetemen v\u00e9gezte el 1756-ban, majd t\u00e1bori seb\u00e9szk\u00e9nt bel\u00e9pett a cs\u00e1sz\u00e1ri hadseregbe. R\u00e9szt vett a h\u00e9t\u00e9ves h\u00e1bor\u00faban, 1763-ban kil\u00e9pett a szolg\u00e1latb\u00f3l. Egy ideig a baseli egyetemen adott el\u0151 &hellip;<\/p>\n","protected":false},"author":282,"featured_media":5429,"parent":347,"menu_order":0,"comment_status":"closed","ping_status":"closed","template":"template-fullwidth.php","meta":{"_acf_changed":false,"footnotes":""},"categories":[77,16,14],"tags":[],"class_list":["post-1434","page","type-page","status-publish","has-post-thumbnail","hentry","category-kegyeleti-adattar","category-tanszekvezetok","category-teljes-nevlista"],"acf":[],"_links":{"self":[{"href":"https:\/\/semmelweis.hu\/baratikor\/wp-json\/wp\/v2\/pages\/1434","targetHints":{"allow":["GET"]}}],"collection":[{"href":"https:\/\/semmelweis.hu\/baratikor\/wp-json\/wp\/v2\/pages"}],"about":[{"href":"https:\/\/semmelweis.hu\/baratikor\/wp-json\/wp\/v2\/types\/page"}],"author":[{"embeddable":true,"href":"https:\/\/semmelweis.hu\/baratikor\/wp-json\/wp\/v2\/users\/282"}],"replies":[{"embeddable":true,"href":"https:\/\/semmelweis.hu\/baratikor\/wp-json\/wp\/v2\/comments?post=1434"}],"version-history":[{"count":3,"href":"https:\/\/semmelweis.hu\/baratikor\/wp-json\/wp\/v2\/pages\/1434\/revisions"}],"predecessor-version":[{"id":4909,"href":"https:\/\/semmelweis.hu\/baratikor\/wp-json\/wp\/v2\/pages\/1434\/revisions\/4909"}],"up":[{"embeddable":true,"href":"https:\/\/semmelweis.hu\/baratikor\/wp-json\/wp\/v2\/pages\/347"}],"wp:featuredmedia":[{"embeddable":true,"href":"https:\/\/semmelweis.hu\/baratikor\/wp-json\/wp\/v2\/media\/5429"}],"wp:attachment":[{"href":"https:\/\/semmelweis.hu\/baratikor\/wp-json\/wp\/v2\/media?parent=1434"}],"wp:term":[{"taxonomy":"category","embeddable":true,"href":"https:\/\/semmelweis.hu\/baratikor\/wp-json\/wp\/v2\/categories?post=1434"},{"taxonomy":"post_tag","embeddable":true,"href":"https:\/\/semmelweis.hu\/baratikor\/wp-json\/wp\/v2\/tags?post=1434"}],"curies":[{"name":"wp","href":"https:\/\/api.w.org\/{rel}","templated":true}]}}