{"id":1432,"date":"2023-01-02T09:40:39","date_gmt":"2023-01-02T08:40:39","guid":{"rendered":"https:\/\/semmelweis.hu\/baratikor\/?page_id=1432"},"modified":"2023-01-09T11:29:46","modified_gmt":"2023-01-09T10:29:46","slug":"piller-matyas","status":"publish","type":"page","link":"https:\/\/semmelweis.hu\/baratikor\/galeria\/teljes-nevlista\/piller-matyas\/","title":{"rendered":"Piller M\u00e1ty\u00e1s"},"content":{"rendered":"<p style=\"text-align: justify\"><strong>(Graz, 1733. \u00e1prilis 25. &#8211; Buda, 1788. november 10.) <\/strong><\/p>\n<p style=\"text-align: justify\"><strong>Tansz\u00e9k: <\/strong>Term\u00e9szetrajz tansz\u00e9k 1774 &#8211; 1788.<\/p>\n<p style=\"text-align: justify\">1750-t\u0151l a jezsuita rend tagja. Teol\u00f3giai tanulm\u00e1nyai mellett b\u00f6lcs\u00e9szettel is foglalkozott. 1763-t\u00f3l a rend 1773-as feloszlat\u00e1s\u00e1ig a b\u00e9csi Theresianumot vezette, valamint hittant \u00e9s term\u00e9szetrajzot tan\u00edtott. B\u00f6lcs\u00e9szdoktori oklevelet is szerzett. 1774-t\u0151l egyetem\u00fcnk\u00f6n a term\u00e9szetrajz (\u00e1llat- \u00e9s \u00e1sv\u00e1nytan) els\u0151 tan\u00e1ra lett. 1782-ben hivatalos kik\u00fcldet\u00e9sben Mitterpacher Lajossal Szlav\u00f3ni\u00e1ban j\u00e1rt, ahol term\u00e9szettudom\u00e1nyos \u00e9s n\u00e9prajzi adatokat gy\u0171jt\u00f6tt, valamint \u00faj n\u00f6v\u00e9nyfajokat \u00edrt le. A term\u00e9szetrajz t\u00e1rgy\u00e1t 1784-ig a b\u00f6lcs\u00e9szkaron adt\u00e1k el\u0151, ekkor a tansz\u00e9k b\u00e9csi mint\u00e1ra \u00e1tker\u00fclt az orvoskarra. A term\u00e9szetrajz tan\u00e1ra rangban az orvostan\u00e1rok m\u00f6g\u00f6tt \u00e1llt, d\u00e9k\u00e1nnak nem volt v\u00e1laszthat\u00f3. Piller 50.000,- forint \u00e9rt\u00e9k\u0171re becs\u00fclt, hatalmas \u00e1sv\u00e1ny-, n\u00f6v\u00e9ny- \u00e9s \u0151sl\u00e9nytani gy\u0171jtem\u00e9nye (collectio Pilleriana) Gy\u0151ry Tibor szerint 1797. december 2-\u00e1n v\u00e1s\u00e1rl\u00e1s \u00fatj\u00e1n ker\u00fclt az egyetem birtok\u00e1ba, m\u00e1s \u00e9letrajzok szerint maga Piller hagyta az egyetemre.<\/p>\n<p style=\"text-align: justify\"><strong>F\u0151bb munk\u00e1i:<\/strong> Tentamen publicum ex praelectionibus historiae naturalis &#8230; quod e regno minerali subibit Augustinus Petr\u00e1s. Tyrnaviae, 1775.; Elementa historiae naturalis in scholarum grammaticarum et gymnasiorum per regnum Hungariae usu. Partes 3. U. ott, 1775 Editio nova. Budae, 1779, Budae et Tyrnaviae, 1781.; Iter per Poseganam Sclavoniae provinciam, mensibus Junio et Julio at. 1782. susceptum a Matthia Piller et Lud. Mitterpacher. Budae, 1783. 16 t\u00e1bla rajzzal (n\u00e9met\u00fcl kivonatban Mader Miscellaneaj\u00e1ban). Collectio naturalium quae e triplici regno minerali et vegetabili undique complete post obitum &#8230; reperta est. Graecii, 1792.<\/p>\n<p style=\"text-align: justify\"><strong>Nyughelye:<\/strong> nem ismert.<\/p>\n","protected":false},"excerpt":{"rendered":"<p>(Graz, 1733. \u00e1prilis 25. &#8211; Buda, 1788. november 10.) Tansz\u00e9k: Term\u00e9szetrajz tansz\u00e9k 1774 &#8211; 1788. 1750-t\u0151l a jezsuita rend tagja. Teol\u00f3giai tanulm\u00e1nyai mellett b\u00f6lcs\u00e9szettel is foglalkozott. 1763-t\u00f3l a rend 1773-as feloszlat\u00e1s\u00e1ig a b\u00e9csi Theresianumot vezette, valamint hittant \u00e9s term\u00e9szetrajzot tan\u00edtott. B\u00f6lcs\u00e9szdoktori oklevelet is szerzett. 1774-t\u0151l egyetem\u00fcnk\u00f6n a term\u00e9szetrajz (\u00e1llat- \u00e9s \u00e1sv\u00e1nytan) els\u0151 tan\u00e1ra lett. 1782-ben &hellip;<\/p>\n","protected":false},"author":282,"featured_media":0,"parent":347,"menu_order":0,"comment_status":"closed","ping_status":"closed","template":"template-fullwidth.php","meta":{"_acf_changed":false,"footnotes":""},"categories":[77,16,14],"tags":[],"class_list":["post-1432","page","type-page","status-publish","hentry","category-kegyeleti-adattar","category-tanszekvezetok","category-teljes-nevlista"],"acf":[],"_links":{"self":[{"href":"https:\/\/semmelweis.hu\/baratikor\/wp-json\/wp\/v2\/pages\/1432","targetHints":{"allow":["GET"]}}],"collection":[{"href":"https:\/\/semmelweis.hu\/baratikor\/wp-json\/wp\/v2\/pages"}],"about":[{"href":"https:\/\/semmelweis.hu\/baratikor\/wp-json\/wp\/v2\/types\/page"}],"author":[{"embeddable":true,"href":"https:\/\/semmelweis.hu\/baratikor\/wp-json\/wp\/v2\/users\/282"}],"replies":[{"embeddable":true,"href":"https:\/\/semmelweis.hu\/baratikor\/wp-json\/wp\/v2\/comments?post=1432"}],"version-history":[{"count":2,"href":"https:\/\/semmelweis.hu\/baratikor\/wp-json\/wp\/v2\/pages\/1432\/revisions"}],"predecessor-version":[{"id":2172,"href":"https:\/\/semmelweis.hu\/baratikor\/wp-json\/wp\/v2\/pages\/1432\/revisions\/2172"}],"up":[{"embeddable":true,"href":"https:\/\/semmelweis.hu\/baratikor\/wp-json\/wp\/v2\/pages\/347"}],"wp:attachment":[{"href":"https:\/\/semmelweis.hu\/baratikor\/wp-json\/wp\/v2\/media?parent=1432"}],"wp:term":[{"taxonomy":"category","embeddable":true,"href":"https:\/\/semmelweis.hu\/baratikor\/wp-json\/wp\/v2\/categories?post=1432"},{"taxonomy":"post_tag","embeddable":true,"href":"https:\/\/semmelweis.hu\/baratikor\/wp-json\/wp\/v2\/tags?post=1432"}],"curies":[{"name":"wp","href":"https:\/\/api.w.org\/{rel}","templated":true}]}}