{"id":1330,"date":"2022-12-30T10:29:50","date_gmt":"2022-12-30T09:29:50","guid":{"rendered":"https:\/\/semmelweis.hu\/baratikor\/?page_id=1330"},"modified":"2023-10-12T15:49:10","modified_gmt":"2023-10-12T13:49:10","slug":"sadler-jozsef","status":"publish","type":"page","link":"https:\/\/semmelweis.hu\/baratikor\/galeria\/teljes-nevlista\/sadler-jozsef\/","title":{"rendered":"Sadler J\u00f3zsef"},"content":{"rendered":"<p style=\"text-align: justify\"><strong><a href=\"https:\/\/semmelweis.hu\/baratikor\/files\/2023\/07\/Sadler-Jozsef-318.-IX.26.1-rajz-Erminy-lith.-Lantz.jpg\"><img loading=\"lazy\" decoding=\"async\" class=\"alignleft size-medium wp-image-5013\" src=\"https:\/\/semmelweis.hu\/baratikor\/files\/2023\/07\/Sadler-Jozsef-318.-IX.26.1-rajz-Erminy-lith.-Lantz-316x400.jpg\" alt=\"\" width=\"316\" height=\"400\" srcset=\"https:\/\/semmelweis.hu\/baratikor\/files\/2023\/07\/Sadler-Jozsef-318.-IX.26.1-rajz-Erminy-lith.-Lantz-316x400.jpg 316w, https:\/\/semmelweis.hu\/baratikor\/files\/2023\/07\/Sadler-Jozsef-318.-IX.26.1-rajz-Erminy-lith.-Lantz-768x973.jpg 768w, https:\/\/semmelweis.hu\/baratikor\/files\/2023\/07\/Sadler-Jozsef-318.-IX.26.1-rajz-Erminy-lith.-Lantz-753x954.jpg 753w, https:\/\/semmelweis.hu\/baratikor\/files\/2023\/07\/Sadler-Jozsef-318.-IX.26.1-rajz-Erminy-lith.-Lantz.jpg 789w\" sizes=\"auto, (max-width: 316px) 100vw, 316px\" \/><\/a>Sadler J\u00f3zsef (Pozsony, 1791. m\u00e1jus 6. &#8211; Pest, 1849. m\u00e1rcius 12.) <\/strong><\/p>\n<p style=\"text-align: justify\"><strong>Tansz\u00e9k: <\/strong>n\u00f6v\u00e9nytan 1832-1834 (h.), 1834-1848, vegytan 1838-1841 (h.)<\/p>\n<p style=\"text-align: justify\"><strong>Viselt egyetemi m\u00e9lt\u00f3s\u00e1g: <\/strong>d\u00e9k\u00e1n 1826\/27 &#8211; 1829\/30.<\/p>\n<p style=\"text-align: justify\">A gimn\u00e1ziumi tanulm\u00e1nyok ut\u00e1n, 15 \u00e9vesen gy\u00f3gyszer\u00e9szseg\u00e9d lett az irgalmasrendiek gy\u00f3gyszert\u00e1r\u00e1ban. A pesti egyetemen a gy\u00f3gyszer\u00e9szi tanfolyamra iratkozott, \u00e9s 1810. augusztus 22-\u00e9n gy\u00f3gyszer\u00e9szmesteri oklevelet szerzett. 1812-1819 k\u00f6z\u00f6tt ugyanitt v\u00e9gezte el a b\u00f6lcs\u00e9szeti \u00e9s az orvosi tanulm\u00e1nyokat, de m\u00e1r hallgat\u00f3k\u00e9nt 1815-t\u0151l a vegytani \u00e9s n\u00f6v\u00e9nytani tansz\u00e9ken m\u0171k\u00f6d\u00f6tt tan\u00e1rseg\u00e9dk\u00e9nt Kitaibel P\u00e1l, majd Schuster J\u00e1nos mellett. 1820. febru\u00e1r 14-\u00e9n avatt\u00e1k orvosdoktorr\u00e1, egyben elnyerte a Nemzeti M\u00fazeum Term\u00e9szeti T\u00e1r\u00e1nak seg\u00e9d\u0151ri, 1821. szeptember 2-\u00e1t\u00f3l pedig rendes \u0151ri \u00e1ll\u00e1s\u00e1t. 1832-ben kinevezt\u00e9k a n\u00f6v\u00e9nytan helyettes, 1834-t\u0151l pedig rendes tan\u00e1r\u00e1v\u00e1, mely t\u00e1rgyat 1848-ig oktatta. K\u00f6zben az 1838-t\u00f3l 1841-ig helyettesk\u00e9nt a vegytant is el\u0151adta. Ek\u00f6zben m\u00fazeumi feladatk\u00f6r\u00e9t is ell\u00e1tta. Botanikai kutat\u00f3\u00fatjai sor\u00e1n bej\u00e1rta az eg\u00e9sz K\u00e1rp\u00e1t-medenc\u00e9t. Az \u00e1ltala gy\u0171jt\u00f6tt herb\u00e1riumi lapok &#8211; t\u00f6bb mint 28.000 fajjal &#8211; alapozt\u00e1k meg a Magyar Term\u00e9szettudom\u00e1nyi M\u00fazeum n\u00f6v\u00e9nygy\u0171jtem\u00e9ny\u00e9t. Az 1848-as forradalom ut\u00e1n az els\u0151k k\u00f6z\u00f6tt oktatott magyar nyelven, \u00e9s haz\u00e1nkban els\u0151k\u00e9nt haszn\u00e1lt mikroszk\u00f3pi metszeteket demonstr\u00e1l\u00e1shoz. Nev\u00e9hez f\u0171z\u0151dik az els\u0151 magyar megyefl\u00f3ra (<em>Flora comitatus Pestiensis, 1-2. 1825-26.<\/em>) \u00f6ssze\u00e1ll\u00edt\u00e1sa. Tervbe vette az eg\u00e9sz orsz\u00e1g fl\u00f3r\u00e1j\u00e1nak \u00f6sszefoglal\u00e1s\u00e1t is, de ezt nem siker\u00fclt megval\u00f3s\u00edtania. A hazai harasztokr\u00f3l \u00e9s gramine\u00e1kr\u00f3l k\u00e9sz\u00fclt \u00e9rtekez\u00e9seivel megkezdte a rendszertani monogr\u00e1fi\u00e1k meg\u00edr\u00e1s\u00e1t. M\u0171k\u00f6d\u00e9s\u00e9nek f\u0151 jelent\u0151s\u00e9ge szervez\u0151, oktat\u00f3 \u00e9s n\u00e9pszer\u0171s\u00edt\u0151 tev\u00e9kenys\u00e9ge, a nagy k\u00f6zponti herb\u00e1rium l\u00e9trehoz\u00e1sa, az exsiccat\u00e1k (A magyar pl\u00e1nt\u00e1k sz\u00e1r\u00edtott gy\u0171jtem\u00e9nye) kiad\u00e1sa. Az egyetemi oktat\u00e1sban Endlicher Istv\u00e1n progressz\u00edv rendszer\u00e9t honos\u00edtotta meg, amely hal\u00e1la ut\u00e1n is sok\u00e1ig haszn\u00e1latban maradt. Alap\u00edt\u00f3 tagja volt a Term\u00e9szettudom\u00e1nyi T\u00e1rsulatnak (1841), de t\u00f6bb k\u00fclf\u00f6ldi tud\u00f3s t\u00e1rsas\u00e1g (pl. a Moszkvai Term\u00e9szetvizsg\u00e1l\u00f3k C\u00e1ri T\u00e1rsas\u00e1ga, a Weimari Mineral\u00f3giai T\u00e1rsas\u00e1g, a Regensburgi F\u00fcv\u00e9szt\u00e1rsas\u00e1g) is tagj\u00e1ul v\u00e1lasztotta. Elismer\u00e9sk\u00e9ppen t\u00f6bb n\u00f6v\u00e9nyt is elneveztek r\u00f3la (pl. Potentilla Sadleri Reichb., Ferula Sadleriana Ledeb.). A d\u00e9k\u00e1ni m\u00e9lt\u00f3s\u00e1got 1826\/27-t\u0151l n\u00e9gy tan\u00e9ven \u00e1t viselte, b\u00e1r akkor m\u00e9g az \u00fan. \u201ek\u00fcls\u0151 orvosi kar\u201d tagja volt, vagyis nem tartozott a tantest\u00fclethez.<\/p>\n<p style=\"text-align: justify\"><strong>F\u0151bb munk\u00e1i:<\/strong> Verzeichniss der um Pesth und Ofen wildwachsenden phanerogamischen Gew\u00e4chse mit Angabe ihrer Standorte und Bl\u00fcthezeit. Pesth, 1818.; Dissertatio inauguralis medica sistens descriptionem plantarum epiphyllospermarum Hungariae et provinciarum adnexarum atque Transylvaniae indigenarum. Pesth, 1820.; Magyar\u00e1zat a magyar pl\u00e1nt\u00e1k sz\u00e1r\u00edtott gy\u0171jtem\u00e9ny\u00e9hez. Pesth, 1824-30.; Flora Comitatus Pestiensis I\u2013II., Pestini, 1825-26.; De filicibus veris Hungriae, Transylvaniae, Croatiae et Litoralis Hungricae solennia instaurationis semisecularis universitatis Hungaricae die XXVIII. Junii anni 1830 recolens disserit. Budae, 1830.; Die Gr\u00e4ser Ungarns, gesammelt und f\u00fcr Botaniker und Oekonomen herausgegeben. (Ezzel a c\u00edmmel is: Agrostotheca hungarica, complectens plantas siccatas gramineas, cyperaceas et junceas Hungariae, Croatiae et Dalmatiae.) Hely \u00e9s \u00e9v n\u00e9lk\u00fcl, k\u00e9t f\u00fczet.<\/p>\n<p style=\"text-align: justify\"><strong>Nyughelye:<\/strong> nem ismert.<\/p>\n","protected":false},"excerpt":{"rendered":"<p><a href=\"https:\/\/semmelweis.hu\/baratikor\/files\/2023\/07\/Sadler-Jozsef-318.-IX.26.1-rajz-Erminy-lith.-Lantz.jpg\"><\/a> Sadler J\u00f3zsef (Pozsony, 1791. m\u00e1jus 6. &#8211; Pest, 1849. m\u00e1rcius 12.) Tansz\u00e9k: n\u00f6v\u00e9nytan 1832-1834 (h.), 1834-1848, vegytan 1838-1841 (h.) Viselt egyetemi m\u00e9lt\u00f3s\u00e1g: d\u00e9k\u00e1n 1826\/27 &#8211; 1829\/30. A gimn\u00e1ziumi tanulm\u00e1nyok ut\u00e1n, 15 \u00e9vesen gy\u00f3gyszer\u00e9szseg\u00e9d lett az irgalmasrendiek gy\u00f3gyszert\u00e1r\u00e1ban. A pesti egyetemen a gy\u00f3gyszer\u00e9szi tanfolyamra iratkozott, \u00e9s 1810. augusztus 22-\u00e9n gy\u00f3gyszer\u00e9szmesteri oklevelet szerzett. 1812-1819 k\u00f6z\u00f6tt ugyanitt v\u00e9gezte &hellip;<\/p>\n","protected":false},"author":282,"featured_media":5437,"parent":347,"menu_order":0,"comment_status":"closed","ping_status":"closed","template":"template-fullwidth.php","meta":{"_acf_changed":false,"footnotes":""},"categories":[6,20,77,81,14],"tags":[],"class_list":["post-1330","page","type-page","status-publish","has-post-thumbnail","hentry","category-dekanok","category-dekanok-karok-szerint","category-kegyeleti-adattar","category-orvosi-kar-dekanjai","category-teljes-nevlista"],"acf":[],"_links":{"self":[{"href":"https:\/\/semmelweis.hu\/baratikor\/wp-json\/wp\/v2\/pages\/1330","targetHints":{"allow":["GET"]}}],"collection":[{"href":"https:\/\/semmelweis.hu\/baratikor\/wp-json\/wp\/v2\/pages"}],"about":[{"href":"https:\/\/semmelweis.hu\/baratikor\/wp-json\/wp\/v2\/types\/page"}],"author":[{"embeddable":true,"href":"https:\/\/semmelweis.hu\/baratikor\/wp-json\/wp\/v2\/users\/282"}],"replies":[{"embeddable":true,"href":"https:\/\/semmelweis.hu\/baratikor\/wp-json\/wp\/v2\/comments?post=1330"}],"version-history":[{"count":4,"href":"https:\/\/semmelweis.hu\/baratikor\/wp-json\/wp\/v2\/pages\/1330\/revisions"}],"predecessor-version":[{"id":5014,"href":"https:\/\/semmelweis.hu\/baratikor\/wp-json\/wp\/v2\/pages\/1330\/revisions\/5014"}],"up":[{"embeddable":true,"href":"https:\/\/semmelweis.hu\/baratikor\/wp-json\/wp\/v2\/pages\/347"}],"wp:featuredmedia":[{"embeddable":true,"href":"https:\/\/semmelweis.hu\/baratikor\/wp-json\/wp\/v2\/media\/5437"}],"wp:attachment":[{"href":"https:\/\/semmelweis.hu\/baratikor\/wp-json\/wp\/v2\/media?parent=1330"}],"wp:term":[{"taxonomy":"category","embeddable":true,"href":"https:\/\/semmelweis.hu\/baratikor\/wp-json\/wp\/v2\/categories?post=1330"},{"taxonomy":"post_tag","embeddable":true,"href":"https:\/\/semmelweis.hu\/baratikor\/wp-json\/wp\/v2\/tags?post=1330"}],"curies":[{"name":"wp","href":"https:\/\/api.w.org\/{rel}","templated":true}]}}