{"id":1313,"date":"2022-12-30T10:15:05","date_gmt":"2022-12-30T09:15:05","guid":{"rendered":"https:\/\/semmelweis.hu\/baratikor\/?page_id=1313"},"modified":"2023-01-06T14:19:47","modified_gmt":"2023-01-06T13:19:47","slug":"csurgovics-sandor","status":"publish","type":"page","link":"https:\/\/semmelweis.hu\/baratikor\/galeria\/teljes-nevlista\/csurgovics-sandor\/","title":{"rendered":"Csurgovics S\u00e1ndor"},"content":{"rendered":"<p style=\"text-align: justify\"><strong>(\u00dajkemence \/Ung\/, 1800. &#8211; ?, ?)<\/strong><\/p>\n<p style=\"text-align: justify\">D\u00e9k\u00e1n: 1834\/35 &#8211; 1835\/36<\/p>\n<p style=\"text-align: justify\">Ung megyei g\u00f6r\u00f6g katolikus csal\u00e1db\u00f3l sz\u00e1rmazott. Sem hal\u00e1l\u00e1nak pontos hely\u00e9t, sem idej\u00e9t nem ismerj\u00fck. A pesti Orvoskar k\u00fcltagja volt, vagyis nem tartozott a tan\u00e1ri karhoz. Orvosi tanulm\u00e1nyai el\u0151tt b\u00f6lcs\u00e9szdoktor\u00e1tust szerzett. 1826. m\u00e1jus 3-\u00e1n avatt\u00e1k orvoss\u00e1 Pesten. 1834\/35-ben d\u00e9k\u00e1ni tiszts\u00e9gre v\u00e1lasztott\u00e1k, melyet k\u00e9t tan\u00e9vig t\u00f6lt\u00f6tt be. 1876 okt\u00f3ber\u00e9ben, orvoss\u00e1 avat\u00e1s\u00e1nak 50. \u00e9vfordul\u00f3j\u00e1n az egyetem d\u00edszoklev\u00e9llel tisztelte meg. Egyetlen m\u0171ve ismert, mely orvoss\u00e1 avat\u00e1sa kapcs\u00e1n \u00edr\u00f3dott.<\/p>\n<p style=\"text-align: justify\">(Munk\u00e1ja: Societas conjugalis a parte sanitatis considerata. Dissertatio politicomedica. Pestini, 1826.)<\/p>\n","protected":false},"excerpt":{"rendered":"<p>(\u00dajkemence \/Ung\/, 1800. &#8211; ?, ?) D\u00e9k\u00e1n: 1834\/35 &#8211; 1835\/36 Ung megyei g\u00f6r\u00f6g katolikus csal\u00e1db\u00f3l sz\u00e1rmazott. Sem hal\u00e1l\u00e1nak pontos hely\u00e9t, sem idej\u00e9t nem ismerj\u00fck. A pesti Orvoskar k\u00fcltagja volt, vagyis nem tartozott a tan\u00e1ri karhoz. Orvosi tanulm\u00e1nyai el\u0151tt b\u00f6lcs\u00e9szdoktor\u00e1tust szerzett. 1826. m\u00e1jus 3-\u00e1n avatt\u00e1k orvoss\u00e1 Pesten. 1834\/35-ben d\u00e9k\u00e1ni tiszts\u00e9gre v\u00e1lasztott\u00e1k, melyet k\u00e9t tan\u00e9vig t\u00f6lt\u00f6tt be. &hellip;<\/p>\n","protected":false},"author":282,"featured_media":0,"parent":347,"menu_order":0,"comment_status":"closed","ping_status":"closed","template":"template-fullwidth.php","meta":{"_acf_changed":false,"footnotes":""},"categories":[6,20,81,14],"tags":[],"class_list":["post-1313","page","type-page","status-publish","hentry","category-dekanok","category-dekanok-karok-szerint","category-orvosi-kar-dekanjai","category-teljes-nevlista"],"acf":[],"_links":{"self":[{"href":"https:\/\/semmelweis.hu\/baratikor\/wp-json\/wp\/v2\/pages\/1313","targetHints":{"allow":["GET"]}}],"collection":[{"href":"https:\/\/semmelweis.hu\/baratikor\/wp-json\/wp\/v2\/pages"}],"about":[{"href":"https:\/\/semmelweis.hu\/baratikor\/wp-json\/wp\/v2\/types\/page"}],"author":[{"embeddable":true,"href":"https:\/\/semmelweis.hu\/baratikor\/wp-json\/wp\/v2\/users\/282"}],"replies":[{"embeddable":true,"href":"https:\/\/semmelweis.hu\/baratikor\/wp-json\/wp\/v2\/comments?post=1313"}],"version-history":[{"count":2,"href":"https:\/\/semmelweis.hu\/baratikor\/wp-json\/wp\/v2\/pages\/1313\/revisions"}],"predecessor-version":[{"id":1315,"href":"https:\/\/semmelweis.hu\/baratikor\/wp-json\/wp\/v2\/pages\/1313\/revisions\/1315"}],"up":[{"embeddable":true,"href":"https:\/\/semmelweis.hu\/baratikor\/wp-json\/wp\/v2\/pages\/347"}],"wp:attachment":[{"href":"https:\/\/semmelweis.hu\/baratikor\/wp-json\/wp\/v2\/media?parent=1313"}],"wp:term":[{"taxonomy":"category","embeddable":true,"href":"https:\/\/semmelweis.hu\/baratikor\/wp-json\/wp\/v2\/categories?post=1313"},{"taxonomy":"post_tag","embeddable":true,"href":"https:\/\/semmelweis.hu\/baratikor\/wp-json\/wp\/v2\/tags?post=1313"}],"curies":[{"name":"wp","href":"https:\/\/api.w.org\/{rel}","templated":true}]}}

Csurgovics Sándor

<p style="text-align: justify"><strong>(Újkemence /Ung/, 1800. &#8211; ?, ?)</strong></p>
<p style="text-align: justify">Dékán: 1834/35 &#8211; 1835/36</p>
<p style="text-align: justify">Ung megyei görög katolikus családból származott. Sem halálának pontos helyét, sem idejét nem ismerjük. A pesti Orvoskar kültagja volt, vagyis nem tartozott a tanári karhoz. Orvosi tanulmányai előtt bölcsészdoktorátust szerzett. 1826. május 3-án avatták orvossá Pesten. 1834/35-ben dékáni tisztségre választották, melyet két tanévig töltött be. 1876 októberében, orvossá avatásának 50. évfordulóján az egyetem díszoklevéllel tisztelte meg. Egyetlen műve ismert, mely orvossá avatása kapcsán íródott.</p>
<p style="text-align: justify">(Munkája: Societas conjugalis a parte sanitatis considerata. Dissertatio politicomedica. Pestini, 1826.)</p>

<p>(Újkemence /Ung/, 1800. &#8211; ?, ?) Dékán: 1834/35 &#8211; 1835/36 Ung megyei görög katolikus családból származott. Sem halálának pontos helyét, sem idejét nem ismerjük. A pesti Orvoskar kültagja volt, vagyis nem tartozott a tanári karhoz. Orvosi tanulmányai előtt bölcsészdoktorátust szerzett. 1826. május 3-án avatták orvossá Pesten. 1834/35-ben dékáni tisztségre választották, melyet két tanévig töltött be. &hellip;</p>
