{"id":1307,"date":"2022-12-30T10:10:49","date_gmt":"2022-12-30T09:10:49","guid":{"rendered":"https:\/\/semmelweis.hu\/baratikor\/?page_id=1307"},"modified":"2024-03-30T23:21:47","modified_gmt":"2024-03-30T22:21:47","slug":"bohm-karoly","status":"publish","type":"page","link":"https:\/\/semmelweis.hu\/baratikor\/galeria\/teljes-nevlista\/bohm-karoly\/","title":{"rendered":"B\u00f6hm K\u00e1roly"},"content":{"rendered":"<p style=\"text-align: justify\"><strong><a href=\"https:\/\/semmelweis.hu\/baratikor\/galeria\/teljes-nevlista\/bohm-karoly\/024_11\/\" rel=\"attachment wp-att-1308\"><img loading=\"lazy\" decoding=\"async\" class=\"alignleft wp-image-1308 size-medium\" src=\"https:\/\/semmelweis.hu\/baratikor\/files\/2022\/12\/024_11-254x400.jpg\" alt=\"\" width=\"254\" height=\"400\" \/><\/a><\/strong><strong>(Buda, 1778? &#8211; Pest, 1848. m\u00e1jus 8.)<\/strong><\/p>\n<p><strong>Tansz\u00e9k: <\/strong>\u00e1llamorvostan 1816\/1817-1843.<\/p>\n<p><strong>Viselt egyetemi m\u00e9lt\u00f3s\u00e1g: <\/strong>rektor: 1837\/38.<\/p>\n<p>K\u00f6z\u00e9piskol\u00e1it Kalocs\u00e1n \u00e9s P\u00e9csett, orvosi tanulm\u00e1nyait Pesten v\u00e9gezte. 1804. \u00e1prilis 24-\u00e9n B\u00f6hm K\u00e1roly J\u00f3zsef n\u00e9ven orvosdoktorr\u00e1 avatt\u00e1k. 1805-t\u0151l a pesti papnevel\u0151 int\u00e9zet orvosa. Gy\u0151ry Tibor kart\u00f6rt\u00e9nete szerint 1816. december 30-\u00e1n kapott tan\u00e1ri kinevez\u00e9st az \u00e1llamorvostan (k\u00f6zeg\u00e9szs\u00e9gtan \u00e9s t\u00f6rv\u00e9nysz\u00e9ki orvostan egy\u00fctt) tansz\u00e9kre. M\u00e1s forr\u00e1s (pl. H\u0151gyes) szerint ekkor csak mint helyettes, 1817-t\u0151l mint rendes tan\u00e1r volt a t\u00e1rgy el\u0151ad\u00f3ja 1843-as nyugd\u00edjba vonul\u00e1s\u00e1ig. 1837\/38-ban az egyetem rektori tiszt\u00e9t t\u00f6lt\u00f6tte be.<\/p>\n<p><strong>F\u0151bb munk\u00e1i:<\/strong> Orvosi t\u00e1r I-II. Pest, 1831.; Bek\u00f6sz\u00f6nt\u0151 besz\u00e9d. In: Tudom\u00e1nyos gy\u0171jtem\u00e9ny, 1833.; Mi\u00e9rt nem eszk\u00f6zli az orvosi t\u00f6rv\u00e9nytudom\u00e1ny az igazs\u00e1g kiszolg\u00e1ltat\u00e1sban mindenkor azt, a mit t\u0151le k\u00edv\u00e1nnak, vagy a mit \u0151 eszk\u00f6z\u00f6lhetne? Tud. Gy\u0171jt. 1833. II. 37. 1.; A gyermek-\u00f6l\u00e9sr\u0151l orvost\u00f6rv\u00e9nyi tekintetben. u.o. IV. 57. 1.; A h\u00e1zi \u00e1llatok term\u00e9szet\u00e9r\u0151l. u.o. V. 75. 1.; A h\u00e1zi \u00e1llatoknak betegs\u00e9geikr\u0151l. u.o. VI. 66. 1.; A hal\u00e1lt\u00f3l \u00e9s az eleven eltemettet\u00e9st\u0151l val\u00f3 f\u00e9lelemr\u0151l. u.o. 1833. VII. 68.<\/p>\n<p><strong>Nyughelye:<\/strong> a halotti anyak\u00f6nyv bejegyz\u00e9se szerint a Szervita s\u00edrboltba temett\u00e9k.<\/p>\n<p>&nbsp;<\/p>\n<p>&nbsp;<\/p>\n<p>&nbsp;<\/p>\n<p>&nbsp;<\/p>\n<p>&nbsp;<\/p>\n<p><a href=\"https:\/\/semmelweis.hu\/baratikor\/galeria\/teljes-nevlista\/bohm-karoly\/024_21\/\" rel=\"attachment wp-att-1309\"><img loading=\"lazy\" decoding=\"async\" class=\"alignleft size-full wp-image-1309\" src=\"https:\/\/semmelweis.hu\/baratikor\/files\/2022\/12\/024_21.jpg\" alt=\"\" width=\"295\" height=\"370\" \/><\/a><\/p>\n","protected":false},"excerpt":{"rendered":"<p><a href=\"https:\/\/semmelweis.hu\/baratikor\/galeria\/teljes-nevlista\/bohm-karoly\/024_11\/\" rel=\"attachment wp-att-1308\"><\/a> (Buda, 1778? &#8211; Pest, 1848. m\u00e1jus 8.) Tansz\u00e9k: \u00e1llamorvostan 1816\/1817-1843. Viselt egyetemi m\u00e9lt\u00f3s\u00e1g: rektor: 1837\/38. K\u00f6z\u00e9piskol\u00e1it Kalocs\u00e1n \u00e9s P\u00e9csett, orvosi tanulm\u00e1nyait Pesten v\u00e9gezte. 1804. \u00e1prilis 24-\u00e9n B\u00f6hm K\u00e1roly J\u00f3zsef n\u00e9ven orvosdoktorr\u00e1 avatt\u00e1k. 1805-t\u0151l a pesti papnevel\u0151 int\u00e9zet orvosa. Gy\u0151ry Tibor kart\u00f6rt\u00e9nete szerint 1816. december 30-\u00e1n kapott tan\u00e1ri kinevez\u00e9st az \u00e1llamorvostan (k\u00f6zeg\u00e9szs\u00e9gtan \u00e9s t\u00f6rv\u00e9nysz\u00e9ki orvostan egy\u00fctt) &hellip;<\/p>\n","protected":false},"author":282,"featured_media":1308,"parent":347,"menu_order":0,"comment_status":"closed","ping_status":"closed","template":"template-fullwidth.php","meta":{"_acf_changed":false,"footnotes":""},"categories":[77,5,14],"tags":[],"class_list":["post-1307","page","type-page","status-publish","has-post-thumbnail","hentry","category-kegyeleti-adattar","category-rektorok","category-teljes-nevlista"],"acf":[],"_links":{"self":[{"href":"https:\/\/semmelweis.hu\/baratikor\/wp-json\/wp\/v2\/pages\/1307","targetHints":{"allow":["GET"]}}],"collection":[{"href":"https:\/\/semmelweis.hu\/baratikor\/wp-json\/wp\/v2\/pages"}],"about":[{"href":"https:\/\/semmelweis.hu\/baratikor\/wp-json\/wp\/v2\/types\/page"}],"author":[{"embeddable":true,"href":"https:\/\/semmelweis.hu\/baratikor\/wp-json\/wp\/v2\/users\/282"}],"replies":[{"embeddable":true,"href":"https:\/\/semmelweis.hu\/baratikor\/wp-json\/wp\/v2\/comments?post=1307"}],"version-history":[{"count":8,"href":"https:\/\/semmelweis.hu\/baratikor\/wp-json\/wp\/v2\/pages\/1307\/revisions"}],"predecessor-version":[{"id":5538,"href":"https:\/\/semmelweis.hu\/baratikor\/wp-json\/wp\/v2\/pages\/1307\/revisions\/5538"}],"up":[{"embeddable":true,"href":"https:\/\/semmelweis.hu\/baratikor\/wp-json\/wp\/v2\/pages\/347"}],"wp:featuredmedia":[{"embeddable":true,"href":"https:\/\/semmelweis.hu\/baratikor\/wp-json\/wp\/v2\/media\/1308"}],"wp:attachment":[{"href":"https:\/\/semmelweis.hu\/baratikor\/wp-json\/wp\/v2\/media?parent=1307"}],"wp:term":[{"taxonomy":"category","embeddable":true,"href":"https:\/\/semmelweis.hu\/baratikor\/wp-json\/wp\/v2\/categories?post=1307"},{"taxonomy":"post_tag","embeddable":true,"href":"https:\/\/semmelweis.hu\/baratikor\/wp-json\/wp\/v2\/tags?post=1307"}],"curies":[{"name":"wp","href":"https:\/\/api.w.org\/{rel}","templated":true}]}}