{"id":1289,"date":"2022-12-30T09:39:17","date_gmt":"2022-12-30T08:39:17","guid":{"rendered":"https:\/\/semmelweis.hu\/baratikor\/?page_id=1289"},"modified":"2023-01-09T11:11:28","modified_gmt":"2023-01-09T10:11:28","slug":"birly-ede-florian","status":"publish","type":"page","link":"https:\/\/semmelweis.hu\/baratikor\/galeria\/teljes-nevlista\/birly-ede-florian\/","title":{"rendered":"Birly Ede Fl\u00f3ri\u00e1n"},"content":{"rendered":"<p style=\"text-align: justify\"><strong><a href=\"https:\/\/semmelweis.hu\/baratikor\/galeria\/teljes-nevlista\/birly-ede-florian\/025_11\/\" rel=\"attachment wp-att-1290\"><img loading=\"lazy\" decoding=\"async\" class=\"alignleft size-medium wp-image-1290\" src=\"https:\/\/semmelweis.hu\/baratikor\/files\/2022\/12\/025_11-266x400.jpg\" alt=\"\" width=\"266\" height=\"400\" srcset=\"https:\/\/semmelweis.hu\/baratikor\/files\/2022\/12\/025_11-266x400.jpg 266w, https:\/\/semmelweis.hu\/baratikor\/files\/2022\/12\/025_11.jpg 295w\" sizes=\"auto, (max-width: 266px) 100vw, 266px\" \/><\/a>(H\u00f3ds\u00e1g, 1787. december 6. &#8211; Pest, 1854. november 25.)<\/strong><\/p>\n<p style=\"text-align: justify\">D\u00e9k\u00e1n: 1836\/37 &#8211; 1837\/38<\/p>\n<p style=\"text-align: justify\">El\u0151tanulm\u00e1nyait Kalocs\u00e1n, P\u00e9csett, Esz\u00e9ken, Bud\u00e1n \u00e9s Pesten v\u00e9gezte, majd Pesten \u00e9s n\u00e9gy \u00e9vig B\u00e9csben orvosl\u00e1st tanult. Itt 1814. j\u00fanius 27-\u00e9n sz\u00fcl\u00e9szmesteri, augusztus 30-\u00e1n orvosdoktori oklevelet szerzett. 1814-1817 k\u00f6z\u00f6tt ugyanitt a h\u00edres Lucas Johann Bo\u00ebr seg\u00e9dje, aki helyett, annak gyeng\u00e9lked\u00e9se ok\u00e1n, nyaranta el\u0151ad\u00e1sokat is tartott. 1817. \u00e1prilis 22-\u00e9n kinevez\u00e9st kapott a pesti egyetem sz\u00fcl\u00e9szeti tansz\u00e9k\u00e9re, melyet m\u00e1jus 29-\u00e9n foglalt el. 1824-ben magyar nemess\u00e9get kapott. Szakter\u00fclet\u00e9n konzervat\u00edv elveket vallott, nem ismerte fel Semmelweis felfedez\u00e9s\u00e9nek jelent\u0151s\u00e9g\u00e9t. Mivel a gyermek\u00e1gyi l\u00e1z ok\u00e1t a n\u0151i test tiszt\u00e1talans\u00e1g\u00e1ban l\u00e1tta, a kezel\u00e9sre hashajt\u00f3kat alkalmazott. Int\u00e9zet\u00e9t anyagilag is t\u00e1mogatta, nagy szerepe volt a \u201eb\u00e1baorvosok\u201d k\u00e9pz\u00e9s\u00e9ben. T\u00f6bb k\u00fclf\u00f6ldi orvost\u00e1rsas\u00e1gnak is tagja volt. P\u00e1ly\u00e1ja sor\u00e1n vagyont szerzett, Pesten t\u00f6bb h\u00e1za, Nyitra megy\u00e9ben (Nagy-Bilicen \u00e9s Nyitra-Zs\u00e1mbokr\u00e9ten) birtokai voltak. Hal\u00e1la ut\u00e1n tansz\u00e9k\u00e9n Semmelweis k\u00f6vette. K\u00e9tszer d\u00e9k\u00e1ni (1836\/37, 1837\/38), egyszer rektori (1841\/42) tiszts\u00e9gre v\u00e1lasztott\u00e1k.<\/p>\n<p style=\"text-align: justify\">(Munk\u00e1ja: Dissertatio inauguralis medica de epilepsia. Viennae. 1814.)<\/p>\n<p><a href=\"https:\/\/semmelweis.hu\/baratikor\/galeria\/teljes-nevlista\/birly-ede-florian\/025_21\/\" rel=\"attachment wp-att-1291\"><img loading=\"lazy\" decoding=\"async\" class=\"alignleft size-full wp-image-1291\" src=\"https:\/\/semmelweis.hu\/baratikor\/files\/2022\/12\/025_21.jpg\" alt=\"\" width=\"295\" height=\"370\" \/><\/a><\/p>\n","protected":false},"excerpt":{"rendered":"<p><a href=\"https:\/\/semmelweis.hu\/baratikor\/galeria\/teljes-nevlista\/birly-ede-florian\/025_11\/\" rel=\"attachment wp-att-1290\"><\/a> (H\u00f3ds\u00e1g, 1787. december 6. &#8211; Pest, 1854. november 25.) D\u00e9k\u00e1n: 1836\/37 &#8211; 1837\/38 El\u0151tanulm\u00e1nyait Kalocs\u00e1n, P\u00e9csett, Esz\u00e9ken, Bud\u00e1n \u00e9s Pesten v\u00e9gezte, majd Pesten \u00e9s n\u00e9gy \u00e9vig B\u00e9csben orvosl\u00e1st tanult. Itt 1814. j\u00fanius 27-\u00e9n sz\u00fcl\u00e9szmesteri, augusztus 30-\u00e1n orvosdoktori oklevelet szerzett. 1814-1817 k\u00f6z\u00f6tt ugyanitt a h\u00edres Lucas Johann Bo\u00ebr seg\u00e9dje, aki helyett, annak gyeng\u00e9lked\u00e9se ok\u00e1n, nyaranta el\u0151ad\u00e1sokat &hellip;<\/p>\n","protected":false},"author":282,"featured_media":1290,"parent":347,"menu_order":0,"comment_status":"closed","ping_status":"closed","template":"template-fullwidth.php","meta":{"_acf_changed":false,"footnotes":""},"categories":[6,20,77,81,5,14],"tags":[],"class_list":["post-1289","page","type-page","status-publish","has-post-thumbnail","hentry","category-dekanok","category-dekanok-karok-szerint","category-kegyeleti-adattar","category-orvosi-kar-dekanjai","category-rektorok","category-teljes-nevlista"],"acf":[],"_links":{"self":[{"href":"https:\/\/semmelweis.hu\/baratikor\/wp-json\/wp\/v2\/pages\/1289","targetHints":{"allow":["GET"]}}],"collection":[{"href":"https:\/\/semmelweis.hu\/baratikor\/wp-json\/wp\/v2\/pages"}],"about":[{"href":"https:\/\/semmelweis.hu\/baratikor\/wp-json\/wp\/v2\/types\/page"}],"author":[{"embeddable":true,"href":"https:\/\/semmelweis.hu\/baratikor\/wp-json\/wp\/v2\/users\/282"}],"replies":[{"embeddable":true,"href":"https:\/\/semmelweis.hu\/baratikor\/wp-json\/wp\/v2\/comments?post=1289"}],"version-history":[{"count":2,"href":"https:\/\/semmelweis.hu\/baratikor\/wp-json\/wp\/v2\/pages\/1289\/revisions"}],"predecessor-version":[{"id":1293,"href":"https:\/\/semmelweis.hu\/baratikor\/wp-json\/wp\/v2\/pages\/1289\/revisions\/1293"}],"up":[{"embeddable":true,"href":"https:\/\/semmelweis.hu\/baratikor\/wp-json\/wp\/v2\/pages\/347"}],"wp:featuredmedia":[{"embeddable":true,"href":"https:\/\/semmelweis.hu\/baratikor\/wp-json\/wp\/v2\/media\/1290"}],"wp:attachment":[{"href":"https:\/\/semmelweis.hu\/baratikor\/wp-json\/wp\/v2\/media?parent=1289"}],"wp:term":[{"taxonomy":"category","embeddable":true,"href":"https:\/\/semmelweis.hu\/baratikor\/wp-json\/wp\/v2\/categories?post=1289"},{"taxonomy":"post_tag","embeddable":true,"href":"https:\/\/semmelweis.hu\/baratikor\/wp-json\/wp\/v2\/tags?post=1289"}],"curies":[{"name":"wp","href":"https:\/\/api.w.org\/{rel}","templated":true}]}}