{"id":1199,"date":"2022-09-14T10:10:22","date_gmt":"2022-09-14T08:10:22","guid":{"rendered":"https:\/\/semmelweis.hu\/baratikor\/?page_id=1199"},"modified":"2023-10-11T16:14:28","modified_gmt":"2023-10-11T14:14:28","slug":"kovacs-jozsef","status":"publish","type":"page","link":"https:\/\/semmelweis.hu\/baratikor\/galeria\/teljes-nevlista\/kovacs-jozsef\/","title":{"rendered":"Kov\u00e1cs J\u00f3zsef"},"content":{"rendered":"<p style=\"text-align: justify\"><strong><a href=\"https:\/\/semmelweis.hu\/baratikor\/files\/2022\/09\/030_11.jpg\"><img loading=\"lazy\" decoding=\"async\" class=\"size-full wp-image-1200 alignleft\" src=\"https:\/\/semmelweis.hu\/baratikor\/files\/2022\/09\/030_11.jpg\" alt=\"\" width=\"295\" height=\"400\" \/><\/a><\/strong><strong>Kov\u00e1cs J\u00f3zsef, erd\u0151telki (Tengelic, 1832. febru\u00e1r 11. &#8211; Erd\u0151telek, 1897. augusztus 6.)<\/strong><\/p>\n<p style=\"text-align: justify\"><strong>Tansz\u00e9k: <\/strong>gyakorlati seb\u00e9szet 1869 (mb.), 1870-1897 (1880-t\u00f3l I. sz. Seb\u00e9szeti Klinika).<\/p>\n<p style=\"text-align: justify\"><strong>Viselt egyet emi m\u00e9lt\u00f3s\u00e1g: <\/strong>rektor 1874\/75.<\/p>\n<p style=\"text-align: justify\">\u00c9desapja gazdatiszt volt a Dunaf\u00f6ldv\u00e1r melletti Baracspuszt\u00e1n. Elemi iskol\u00e1t Dunaf\u00f6ldv\u00e1ron v\u00e9gzett, majd Kalocs\u00e1n folytatta tanulm\u00e1nyait, amit 1848-ban megszak\u00edtott, amikor csatlakozott a honv\u00e9ds\u00e9ghez. Betegs\u00e9ge miatt azonban m\u00e9g a fegyverlet\u00e9tel el\u0151tt hazat\u00e9rt a szolg\u00e1latb\u00f3l. A h\u00e1bor\u00fa ut\u00e1n Pestre ment, \u00e9s a piarist\u00e1kn\u00e1l fejezte be k\u00f6z\u00e9pfok\u00fa tanulm\u00e1nyait, majd az orvoskarra iratkozott. Tan\u00e1rainak k\u00f6sz\u00f6nhet\u0151en 1852-1856 k\u00f6z\u00f6tt t\u00f6bb h\u00edress\u00e9g beteg\u00e1gy\u00e1n\u00e1l alkalmazt\u00e1k, \u00edgy pl. V\u00f6r\u00f6smarty Mih\u00e1lyt is \u00e1polta, eg\u00e9szen annak hal\u00e1l\u00e1ig. 1856-t\u00f3l B\u00e9csben folytatta orvosi tanulm\u00e1nyait, orvosi oklevel\u00e9t is ott szerezte 1858-ban. Ezut\u00e1n hazat\u00e9rt Budapestre seb\u00e9szetet tanulni. Balassa J\u00e1nos mellett volt m\u0171t\u0151n\u00f6vend\u00e9k, majd asszisztens. 1862 november\u00e9ben ugyanitt a seb\u00e9szeti m\u0171t\u00e9ttan mag\u00e1ntan\u00e1ra lett. Kor\u00e1nak egyik legkiv\u00e1l\u00f3bb seb\u00e9szek\u00e9nt tartott\u00e1k sz\u00e1mon, tud\u00e1s\u00e1val, kit\u0171n\u0151 manualit\u00e1s\u00e1val el\u0151sz\u00f6r az 1866-os porosz-osztr\u00e1k h\u00e1bor\u00faban t\u0171nt ki. A Ludovika Akad\u00e9mia kertj\u00e9ben fel\u00e1ll\u00edtott barakkokban kezelte a h\u00e1bor\u00fas s\u00e9r\u00fclteket. A h\u00f3lyagk\u0151m\u0171t\u00e9tekr\u0151l \u00edrt k\u00f6zlem\u00e9nyei k\u00fclf\u00f6ldi szaklapokban is megjelentek. Szemben \u00e1llt a Lister-f\u00e9le antiszepszis elm\u00e9let t\u00falz\u00e1saival. Mestere, Balassa J\u00e1nos hal\u00e1la ut\u00e1n 1869-t\u0151l az akkor m\u00e1r a R\u00f3kus-k\u00f3rh\u00e1z f\u0151orvosak\u00e9nt dolgoz\u00f3 Kov\u00e1csra b\u00edzt\u00e1k a seb\u00e9szeti tansz\u00e9k vezet\u00e9s\u00e9t. 1870. m\u00e1rcius 17-\u00e9n kapta meg nyilv\u00e1nos rendes tan\u00e1ri kinevez\u00e9s\u00e9t. 1874\/75-ben az egyetem rektora volt. Egyetemi vezet\u0151k\u00e9nt hat\u00e1rozottan fell\u00e9pett a homeop\u00e1tia egyetemi oktat\u00e1sa ellen. Az orvoskar nagy fejleszt\u00e9s\u00e9nek megindul\u00e1sakor a klinikai telep els\u0151 \u00e9p\u00fcletek\u00e9nt az \u0151 seb\u00e9szeti klinik\u00e1ja k\u00e9sz\u00fclt el, amiben hat\u00e1rozott fell\u00e9p\u00e9se \u00e9s a fejleszt\u00e9s\u00e9rt felel\u0151s bizotts\u00e1gi tags\u00e1ga is szerepet j\u00e1tszott. K\u00edm\u00e9letlens\u00e9gig men\u0151 szigor\u00fas\u00e1ga ellen hallgat\u00f3i 1896 v\u00e9g\u00e9n t\u00fcntet\u00e9ssel tiltakoztak, ami zavarg\u00e1sba torkollt. Az \u00fcgy kapcs\u00e1n a karon bel\u00fcl is komoly n\u00e9zetelt\u00e9r\u00e9sek t\u00e1madtak, ami v\u00e9g\u00fcl betegs\u00e9ge s\u00falyosbod\u00e1s\u00e1hoz vezetett.<\/p>\n<p style=\"text-align: justify\">Egyik alap\u00edt\u00f3ja volt a Magyar Orvosi K\u00f6nyvkiad\u00f3 T\u00e1rsulatnak. Tagja volt az Orsz\u00e1gos K\u00f6zeg\u00e9szs\u00e9g\u00fcgyi Tan\u00e1csnak, eln\u00f6ke a Budapesti Orvosi K\u00f6rnek, illetve 12 \u00e9ven \u00e1t a Magyar Orvosok \u00e9s Term\u00e9szetvizsg\u00e1l\u00f3k \u00e1lland\u00f3 k\u00f6zponti v\u00e1lasztm\u00e1ny\u00e1nak. Megalakul\u00e1sakor, 1890-ben az Igazs\u00e1g\u00fcgyi Orvosi Tan\u00e1cs els\u0151 eln\u00f6ke lett. Tiszteletbeli tagja volt a J\u00e1szkun-ker\u00fcleti Orvosegyletnek. A Kir\u00e1lyi Magyar Term\u00e9szettudom\u00e1nyi T\u00e1rsulat, az Orsz\u00e1gos Magyar Gazdas\u00e1gi Egyes\u00fclet \u00e9s t\u00f6bb tud\u00f3s t\u00e1rsas\u00e1g is tiszteleti vagy rendes tagg\u00e1 v\u00e1lasztotta.<\/p>\n<p style=\"text-align: justify\">A porosz-osztr\u00e1k h\u00e1bor\u00fa sebes\u00fcltjei k\u00f6r\u00fcl tett szolg\u00e1latai\u00e9rt megkapta a Ferenc J\u00f3zsef-rend \u00e9s a sz\u00e1sz kir\u00e1lyi Albrecht-rend lovagkeresztj\u00e9t. 1876-ban elnyerte a Lip\u00f3t-rend kiskeresztj\u00e9t, majd 1891-ben miniszteri tan\u00e1csosi c\u00edmet kapott. 1894-ben a katonaorvosok seb\u00e9szi kik\u00e9pz\u00e9s\u00e9vel kapcsolatos munk\u00e1ss\u00e1g\u00e1\u00e9rt a Ferenc J\u00f3zsef-rend csillagos comthur-keresztj\u00e9vel t\u00fcntett\u00e9k ki. 1896-ban magyar nemess\u00e9get kapott. Hal\u00e1l\u00e1t cukorbetegs\u00e9g\u00e9b\u0151l sz\u00e1rmaz\u00f3 sz\u00f6v\u0151dm\u00e9ny okozta. A Heves megyei, Erd\u0151telken l\u00e9v\u0151 birtok\u00e1n hunyt el.<\/p>\n<p style=\"text-align: justify\"><strong>F\u0151bb munk\u00e1i:<\/strong> G\u00e9gecs\u0151nyit\u00e1s h\u00e1rty\u00e1s torokgy\u00edkn\u00e1l. In: Orvosi Hetilap, 1863.; A h\u00fagyk\u00f6vekr\u0151l. Bp., 1883.; Seb\u00e9szeti k\u00f3roda \u00e9p\u00fclete. In: Egyetemi int\u00e9zetek I. Bp., 1883.; Gyakorlati seb\u00e9szet I. Bp., 1890.<\/p>\n<p style=\"text-align: justify\"><strong>Nyughelye:<\/strong> Fiumei \u00fati temet\u0151 29\/0\/1\/13.<\/p>\n\r\n        [slb_exclude]\r\n        <div class=\"row galeria-wrapper mx-0 h-auto\">\r\n            <div class=\"col-9 pl-0 pr-2\">\r\n            <span class=\"gallery-item frame\">\r\n\t\t\t\t<div class=\"galeria-left-img\"><a href=\"https:\/\/semmelweis.hu\/baratikor\/files\/2022\/09\/030_41.jpg\"><img src=https:\/\/semmelweis.hu\/baratikor\/files\/2022\/09\/030_41.jpg  \r\n                            alt=\"\" \r\n                            class=\"attachment-sote-gallery-big size-sote-gallery-big\" \r\n                            srcset=\"\" ><\/a><\/div>\r\n            <\/span>\r\n\r\n            <\/div>\r\n\r\n\t\t\t<div class=\"col-3 pl-0 pr-0\">\r\n\t\t\t\t<div class=\"galeria-right-img d-flex justify-content-between flex-column h-100 w-100 px-0 mx-0 \">\r\n                <div class=\"galeria-box\">\r\n\t\t\t\t\t<h3 class=\"galeria-title\">Gal\u00e9ria<\/h3>\r\n\t\t\t\t\t<div class=\"galeria-subtitle\">\r\n\r\n\t\t\t\t\t\t<div class=\"galeria-page-counter\"><span>8<\/span>k\u00e9p<\/div>\r\n                    <\/div> <\/div>\r\n                    <span class=\"gallery-item frame d-none d-md-flex\">\r\n\t\t\t\t\t<div class=\"galeria-small-img mt-0\"><a href=\"https:\/\/semmelweis.hu\/baratikor\/files\/2023\/01\/Kovacs-Jozsef.jpg\"><img src=https:\/\/semmelweis.hu\/baratikor\/files\/2023\/01\/Kovacs-Jozsef.jpg \r\n                                alt=\"\"  \r\n                                class=\"attachment-sote-gallery-small size-sote-gallery-small\" \r\n                                srcset=\"https:\/\/semmelweis.hu\/baratikor\/files\/2023\/01\/Kovacs-Jozsef-229x400.jpg 229w, https:\/\/semmelweis.hu\/baratikor\/files\/2023\/01\/Kovacs-Jozsef.jpg 573w\" ><\/a><\/div>\r\n                    <\/span>\r\n                    <span class=\"gallery-item frame d-none d-md-flex\">\r\n\t\t\t\t\t<div class=\"galeria-small-img mt-0\"><a href=\"https:\/\/semmelweis.hu\/baratikor\/files\/2022\/09\/030_11.jpg\"><img src=https:\/\/semmelweis.hu\/baratikor\/files\/2022\/09\/030_11.jpg \r\n                                alt=\"\" \r\n                                class=\"attachment-sote-gallery-small size-sote-gallery-small\" \r\n                                srcset=\"\" ><\/a><\/div>\r\n                    <\/span>\r\n\r\n                <\/div>\r\n\r\n            <\/div>\r\n\r\n            <span class=\"gallery-item\"><div class=\"hidden\"><a href=\"https:\/\/semmelweis.hu\/baratikor\/files\/2022\/09\/030_21.jpg\">\r\n        <img src=https:\/\/semmelweis.hu\/baratikor\/files\/2022\/09\/030_21.jpg alt=\"\" class=\"attachment-sote-gallery-big size-sote-gallery-big\" srcset=\"\" >\r\n        <\/a><\/div><\/span><span class=\"gallery-item\"><div class=\"hidden\"><a href=\"https:\/\/semmelweis.hu\/baratikor\/files\/2022\/09\/030_31.jpg\">\r\n        <img src=https:\/\/semmelweis.hu\/baratikor\/files\/2022\/09\/030_31.jpg alt=\"\" class=\"attachment-sote-gallery-big size-sote-gallery-big\" srcset=\"\" >\r\n        <\/a><\/div><\/span><span class=\"gallery-item\"><div class=\"hidden\"><a href=\"https:\/\/semmelweis.hu\/baratikor\/files\/2022\/09\/030_51.jpg\">\r\n        <img src=https:\/\/semmelweis.hu\/baratikor\/files\/2022\/09\/030_51.jpg alt=\"\" class=\"attachment-sote-gallery-big size-sote-gallery-big\" srcset=\"https:\/\/semmelweis.hu\/baratikor\/files\/2022\/09\/030_51-221x400.jpg 221w, https:\/\/semmelweis.hu\/baratikor\/files\/2022\/09\/030_51.jpg 441w\" >\r\n        <\/a><\/div><\/span><span class=\"gallery-item\"><div class=\"hidden\"><a href=\"https:\/\/semmelweis.hu\/baratikor\/files\/2023\/01\/Kovacs-Jozsef-kozeli.jpg\">\r\n        <img src=https:\/\/semmelweis.hu\/baratikor\/files\/2023\/01\/Kovacs-Jozsef-kozeli.jpg alt=\"\" class=\"attachment-sote-gallery-big size-sote-gallery-big\" srcset=\"https:\/\/semmelweis.hu\/baratikor\/files\/2023\/01\/Kovacs-Jozsef-kozeli-267x400.jpg 267w, https:\/\/semmelweis.hu\/baratikor\/files\/2023\/01\/Kovacs-Jozsef-kozeli.jpg 667w\" >\r\n        <\/a><\/div><\/span><span class=\"gallery-item\"><div class=\"hidden\"><a href=\"https:\/\/semmelweis.hu\/baratikor\/files\/2023\/01\/Kovacs-Jozsef-sirja-Fiumei-ut.jpg\">\r\n        <img src=https:\/\/semmelweis.hu\/baratikor\/files\/2023\/01\/Kovacs-Jozsef-sirja-Fiumei-ut.jpg alt=\"\" class=\"attachment-sote-gallery-big size-sote-gallery-big\" srcset=\"https:\/\/semmelweis.hu\/baratikor\/files\/2023\/01\/Kovacs-Jozsef-sirja-Fiumei-ut-264x400.jpg 264w, https:\/\/semmelweis.hu\/baratikor\/files\/2023\/01\/Kovacs-Jozsef-sirja-Fiumei-ut.jpg 660w\" >\r\n        <\/a><\/div><\/span>\r\n            <\/div>\r\n\r\n            [\/slb_exclude]\r\n\t\n<p>&nbsp;<\/p>\n","protected":false},"excerpt":{"rendered":"<p><a href=\"https:\/\/semmelweis.hu\/baratikor\/files\/2022\/09\/030_11.jpg\"><\/a> Kov\u00e1cs J\u00f3zsef, erd\u0151telki (Tengelic, 1832. febru\u00e1r 11. &#8211; Erd\u0151telek, 1897. augusztus 6.) Tansz\u00e9k: gyakorlati seb\u00e9szet 1869 (mb.), 1870-1897 (1880-t\u00f3l I. sz. Seb\u00e9szeti Klinika). Viselt egyet emi m\u00e9lt\u00f3s\u00e1g: rektor 1874\/75. \u00c9desapja gazdatiszt volt a Dunaf\u00f6ldv\u00e1r melletti Baracspuszt\u00e1n. Elemi iskol\u00e1t Dunaf\u00f6ldv\u00e1ron v\u00e9gzett, majd Kalocs\u00e1n folytatta tanulm\u00e1nyait, amit 1848-ban megszak\u00edtott, amikor csatlakozott a honv\u00e9ds\u00e9ghez. Betegs\u00e9ge miatt azonban m\u00e9g &hellip;<\/p>\n","protected":false},"author":282,"featured_media":5401,"parent":347,"menu_order":0,"comment_status":"closed","ping_status":"closed","template":"template-fullwidth.php","meta":{"_acf_changed":false,"footnotes":""},"categories":[77,5,14],"tags":[],"class_list":["post-1199","page","type-page","status-publish","has-post-thumbnail","hentry","category-kegyeleti-adattar","category-rektorok","category-teljes-nevlista"],"acf":[],"_links":{"self":[{"href":"https:\/\/semmelweis.hu\/baratikor\/wp-json\/wp\/v2\/pages\/1199","targetHints":{"allow":["GET"]}}],"collection":[{"href":"https:\/\/semmelweis.hu\/baratikor\/wp-json\/wp\/v2\/pages"}],"about":[{"href":"https:\/\/semmelweis.hu\/baratikor\/wp-json\/wp\/v2\/types\/page"}],"author":[{"embeddable":true,"href":"https:\/\/semmelweis.hu\/baratikor\/wp-json\/wp\/v2\/users\/282"}],"replies":[{"embeddable":true,"href":"https:\/\/semmelweis.hu\/baratikor\/wp-json\/wp\/v2\/comments?post=1199"}],"version-history":[{"count":8,"href":"https:\/\/semmelweis.hu\/baratikor\/wp-json\/wp\/v2\/pages\/1199\/revisions"}],"predecessor-version":[{"id":1959,"href":"https:\/\/semmelweis.hu\/baratikor\/wp-json\/wp\/v2\/pages\/1199\/revisions\/1959"}],"up":[{"embeddable":true,"href":"https:\/\/semmelweis.hu\/baratikor\/wp-json\/wp\/v2\/pages\/347"}],"wp:featuredmedia":[{"embeddable":true,"href":"https:\/\/semmelweis.hu\/baratikor\/wp-json\/wp\/v2\/media\/5401"}],"wp:attachment":[{"href":"https:\/\/semmelweis.hu\/baratikor\/wp-json\/wp\/v2\/media?parent=1199"}],"wp:term":[{"taxonomy":"category","embeddable":true,"href":"https:\/\/semmelweis.hu\/baratikor\/wp-json\/wp\/v2\/categories?post=1199"},{"taxonomy":"post_tag","embeddable":true,"href":"https:\/\/semmelweis.hu\/baratikor\/wp-json\/wp\/v2\/tags?post=1199"}],"curies":[{"name":"wp","href":"https:\/\/api.w.org\/{rel}","templated":true}]}}