{"id":1187,"date":"2022-09-14T10:03:14","date_gmt":"2022-09-14T08:03:14","guid":{"rendered":"https:\/\/semmelweis.hu\/baratikor\/?page_id=1187"},"modified":"2023-01-09T11:29:43","modified_gmt":"2023-01-09T10:29:43","slug":"lumniczer-sandor","status":"publish","type":"page","link":"https:\/\/semmelweis.hu\/baratikor\/galeria\/teljes-nevlista\/lumniczer-sandor\/","title":{"rendered":"Lumniczer S\u00e1ndor"},"content":{"rendered":"<p style=\"text-align: justify\"><strong><a href=\"https:\/\/semmelweis.hu\/baratikor\/files\/2022\/09\/079_11.jpg\"><img loading=\"lazy\" decoding=\"async\" class=\"alignleft size-full wp-image-1188\" src=\"https:\/\/semmelweis.hu\/baratikor\/files\/2022\/09\/079_11.jpg\" alt=\"\" width=\"295\" height=\"347\" \/><\/a>(Kapuv\u00e1r, 1821-Budapest, 1892)<\/strong><\/p>\n<p style=\"text-align: justify\">\u00c9desapja az Esterh\u00e1zy-csal\u00e1d j\u00f3sz\u00e1gigazgat\u00f3ja volt, anyai \u00e1gon Sch\u00f6pf-Merei \u00c1gost unoka\u00f6ccse. Az orvosi tanfolyam els\u0151 n\u00e9gy \u00e9v\u00e9t Pesten v\u00e9gezte, az \u00f6t\u00f6diket B\u00e9csben. 1844-ben Pesten orvos- \u00e9s seb\u00e9szdoktorr\u00e1 avatt\u00e1k, majd k\u00e9t \u00e9v m\u00falva B\u00e9csben sz\u00fcl\u00e9szmesteri oklevelet szerzett. K\u00f6zben 1843-1845 k\u00f6z\u00f6tt Balassa J\u00e1nos mellett m\u0171k\u00f6d\u00f6tt tiszteletbeli seg\u00e9dk\u00e9nt, majd 1847-ig B\u00e9csben Franz Schuh seb\u00e9szprofesszor mellett m\u0171t\u0151n\u00f6vend\u00e9k. B\u00e9csb\u0151l hosszabb nyugat-eur\u00f3pai tanulm\u00e1ny\u00fatra indult P\u00e1rizs, London \u00e9s Z\u00fcrich \u00e9rint\u00e9s\u00e9vel. Az 1848-as pesti forradalom kit\u00f6r\u00e9s\u00e9t\u0151l j\u00falius v\u00e9g\u00e9ig t\u00e1bori seb\u00e9szetet adott el\u0151 a pesti Orvoskaron, majd augusztust\u00f3l a honv\u00e9dseregben z\u00e1szl\u00f3alj-f\u0151orvos lett. Ott volt Schwechatn\u00e1l, majd G\u00f6rgei VII., vagy m\u00e1s n\u00e9ven feldunai hadtest\u00e9ben j\u00e1rta v\u00e9gig a t\u00e9li \u00e9s tavaszi hadj\u00e1ratot. G\u00f6rgei javaslat\u00e1ra 1849 febru\u00e1rj\u00e1ban t\u00f6rzsorvosi kinevez\u00e9st kapott. R\u00e1termetts\u00e9g\u00e9t mutatja, hogy saj\u00e1t hadteste orvosai sz\u00e1m\u00e1ra kiadott kassai utas\u00edt\u00e1s\u00e1t a t\u00f6bbi alakulat is mint\u00e1nak tekintette eg\u00e9szs\u00e9g\u00fcgyi szolg\u00e1latuk megszervez\u00e9s\u00e9hez. A had\u00fcgyminiszterr\u00e9 kinevezett G\u00f6rgei, nem akarv\u00e1n megv\u00e1lni fiatal t\u00f6rzsorvos\u00e1t\u00f3l, mag\u00e1val vitte a miniszt\u00e9riumba, \u00e9s 1849 j\u00fanius\u00e1ban kinevezte az eg\u00e9szs\u00e9g\u00fcgyi oszt\u00e1ly f\u0151n\u00f6k\u00e9v\u00e9. A szabads\u00e1gharc lever\u00e9se ut\u00e1n b\u00fcntet\u00e9sb\u0151l besorozt\u00e1k a cs\u00e1sz\u00e1ri hadseregbe, \u00e9s beteg\u00e1pol\u00f3i szolg\u00e1latra rendelt\u00e9k. K\u00e9s\u0151bb a b\u00f6rt\u00f6nb\u0151l szabadul\u00f3 Balassa mell\u00e9 t\u00e9rt vissza seg\u00e9dk\u00e9nt. 1860-ban az \u00e1llamvasutakn\u00e1l kapott j\u00f6vedelmez\u0151 orvosi \u00e1ll\u00e1st. Ennek megtart\u00e1s\u00e1val 1861-t\u0151l a Szent R\u00f3kus k\u00f3rh\u00e1z m\u00e1sodik seb\u00e9szeti oszt\u00e1ly\u00e1t vezette d\u00edjaz\u00e1s n\u00e9lk\u00fcl. Az enyh\u00fcl\u0151 politikai viszonyok jelek\u00e9nt 1866-ban megkapta a Ferenc J\u00f3zsef-rend lovagkeresztj\u00e9t. 1868-ban a k\u00e9pes\u00edt\u0151 cselekm\u00e9nyek teljes elenged\u00e9s\u00e9vel nyert mag\u00e1ntan\u00e1ri c\u00edmet a pesti egyetemen. 1872-ben rendk\u00edv\u00fcli tan\u00e1rr\u00e1, majd 1880-ban az \u00fajonnan fel\u00e1ll\u00edtott II. sz. Seb\u00e9szeti tansz\u00e9k rendes tan\u00e1r\u00e1v\u00e1 nevezt\u00e9k ki. Az Orsz\u00e1gos K\u00f6zeg\u00e9szs\u00e9g\u00fcgyi Tan\u00e1csnak kezdett\u0151l (1868) tagja, majd aleln\u00f6ke, 1878-1881 k\u00f6z\u00f6tt pedig eln\u00f6ke. 1878-ban kir\u00e1lyi, 1884-ben miniszteri tan\u00e1csosi c\u00edmet kapott, 1885-t\u0151l a f\u0151rendih\u00e1z tagja. Kora meghat\u00e1roz\u00f3 szem\u00e9lyis\u00e9gei k\u00f6z\u00e9 tartozott. A plasztikai seb\u00e9szet hazai megalapoz\u00f3ja, az els\u0151k k\u00f6z\u00f6tt m\u00e9ltatta Semmelweis felfedez\u00e9s\u00e9t \u00e9s kezdem\u00e9nyezte a Lister-f\u00e9le antiszeptikus sebkezel\u00e9s bevezet\u00e9s\u00e9t. Hosszan viselt szenved\u00e9s ut\u00e1n t\u00fcd\u0151v\u00e9sz vitte el 1892. janu\u00e1r 30-\u00e1n.<\/p>\n","protected":false},"excerpt":{"rendered":"<p><a href=\"https:\/\/semmelweis.hu\/baratikor\/files\/2022\/09\/079_11.jpg\"><\/a> (Kapuv\u00e1r, 1821-Budapest, 1892) \u00c9desapja az Esterh\u00e1zy-csal\u00e1d j\u00f3sz\u00e1gigazgat\u00f3ja volt, anyai \u00e1gon Sch\u00f6pf-Merei \u00c1gost unoka\u00f6ccse. Az orvosi tanfolyam els\u0151 n\u00e9gy \u00e9v\u00e9t Pesten v\u00e9gezte, az \u00f6t\u00f6diket B\u00e9csben. 1844-ben Pesten orvos- \u00e9s seb\u00e9szdoktorr\u00e1 avatt\u00e1k, majd k\u00e9t \u00e9v m\u00falva B\u00e9csben sz\u00fcl\u00e9szmesteri oklevelet szerzett. K\u00f6zben 1843-1845 k\u00f6z\u00f6tt Balassa J\u00e1nos mellett m\u0171k\u00f6d\u00f6tt tiszteletbeli seg\u00e9dk\u00e9nt, majd 1847-ig B\u00e9csben Franz Schuh seb\u00e9szprofesszor mellett m\u0171t\u0151n\u00f6vend\u00e9k. &hellip;<\/p>\n","protected":false},"author":282,"featured_media":1188,"parent":347,"menu_order":0,"comment_status":"closed","ping_status":"closed","template":"template-fullwidth.php","meta":{"_acf_changed":false,"footnotes":""},"categories":[77,16,14],"tags":[],"class_list":["post-1187","page","type-page","status-publish","has-post-thumbnail","hentry","category-kegyeleti-adattar","category-tanszekvezetok","category-teljes-nevlista"],"acf":[],"_links":{"self":[{"href":"https:\/\/semmelweis.hu\/baratikor\/wp-json\/wp\/v2\/pages\/1187","targetHints":{"allow":["GET"]}}],"collection":[{"href":"https:\/\/semmelweis.hu\/baratikor\/wp-json\/wp\/v2\/pages"}],"about":[{"href":"https:\/\/semmelweis.hu\/baratikor\/wp-json\/wp\/v2\/types\/page"}],"author":[{"embeddable":true,"href":"https:\/\/semmelweis.hu\/baratikor\/wp-json\/wp\/v2\/users\/282"}],"replies":[{"embeddable":true,"href":"https:\/\/semmelweis.hu\/baratikor\/wp-json\/wp\/v2\/comments?post=1187"}],"version-history":[{"count":1,"href":"https:\/\/semmelweis.hu\/baratikor\/wp-json\/wp\/v2\/pages\/1187\/revisions"}],"predecessor-version":[{"id":1189,"href":"https:\/\/semmelweis.hu\/baratikor\/wp-json\/wp\/v2\/pages\/1187\/revisions\/1189"}],"up":[{"embeddable":true,"href":"https:\/\/semmelweis.hu\/baratikor\/wp-json\/wp\/v2\/pages\/347"}],"wp:featuredmedia":[{"embeddable":true,"href":"https:\/\/semmelweis.hu\/baratikor\/wp-json\/wp\/v2\/media\/1188"}],"wp:attachment":[{"href":"https:\/\/semmelweis.hu\/baratikor\/wp-json\/wp\/v2\/media?parent=1187"}],"wp:term":[{"taxonomy":"category","embeddable":true,"href":"https:\/\/semmelweis.hu\/baratikor\/wp-json\/wp\/v2\/categories?post=1187"},{"taxonomy":"post_tag","embeddable":true,"href":"https:\/\/semmelweis.hu\/baratikor\/wp-json\/wp\/v2\/tags?post=1187"}],"curies":[{"name":"wp","href":"https:\/\/api.w.org\/{rel}","templated":true}]}}