{"id":1154,"date":"2022-09-13T11:16:38","date_gmt":"2022-09-13T09:16:38","guid":{"rendered":"https:\/\/semmelweis.hu\/baratikor\/?page_id=1154"},"modified":"2023-07-17T09:06:40","modified_gmt":"2023-07-17T07:06:40","slug":"schwimmer-erno","status":"publish","type":"page","link":"https:\/\/semmelweis.hu\/baratikor\/galeria\/teljes-nevlista\/schwimmer-erno\/","title":{"rendered":"Schwimmer Ern\u0151"},"content":{"rendered":"<p style=\"text-align: justify\"><strong><a href=\"https:\/\/semmelweis.hu\/baratikor\/files\/2022\/09\/064_11.jpg\"><img loading=\"lazy\" decoding=\"async\" class=\"alignleft size-full wp-image-1155\" src=\"https:\/\/semmelweis.hu\/baratikor\/files\/2022\/09\/064_11.jpg\" alt=\"\" width=\"295\" height=\"365\" \/><\/a>(Pest, 1837 &#8211; Budapest, 1898)<\/strong><\/p>\n<p style=\"text-align: justify\">Orvosi tanulm\u00e1nyait Pesten kezdte, majd k\u00e9t \u00e9v elv\u00e9gz\u00e9se ut\u00e1n B\u00e9csben folytatta, ahol 1861-ben szerzett oklevelet. Ezut\u00e1n alorvosk\u00e9nt m\u0171k\u00f6d\u00f6tt a b\u00e9csi Allgemeines Krankenhausban, f\u0151leg az erd\u00e9lyi sz\u00e1rmaz\u00e1s\u00fa Karl Ludwig Sigmund \u00e9s Ferdinand von Hebra professzorok mellett. N\u00e9gy \u00e9v eltelt\u00e9vel f\u00e9l\u00e9ves utaz\u00e1st tett Egyiptomba, ahol a fert\u0151z\u0151 b\u0151rbetegs\u00e9geket tanulm\u00e1nyozta. Innen Pestre t\u00e9rt vissza, hogy a Szent R\u00f3kus k\u00f3rh\u00e1z b\u0151rbetegeivel foglalkozzon. Szerepet j\u00e1tszott a poliklinika megalap\u00edt\u00e1s\u00e1ban. Az 1870\/71-es tan\u00e9vben a b\u0151rb\u00e1ntalmak t\u00e1rgyk\u00f6r\u00e9ben mag\u00e1ntan\u00e1ri k\u00e9pes\u00edt\u00e9st szerzett. 1875-ben kapott rendel\u0151 orvosi kinevez\u00e9st a Szent R\u00f3kus k\u00f3rh\u00e1z hevenyfert\u0151z\u0151 oszt\u00e1ly\u00e1ra. 1883-ban az egyetemen t\u00f6bbedmag\u00e1val megszervezte a b\u0151rbetegek ambul\u00e1ns ell\u00e1t\u00e1s\u00e1t. 1885-ben a Szent Istv\u00e1n k\u00f3rh\u00e1z b\u0151rbeteg oszt\u00e1ly\u00e1nak f\u0151orvosa lett. Az 1878\/79. tan\u00e9vben a budapesti egyetem c\u00edmzetes, majd 1892 m\u00e1rcius 12-\u00e9n kinevezett rendk\u00edv\u00fcli tan\u00e1ra. Ezzel egy id\u0151ben alap\u00edtotta meg az egyetemi b\u0151rklinik\u00e1t, \u00e9s ind\u00edtotta meg a b\u0151rgy\u00f3gy\u00e1szat rendszeres egyetemi oktat\u00e1s\u00e1t. A szlav\u00f3niai lipiki f\u00fcrd\u0151 tulajdonosak\u00e9nt tev\u00e9keny r\u00e9szt v\u00e1llalt a hazai f\u00fcrd\u0151\u00fcgy felvir\u00e1goztat\u00e1s\u00e1ban is. T\u00f6bb hazai \u00e9s k\u00fclf\u00f6ldi szakmai egyes\u00fclet (pl. Orsz\u00e1gos K\u00f6zeg\u00e9szs\u00e9gi Egyes\u00fclet, Magyar Orvosok \u00e9s Term\u00e9szetvizsg\u00e1l\u00f3k k\u00f6zponti v\u00e1lasztm\u00e1ny stb.) vezet\u0151s\u00e9gi tagja volt.<\/p>\n","protected":false},"excerpt":{"rendered":"<p><a href=\"https:\/\/semmelweis.hu\/baratikor\/files\/2022\/09\/064_11.jpg\"><\/a> (Pest, 1837 &#8211; Budapest, 1898) Orvosi tanulm\u00e1nyait Pesten kezdte, majd k\u00e9t \u00e9v elv\u00e9gz\u00e9se ut\u00e1n B\u00e9csben folytatta, ahol 1861-ben szerzett oklevelet. Ezut\u00e1n alorvosk\u00e9nt m\u0171k\u00f6d\u00f6tt a b\u00e9csi Allgemeines Krankenhausban, f\u0151leg az erd\u00e9lyi sz\u00e1rmaz\u00e1s\u00fa Karl Ludwig Sigmund \u00e9s Ferdinand von Hebra professzorok mellett. N\u00e9gy \u00e9v eltelt\u00e9vel f\u00e9l\u00e9ves utaz\u00e1st tett Egyiptomba, ahol a fert\u0151z\u0151 b\u0151rbetegs\u00e9geket tanulm\u00e1nyozta. Innen Pestre t\u00e9rt &hellip;<\/p>\n","protected":false},"author":282,"featured_media":5055,"parent":347,"menu_order":0,"comment_status":"closed","ping_status":"closed","template":"template-fullwidth.php","meta":{"_acf_changed":false,"footnotes":""},"categories":[77,16,14],"tags":[],"class_list":["post-1154","page","type-page","status-publish","has-post-thumbnail","hentry","category-kegyeleti-adattar","category-tanszekvezetok","category-teljes-nevlista"],"acf":[],"_links":{"self":[{"href":"https:\/\/semmelweis.hu\/baratikor\/wp-json\/wp\/v2\/pages\/1154","targetHints":{"allow":["GET"]}}],"collection":[{"href":"https:\/\/semmelweis.hu\/baratikor\/wp-json\/wp\/v2\/pages"}],"about":[{"href":"https:\/\/semmelweis.hu\/baratikor\/wp-json\/wp\/v2\/types\/page"}],"author":[{"embeddable":true,"href":"https:\/\/semmelweis.hu\/baratikor\/wp-json\/wp\/v2\/users\/282"}],"replies":[{"embeddable":true,"href":"https:\/\/semmelweis.hu\/baratikor\/wp-json\/wp\/v2\/comments?post=1154"}],"version-history":[{"count":1,"href":"https:\/\/semmelweis.hu\/baratikor\/wp-json\/wp\/v2\/pages\/1154\/revisions"}],"predecessor-version":[{"id":1156,"href":"https:\/\/semmelweis.hu\/baratikor\/wp-json\/wp\/v2\/pages\/1154\/revisions\/1156"}],"up":[{"embeddable":true,"href":"https:\/\/semmelweis.hu\/baratikor\/wp-json\/wp\/v2\/pages\/347"}],"wp:featuredmedia":[{"embeddable":true,"href":"https:\/\/semmelweis.hu\/baratikor\/wp-json\/wp\/v2\/media\/5055"}],"wp:attachment":[{"href":"https:\/\/semmelweis.hu\/baratikor\/wp-json\/wp\/v2\/media?parent=1154"}],"wp:term":[{"taxonomy":"category","embeddable":true,"href":"https:\/\/semmelweis.hu\/baratikor\/wp-json\/wp\/v2\/categories?post=1154"},{"taxonomy":"post_tag","embeddable":true,"href":"https:\/\/semmelweis.hu\/baratikor\/wp-json\/wp\/v2\/tags?post=1154"}],"curies":[{"name":"wp","href":"https:\/\/api.w.org\/{rel}","templated":true}]}}