{"id":1150,"date":"2022-09-13T11:12:57","date_gmt":"2022-09-13T09:12:57","guid":{"rendered":"https:\/\/semmelweis.hu\/baratikor\/?page_id=1150"},"modified":"2023-01-06T14:19:49","modified_gmt":"2023-01-06T13:19:49","slug":"mihalkovics-geza","status":"publish","type":"page","link":"https:\/\/semmelweis.hu\/baratikor\/galeria\/teljes-nevlista\/mihalkovics-geza\/","title":{"rendered":"Mihalkovics G\u00e9za"},"content":{"rendered":"<p style=\"text-align: justify\"><strong><a href=\"https:\/\/semmelweis.hu\/baratikor\/?attachment_id=1132\" rel=\"attachment wp-att-1132\"><img loading=\"lazy\" decoding=\"async\" class=\"alignleft size-full wp-image-1132\" src=\"https:\/\/semmelweis.hu\/baratikor\/files\/2022\/09\/038_11.jpg\" alt=\"\" width=\"295\" height=\"377\" \/><\/a>(Pest, 1844. janu\u00e1r 30. &#8211; Budapest, 1899. j\u00falius 12.)<\/strong><\/p>\n<p style=\"text-align: justify\">D\u00e9k\u00e1n: 1892\/93 &#8211; 1893\/94<\/p>\n<p style=\"text-align: justify\">\u00c9desapja pesti \u00fcgyv\u00e9d volt. K\u00f6z\u00e9piskol\u00e1it is Pesten, a piarist\u00e1kn\u00e1l \u00e9s az \u00e1llami f\u0151gimn\u00e1ziumban v\u00e9gezte, de p\u00e1rhuzamosan zenei tanulm\u00e1nyokat is folytatott. Ezut\u00e1n a pesti Orvoskarra iratkozott be, ahol medikus kor\u00e1ban k\u00e9t bonctani p\u00e1lyamunk\u00e1j\u00e1val is d\u00edjat nyert. Orvosi oklevelet 1869. m\u00e1jus 2-\u00e1n, seb\u00e9szdoktorit 1870. j\u00falius 20-\u00e1n kapott, majd az 1870\/71. tan\u00e9v elej\u00e9n sz\u00fcl\u00e9szmesteri k\u00e9pes\u00edt\u00e9st is szerzett. Ezt k\u00f6vet\u0151en 1871-ig Lenhoss\u00e9k J\u00f3zsef mellett volt tan\u00e1rseg\u00e9d, majd f\u00e9l \u00e9vig m\u0171t\u0151n\u00f6vend\u00e9k Kov\u00e1cs J\u00f3zsef seb\u00e9szeti klinik\u00e1j\u00e1n. 1872-ben a Schordann-f\u00e9le utaz\u00e1si \u00f6szt\u00f6nd\u00edjjal hosszabb k\u00fclf\u00f6ldi tanulm\u00e1ny\u00fatra indult. Egy-egy f\u00e9l\u00e9vet t\u00f6lt\u00f6tt B\u00e9csben \u00e9s Lipcs\u00e9ben. B\u00e9csben Schenk \u00e9s Langer int\u00e9zeteiben embriol\u00f3giai \u00e9s \u00f6sszehasonl\u00edt\u00f3 sz\u00f6vettani tanulm\u00e1nyokat folytatott \u00e9s anat\u00f3miai el\u0151ad\u00e1sokat is hallgatott, Lipcs\u00e9ben Ludwig int\u00e9zet\u00e9t l\u00e1togatta. 1873-1875 k\u00f6z\u00f6tt Strassburgban, Wilhelm Waldeyer mellett volt els\u0151 tan\u00e1rseg\u00e9d \u00e9s mag\u00e1ntan\u00e1ri habilit\u00e1ci\u00f3t is szerzett. 1875-ben a budapesti orvoskaron a fejl\u0151d\u00e9stan nyilv\u00e1nos rendk\u00edv\u00fcli, majd 1878-ban rendes tan\u00e1r\u00e1v\u00e1 nevezt\u00e9k ki. Ekkor vette \u00e1t a II. sz. Bonctani Int\u00e9zet igazgat\u00e1s\u00e1t. R\u00f6viddel Lenhoss\u00e9k J\u00f3zsef 1888-as hal\u00e1la ut\u00e1n helyettesk\u00e9nt az I. sz. Bonctani Int\u00e9zet vezet\u00e9s\u00e9t is ell\u00e1tta. 1892-ben v\u00e9gleg \u00e1tvette az I. sz. int\u00e9zetet, m\u00edg saj\u00e1t hely\u00e9re Thanhoffer Lajos kapott kinevez\u00e9st. Jelent\u0151sek a here sz\u00f6vettan\u00e1ra, az agyvel\u0151 fejl\u0151d\u00e9s\u00e9re, az ivarszervek \u00f6sszehasonl\u00edt\u00f3 anat\u00f3mi\u00e1j\u00e1ra \u00e9s az orr mell\u00e9k\u00fcregeire vonatkoz\u00f3 kutat\u00e1sai. Tan\u00e1rs\u00e1ga idej\u00e9n szinte eg\u00e9sz Eur\u00f3p\u00e1ra kiterjed\u0151 tanulm\u00e1nyutakat tett. 1882 nyar\u00e1t Heidelbergben, Gegenbauer int\u00e9zet\u00e9ben t\u00f6lt\u00f6tte \u00f6sszehasonl\u00edt\u00f3 anat\u00f3miai tanulm\u00e1nyokkal, majd beutazta Sv\u00e1jcot \u00e9s \u00c9szak-It\u00e1li\u00e1t. 1894-ben az egyetem k\u00e9pvisel\u0151jek\u00e9nt vett r\u00e9szt a hallei egyetem 200 \u00e9ves jubileum\u00e1n, azut\u00e1n v\u00e9gigl\u00e1togatta Hollandia \u00e9s Belgium anat\u00f3miai int\u00e9zeteit. 1895-ben Sv\u00e1jcban, P\u00e1rizsban \u00e9s Londonban tett hasonl\u00f3 tanulm\u00e1nyi k\u00f6rutaz\u00e1st. 1879. m\u00e1jus 22-t\u0151l az MTA levelez\u0151, majd 1884. j\u00fanius 5-t\u0151l rendes tagja. K\u00e9t tan\u00e9vben v\u00e1lasztott\u00e1k (1892\/93, 1893\/94) az orvoskar d\u00e9k\u00e1nj\u00e1v\u00e1, egyszer (1898\/99) az egyetem rektor\u00e1v\u00e1. A szakmai k\u00f6z\u00e9letben is akt\u00edv szerepet v\u00e1llalt. Alap\u00edt\u00f3 tagja volt a Budapesti Kir\u00e1lyi Orvosegyletnek \u00e9s a K\u00f6zeg\u00e9szs\u00e9gi Egyes\u00fcletnek, a Term\u00e9szettudom\u00e1nyi T\u00e1rsulat \u00f6r\u00f6k\u00f6s \u00e9s v\u00e1lasztm\u00e1nyi tagja, a Magyar Orvosi K\u00f6nyvkiad\u00f3 T\u00e1rsulatnak igazgat\u00f3s\u00e1gi tagja, a Budapesti Jog\u00e1sz Egyes\u00fclet tiszteletbeli tagja volt. Temet\u00e9s\u00e9n az akkor m\u00e1r Berlinben oktat\u00f3 Waldeyer mondott b\u00facs\u00faztat\u00f3t. Az Akad\u00e9mi\u00e1n 1900. m\u00e1jus 28-\u00e1n Thanhoffer Lajos tartott f\u00f6l\u00f6tte eml\u00e9kbesz\u00e9det. Ligeti Mikl\u00f3s k\u00e9sz\u00edtette mellszobr\u00e1t 1901. j\u00fanius 2-\u00e1n leplezt\u00e9k le az anat\u00f3miai int\u00e9zet kertj\u00e9ben.<\/p>\n<p style=\"text-align: justify\">(F\u0151bb munk\u00e1i: Seb\u00e9szi k\u00f6ttan. Pest, 1868. \/p\u00e1lyanyertes m\u0171\/; Az agy fejl\u0151d\u00e9se. Bp., 1877, \/Az MTA nagyjutalm\u00e1val kit\u00fcntetve 1881-ben. N\u00e9met\u00fcl Lipcse. 1877.\/;. \u00c1ltal\u00e1nos boncztan. Bp., 1881.; A budapesti kir. m. tud. egyetem boncztani int\u00e9zete, az 1882. berlini eg\u00e9szs\u00e9g- \u00e9s ment\u00e9s\u00fcgyi ki\u00e1ll\u00edt\u00e1s alkalm\u00e1b\u00f3l. Bp., 1882. \/Lenhoss\u00e9k J\u00f3zseffel egy\u00fctt. N\u00e9met\u00fcl is. Bp., 1882.\/; A le\u00edr\u00f3 emberboncztan \u00e9s t\u00e1jboncztan tank\u00f6nyve. Bp., 1888.; A k\u00f6zponti idegrendszer \u00e9s \u00e9rz\u00e9kszervek morphol\u00f3gi\u00e1ja. Bp., 1892.; Mikor \u00e9s hol \u00e1ll\u00edttass\u00e9k fel a harmadik egyetem? Bp., 1895.; Az ember anatomi\u00e1ja \u00e9s sz\u00f6vettana. Els\u0151 r\u00e9sz. \u00c1ltal\u00e1nos sz\u00f6vettan \u00e9s a mozg\u00f3 szervek anatomi\u00e1ja. \/Csonttan, szalagtan \u00e9s izomtan\/. Az \u00faj anatomiai latin m\u0171nyelv haszn\u00e1lat\u00e1val. Bp., 1898.; Az ember \u00e9s gerinczes \u00e1llatok fejl\u0151d\u00e9stana. I. \u00c1ltal\u00e1nos fejl\u0151d\u00e9stan. Bp., 1899.; Egyetem\u00fcnk sikeres m\u0171k\u00f6d\u00e9s\u00e9nek felt\u00e9telei \u00e9s szervez\u00e9se. Rektori besz\u00e9d 1899. m\u00e1jus 13. Bp., 1899.)<\/p>\n","protected":false},"excerpt":{"rendered":"<p><a href=\"https:\/\/semmelweis.hu\/baratikor\/?attachment_id=1132\" rel=\"attachment wp-att-1132\"><\/a> (Pest, 1844. janu\u00e1r 30. &#8211; Budapest, 1899. j\u00falius 12.) D\u00e9k\u00e1n: 1892\/93 &#8211; 1893\/94 \u00c9desapja pesti \u00fcgyv\u00e9d volt. K\u00f6z\u00e9piskol\u00e1it is Pesten, a piarist\u00e1kn\u00e1l \u00e9s az \u00e1llami f\u0151gimn\u00e1ziumban v\u00e9gezte, de p\u00e1rhuzamosan zenei tanulm\u00e1nyokat is folytatott. Ezut\u00e1n a pesti Orvoskarra iratkozott be, ahol medikus kor\u00e1ban k\u00e9t bonctani p\u00e1lyamunk\u00e1j\u00e1val is d\u00edjat nyert. Orvosi oklevelet 1869. m\u00e1jus 2-\u00e1n, seb\u00e9szdoktorit 1870. &hellip;<\/p>\n","protected":false},"author":282,"featured_media":1132,"parent":347,"menu_order":0,"comment_status":"closed","ping_status":"closed","template":"template-fullwidth.php","meta":{"_acf_changed":false,"footnotes":""},"categories":[6,20,81,5,16,14],"tags":[],"class_list":["post-1150","page","type-page","status-publish","has-post-thumbnail","hentry","category-dekanok","category-dekanok-karok-szerint","category-orvosi-kar-dekanjai","category-rektorok","category-tanszekvezetok","category-teljes-nevlista"],"acf":[],"_links":{"self":[{"href":"https:\/\/semmelweis.hu\/baratikor\/wp-json\/wp\/v2\/pages\/1150","targetHints":{"allow":["GET"]}}],"collection":[{"href":"https:\/\/semmelweis.hu\/baratikor\/wp-json\/wp\/v2\/pages"}],"about":[{"href":"https:\/\/semmelweis.hu\/baratikor\/wp-json\/wp\/v2\/types\/page"}],"author":[{"embeddable":true,"href":"https:\/\/semmelweis.hu\/baratikor\/wp-json\/wp\/v2\/users\/282"}],"replies":[{"embeddable":true,"href":"https:\/\/semmelweis.hu\/baratikor\/wp-json\/wp\/v2\/comments?post=1150"}],"version-history":[{"count":2,"href":"https:\/\/semmelweis.hu\/baratikor\/wp-json\/wp\/v2\/pages\/1150\/revisions"}],"predecessor-version":[{"id":2095,"href":"https:\/\/semmelweis.hu\/baratikor\/wp-json\/wp\/v2\/pages\/1150\/revisions\/2095"}],"up":[{"embeddable":true,"href":"https:\/\/semmelweis.hu\/baratikor\/wp-json\/wp\/v2\/pages\/347"}],"wp:featuredmedia":[{"embeddable":true,"href":"https:\/\/semmelweis.hu\/baratikor\/wp-json\/wp\/v2\/media\/1132"}],"wp:attachment":[{"href":"https:\/\/semmelweis.hu\/baratikor\/wp-json\/wp\/v2\/media?parent=1150"}],"wp:term":[{"taxonomy":"category","embeddable":true,"href":"https:\/\/semmelweis.hu\/baratikor\/wp-json\/wp\/v2\/categories?post=1150"},{"taxonomy":"post_tag","embeddable":true,"href":"https:\/\/semmelweis.hu\/baratikor\/wp-json\/wp\/v2\/tags?post=1150"}],"curies":[{"name":"wp","href":"https:\/\/api.w.org\/{rel}","templated":true}]}}