{"id":1084,"date":"2022-08-10T11:14:59","date_gmt":"2022-08-10T09:14:59","guid":{"rendered":"https:\/\/semmelweis.hu\/baratikor\/?page_id=1084"},"modified":"2022-08-10T11:18:35","modified_gmt":"2022-08-10T09:18:35","slug":"alexander-bela","status":"publish","type":"page","link":"https:\/\/semmelweis.hu\/baratikor\/galeria\/teljes-nevlista\/alexander-bela\/","title":{"rendered":"Alexander B\u00e9la"},"content":{"rendered":"<p style=\"text-align: justify\"><strong><a href=\"https:\/\/semmelweis.hu\/baratikor\/files\/2022\/08\/098_11.jpg\"><img loading=\"lazy\" decoding=\"async\" class=\"alignleft size-full wp-image-1085\" src=\"https:\/\/semmelweis.hu\/baratikor\/files\/2022\/08\/098_11.jpg\" alt=\"\" width=\"295\" height=\"370\" \/><\/a>(K\u00e9sm\u00e1rk, 1857 &#8211; Budapest, 1916)<\/strong><\/p>\n<p style=\"text-align: justify\">Orvosi tanulm\u00e1nyait Budapesten v\u00e9gezte, ahol 1881-ben avatt\u00e1k orvosdoktorr\u00e1. B\u00e1r szigorlatait t\u00f6bbnyire csak el\u00e9gs\u00e9ges szinten teljes\u00edtette, t\u00f6bb p\u00e1lyad\u00edjat is megnyert, V. \u00e9ves kor\u00e1ban Lenhoss\u00e9k J\u00f3zsef asszisztense az Anat\u00f3miai Int\u00e9zetben, majd Scheuthauer Guszt\u00e1v els\u0151 munkat\u00e1rsa lett a K\u00f3rbonctani Int\u00e9zetben. \u00cdg\u00e9retesen indul\u00f3 tudom\u00e1nyos karrierj\u00e9t \u00e9desapja kedv\u00e9\u00e9rt szak\u00edtotta meg, \u00e9s 1882-ben visszat\u00e9rt K\u00e9sm\u00e1rkra praktiz\u00e1lni. R\u00f6ntgenk\u00eds\u00e9rletekkel 1898-ban, 3 \u00e9vvel Konrad R\u00f6ntgen felfedez\u00e9se ut\u00e1n kezdett foglalkozni. Eredm\u00e9nyeire csakhamar a n\u00e9met R\u00f6ntgen Gesellschaft is felfigyelt, majd a budapesti Orvoskar figyelm\u00e9be aj\u00e1nlotta a fiatal Alexandert. Hosszas tervezget\u00e9s ut\u00e1n a kar 1907 szeptember\u00e9ben \u00e1ll\u00edtotta fel a K\u00f6zponti R\u00f6ntgen laborat\u00f3riumot, melynek vezet\u0151j\u00e9v\u00e9 Alexander B\u00e9l\u00e1t h\u00edvt\u00e1k meg K\u00e9sm\u00e1rkr\u00f3l. Az akkoriban ki\u00e9p\u00fcl\u0151 Orvoskar pillanatnyi sz\u0171k\u00f6s helyviszonyai miatt kezdetben az Apponyi-poliklinika Sz\u00f6vets\u00e9g utcai \u00e9p\u00fclet\u00e9ben b\u00e9reltek helyis\u00e9get az \u00faj int\u00e9zm\u00e9ny sz\u00e1m\u00e1ra. 1909-t\u0151l Alexander a radiol\u00f3gia els\u0151 mag\u00e1ntan\u00e1ra \u00e9s el\u0151ad\u00f3ja Magyarorsz\u00e1gon, majd 1914-t\u0151l rendk\u00edv\u00fcli egyetemi tan\u00e1r. Ugyanezen \u00e9v szeptember\u00e9t\u0151l laborat\u00f3rium\u00e1t v\u00e9gre a kar k\u00f6zponti \u00e9p\u00fclet\u00e9ben helyezt\u00e9k el, megfelel\u0151 k\u00f6r\u00fclm\u00e9nyek k\u00f6z\u00f6tt. Alexandernek k\u00f6sz\u00f6nhet\u0151, hogy az orvosi radiol\u00f3gia k\u00fcl\u00f6n diszcipl\u00ednak\u00e9nt kapott l\u00e9tjogosults\u00e1got az egyetemen. A k\u00edm\u00e9letlen munkatemp\u00f3 \u00e9s a hossz\u00fa \u00e9vek alatt elszenvedett sug\u00e1r\u00e1rtalom v\u00e9gzetesen al\u00e1\u00e1sta eg\u00e9szs\u00e9g\u00e9t, m\u00edg v\u00e9g\u00fcl az influenza 1916. janu\u00e1r 16-\u00e1n a hal\u00e1lba ragadta. Szomor\u00fa \u00e9s jellemz\u0151 is egyben, hogy k\u00fczdelmes p\u00e1ly\u00e1ja sor\u00e1n elismer\u00e9s sokkal ink\u00e1bb k\u00fclf\u00f6ldr\u0151l \u00e9rte Alexandert, semmint saj\u00e1t haz\u00e1j\u00e1ban.<\/p>\n<p><a href=\"https:\/\/semmelweis.hu\/baratikor\/files\/2022\/08\/098_21.jpg\"><img loading=\"lazy\" decoding=\"async\" class=\"alignleft size-full wp-image-1086\" src=\"https:\/\/semmelweis.hu\/baratikor\/files\/2022\/08\/098_21.jpg\" alt=\"\" width=\"295\" height=\"370\" \/><\/a><\/p>\n","protected":false},"excerpt":{"rendered":"<p><a href=\"https:\/\/semmelweis.hu\/baratikor\/files\/2022\/08\/098_11.jpg\"><\/a> (K\u00e9sm\u00e1rk, 1857 &#8211; Budapest, 1916) Orvosi tanulm\u00e1nyait Budapesten v\u00e9gezte, ahol 1881-ben avatt\u00e1k orvosdoktorr\u00e1. B\u00e1r szigorlatait t\u00f6bbnyire csak el\u00e9gs\u00e9ges szinten teljes\u00edtette, t\u00f6bb p\u00e1lyad\u00edjat is megnyert, V. \u00e9ves kor\u00e1ban Lenhoss\u00e9k J\u00f3zsef asszisztense az Anat\u00f3miai Int\u00e9zetben, majd Scheuthauer Guszt\u00e1v els\u0151 munkat\u00e1rsa lett a K\u00f3rbonctani Int\u00e9zetben. \u00cdg\u00e9retesen indul\u00f3 tudom\u00e1nyos karrierj\u00e9t \u00e9desapja kedv\u00e9\u00e9rt szak\u00edtotta meg, \u00e9s 1882-ben visszat\u00e9rt K\u00e9sm\u00e1rkra praktiz\u00e1lni. &hellip;<\/p>\n","protected":false},"author":282,"featured_media":1085,"parent":347,"menu_order":0,"comment_status":"closed","ping_status":"closed","template":"template-fullwidth.php","meta":{"_acf_changed":false,"footnotes":""},"categories":[16,14],"tags":[],"class_list":["post-1084","page","type-page","status-publish","has-post-thumbnail","hentry","category-tanszekvezetok","category-teljes-nevlista"],"acf":[],"_links":{"self":[{"href":"https:\/\/semmelweis.hu\/baratikor\/wp-json\/wp\/v2\/pages\/1084","targetHints":{"allow":["GET"]}}],"collection":[{"href":"https:\/\/semmelweis.hu\/baratikor\/wp-json\/wp\/v2\/pages"}],"about":[{"href":"https:\/\/semmelweis.hu\/baratikor\/wp-json\/wp\/v2\/types\/page"}],"author":[{"embeddable":true,"href":"https:\/\/semmelweis.hu\/baratikor\/wp-json\/wp\/v2\/users\/282"}],"replies":[{"embeddable":true,"href":"https:\/\/semmelweis.hu\/baratikor\/wp-json\/wp\/v2\/comments?post=1084"}],"version-history":[{"count":2,"href":"https:\/\/semmelweis.hu\/baratikor\/wp-json\/wp\/v2\/pages\/1084\/revisions"}],"predecessor-version":[{"id":1088,"href":"https:\/\/semmelweis.hu\/baratikor\/wp-json\/wp\/v2\/pages\/1084\/revisions\/1088"}],"up":[{"embeddable":true,"href":"https:\/\/semmelweis.hu\/baratikor\/wp-json\/wp\/v2\/pages\/347"}],"wp:featuredmedia":[{"embeddable":true,"href":"https:\/\/semmelweis.hu\/baratikor\/wp-json\/wp\/v2\/media\/1085"}],"wp:attachment":[{"href":"https:\/\/semmelweis.hu\/baratikor\/wp-json\/wp\/v2\/media?parent=1084"}],"wp:term":[{"taxonomy":"category","embeddable":true,"href":"https:\/\/semmelweis.hu\/baratikor\/wp-json\/wp\/v2\/categories?post=1084"},{"taxonomy":"post_tag","embeddable":true,"href":"https:\/\/semmelweis.hu\/baratikor\/wp-json\/wp\/v2\/tags?post=1084"}],"curies":[{"name":"wp","href":"https:\/\/api.w.org\/{rel}","templated":true}]}}