{"id":1076,"date":"2022-08-10T11:09:27","date_gmt":"2022-08-10T09:09:27","guid":{"rendered":"https:\/\/semmelweis.hu\/baratikor\/?page_id=1076"},"modified":"2023-07-11T08:50:54","modified_gmt":"2023-07-11T06:50:54","slug":"liebermann-leo","status":"publish","type":"page","link":"https:\/\/semmelweis.hu\/baratikor\/galeria\/teljes-nevlista\/liebermann-leo\/","title":{"rendered":"Liebermann Le\u00f3"},"content":{"rendered":"<p style=\"text-align: justify\"><strong><a href=\"https:\/\/semmelweis.hu\/baratikor\/galeria\/teljes-nevlista\/liebermann-leo\/liebermann-leo_v2\/\" rel=\"attachment wp-att-2027\"><img loading=\"lazy\" decoding=\"async\" class=\"alignleft size-medium wp-image-2027\" src=\"https:\/\/semmelweis.hu\/baratikor\/files\/2023\/01\/Liebermann-Leo_v2-303x400.jpg\" alt=\"\" width=\"303\" height=\"400\" srcset=\"https:\/\/semmelweis.hu\/baratikor\/files\/2023\/01\/Liebermann-Leo_v2-303x400.jpg 303w, https:\/\/semmelweis.hu\/baratikor\/files\/2023\/01\/Liebermann-Leo_v2-753x993.jpg 753w, https:\/\/semmelweis.hu\/baratikor\/files\/2023\/01\/Liebermann-Leo_v2.jpg 758w\" sizes=\"auto, (max-width: 303px) 100vw, 303px\" \/><\/a><\/strong><strong>Liebermann Le\u00f3, szentl\u0151rinci (Debrecen, 1852. november 28. &#8211; Budapest, 1926. j\u00falius 20.) <\/strong><\/p>\n<p style=\"text-align: justify\"><strong>Tansz\u00e9k: <\/strong>K\u00f6zeg\u00e9szs\u00e9gtani Int\u00e9zet (h. 1901-1902) 1902-1926.<\/p>\n<p style=\"text-align: justify\"><strong>Viselt egyetemi m\u00e9lt\u00f3s\u00e1g: <\/strong>d\u00e9k\u00e1n 1908\/09-1909\/10.<\/p>\n<p style=\"text-align: justify\">K\u00f6z\u00e9piskolai oszt\u00e1lyait a debreceni reform\u00e1tus koll\u00e9giumban \u00e9s a IV. ker\u00fcleti f\u0151re\u00e1liskol\u00e1ban v\u00e9gezte, \u00e9retts\u00e9git 1869. j\u00falius 29-\u00e9n Debrecenben tett. Orvosi, term\u00e9szettudom\u00e1nyi \u00e9s k\u00e9miai tanulm\u00e1nyait B\u00e9csben v\u00e9gezte, 1869-1872 k\u00f6z\u00f6tt a Josephinumban, 1872\/73-ban az egyetem Orvosi Kar\u00e1n. 1873-ban k\u00e9miai analitik\u00e1t tanult ism\u00e9t a Josephinumban. Orvosi oklevelet 1874-ben Innsbruckban szerzett, ahol r\u00f6gt\u00f6n tan\u00e1rseg\u00e9di \u00e1ll\u00e1st kapott az orvosi vegytani tansz\u00e9ken, amit 1878-ig t\u00f6lt\u00f6tt be. 1875. augusztus 6-\u00e1n ugyanitt az alkalmazott orvosi vegytanb\u00f3l mag\u00e1ntan\u00e1ri k\u00e9pes\u00edt\u00e9st szerzett, egy\u00fattal a tansz\u00e9kvezet\u0151 helyettese is lett. 1878-ban visszat\u00e9rt haz\u00e1j\u00e1ba, \u00e9s a \u2013 t\u00f6bbek k\u00f6z\u00f6tt \u2013 debreceni kieg\u00e9sz\u00edt\u00e9s\u0171 cs. \u00e9s kir. 15. husz\u00e1rezred tartal\u00e9kos f\u0151orvosak\u00e9nt teljes\u00edtett szolg\u00e1latot. 1879. j\u00fanius 24-\u00e9n a B\u00f6lcs\u00e9szkaron a vegytan mag\u00e1ntan\u00e1ra lett. 1879. j\u00falius 19-\u00e9n \u00e1tt\u00e9rt a r\u00f3mai katolikus vall\u00e1sra. 1879. j\u00falius 29-\u00e9n a m. kir. \u00c1llatorvosi Tanint\u00e9zet h\u00edvta meg nyilv\u00e1nos rendk\u00edv\u00fcli tan\u00e1rk\u00e9nt a kifejezetten az \u0151 sz\u00e1m\u00e1ra fel\u00e1ll\u00edtott vegytan tansz\u00e9kre. Tansz\u00e9kvezet\u0151i feladata mellett 1881-ben megb\u00edz\u00e1st kapott a tanint\u00e9zet keret\u00e9ben \u00fajonnan fel\u00e1ll\u00edtott Magyar Borvizsg\u00e1l\u00f3 \u00c1llom\u00e1s vezet\u00e9s\u00e9re. A k\u00f6vetkez\u0151 \u00e9vben az int\u00e9zm\u00e9nyt a F\u00f6ldm\u0171vel\u00e9si Miniszt\u00e9rium \u00e1tszervezte \u00c1llami Vegyk\u00eds\u00e9rleti \u00c1llom\u00e1ss\u00e1. 1892-t\u0151l Orsz\u00e1gos m. kir. Chemiai Int\u00e9zet \u00e9s K\u00f6zponti Vegyk\u00eds\u00e9rleti \u00c1llom\u00e1s n\u00e9ven m\u0171k\u00f6d\u00f6tt tov\u00e1bb, mely a miniszter v\u00e9lem\u00e9nyez\u0151 test\u00fclete volt minden k\u00e9miai szakk\u00e9rd\u00e9sben. Igazgat\u00e1s\u00e1t Liebermann 1902-ig l\u00e1tta el. \u00c1ll\u00e1sa mellett 1892-t\u0151l bork\u00e9mi\u00e1t \u00e9s bor\u00e1szatot oktatott a filox\u00e9rav\u00e9sz meg\u00e1ll\u00edt\u00e1s\u00e1ra l\u00e9trehozott, f\u0151iskolai szint\u0171 k\u00e9pz\u00e9st ny\u00fajt\u00f3 Fels\u0151bb Sz\u0151l\u0151- \u00e9s Borgazdas\u00e1gi Tanfolyamon.<\/p>\n<p style=\"text-align: justify\">1887. okt\u00f3ber 25-\u00e9n a budapesti Orvoskaron mag\u00e1ntan\u00e1ri k\u00e9pes\u00edt\u00e9st szerzett a t\u00f6rv\u00e9nysz\u00e9ki \u00e9s orvosrend\u0151ri vegytan \u00e9s t\u00e1pszervizsg\u00e1lat t\u00e1rgyk\u00f6r\u00e9ben. Vezet\u0151je volt a nagy millenniumi ki\u00e1ll\u00edt\u00e1s k\u00e9miai szakcsoportj\u00e1nak. 1900. november 1-j\u00e9n a budapesti egyetemen nyilv\u00e1nos rendk\u00edv\u00fcli tan\u00e1ri c\u00edmet nyert. Fodor J\u00f3zsef hal\u00e1la ut\u00e1n, az 1901\/02. tan\u00e9v els\u0151 f\u00e9l\u00e9v\u00e9ben helyettesk\u00e9nt vezette tov\u00e1bb a K\u00f6zeg\u00e9szs\u00e9gtani Int\u00e9zetet. A tansz\u00e9kre meghirdetett p\u00e1ly\u00e1zaton ugyan nem vett r\u00e9szt, \u00e1m a kar m\u00e9gis \u0151t jel\u00f6lte els\u0151 helyen a tansz\u00e9kre, amit Wlassics Gyula miniszter el is fogadott \u00e9s felterjesztette a kir\u00e1lyhoz kinevez\u00e9sre. \u00cdgy 1902. janu\u00e1r 15-t\u0151l hal\u00e1l\u00e1ig \u0151 volt a k\u00f6zeg\u00e9szs\u00e9gtan nyilv\u00e1nos rendes tan\u00e1ra. 1916-ban \u00e9s 1918-ban \u0151 szorgalmazta el\u0151sz\u00f6r a numerus clausus, vagyis a keretsz\u00e1m bevezet\u00e9s\u00e9t az egyetemi felv\u00e9telekn\u00e9l. A d\u00e9k\u00e1ni m\u00e9lt\u00f3s\u00e1got k\u00e9t tan\u00e9ven (1908-1910) kereszt\u00fcl viselte. B\u00e1r a kar \u00e9rv\u00e9nyben l\u00e9v\u0151 szab\u00e1lyai szerint 70 \u00e9v volt a tansz\u00e9k bet\u00f6lt\u00e9s\u00e9nek fels\u0151 hat\u00e1ra, ami ut\u00e1n m\u00e9g egy, \u00fan. tiszteleti \u00e9v volt adhat\u00f3, Klebelsberg miniszter Liebermann Le\u00f3t 73 \u00e9ves kor\u00e1ig, hal\u00e1l\u00e1ig megtartotta tansz\u00e9ke \u00e9l\u00e9n.<\/p>\n<p style=\"text-align: justify\">M\u00f3dszereket dolgozott ki \u00e9lelmiszerek t\u00e1panyagtartalm\u00e1nak, szennyez\u0151d\u00e9seinek meghat\u00e1roz\u00e1s\u00e1ra. A magyar borvizsg\u00e1lat egyik \u00fatt\u00f6r\u0151j\u00e9v\u00e9 v\u00e1lt. Jelent\u0151sek embryochemiai, tov\u00e1bb\u00e1 feh\u00e9rj\u00e9kre, a guajakol-pr\u00f3b\u00e1ra, katal\u00e1z-reakci\u00f3ra vonatkoz\u00f3 kutat\u00e1sai. Elm\u00e9letet \u00e1ll\u00edtott fel az immunit\u00e1sr\u00f3l. A r\u00f3la elnevezett vegyi reakci\u00f3 jelenleg is haszn\u00e1latos. Szakk\u00f6zlem\u00e9nyei alkalmazott mez\u0151gazdas\u00e1gi \u00e9s \u00e9lelmiszerk\u00e9miai, valamint k\u00e9miai \u00e9s k\u00f6zeg\u00e9szs\u00e9gtani t\u00e1rgy\u00faak.<\/p>\n<p style=\"text-align: justify\">1904-ben d\u00edszeln\u00f6ke volt a n\u00fcrnbergi nemzetk\u00f6zi iskola\u00fcgyi kongresszusnak, 1892-t\u0151l tagja, majd 1916-t\u00f3l hal\u00e1l\u00e1ig m\u00e1sodeln\u00f6ke az Orsz\u00e1gos K\u00f6zeg\u00e9szs\u00e9g\u00fcgyi Tan\u00e1csnak. 1892-t\u0151l vizsg\u00e1l\u00f3biztosa volt a fels\u0151bb v\u00e1mszaki vizsg\u00e1knak, 1893-t\u00f3l pedig tagja az Orsz\u00e1gos Filox\u00e9ra Bizotts\u00e1gnak. 1897-1926 k\u00f6z\u00f6tt r\u00e9szt vett a Mez\u0151gazdas\u00e1gi K\u00eds\u00e9rlet\u00fcgyi Tan\u00e1cs munk\u00e1j\u00e1ban \u00e9s tagja volt a Mez\u0151gazdas\u00e1gi M\u00fazeumi Tan\u00e1csnak is. 1901-t\u0151l \u00e1lland\u00f3 tagja \u00e9s el\u0151ad\u00f3ja volt a k\u00f6zponti borvizsg\u00e1l\u00f3 szak\u00e9rt\u0151 bizotts\u00e1gnak, 1903-t\u00f3l rendes tagja a t\u00f6rv\u00e9nysz\u00e9ki orvosi vizsg\u00e1l\u00f3 bizotts\u00e1gnak. A szakmai test\u00fcletek mellett sz\u00e1mos hazai \u00e9s k\u00fclf\u00f6ldi tudom\u00e1nyos t\u00e1rsas\u00e1g v\u00e1lasztotta tagjai k\u00f6z\u00e9. 1893-t\u00f3l volt v\u00e1lasztott tagja az Orsz\u00e1gos K\u00f6zeg\u00e9szs\u00e9gi Egyletnek, melynek technikai szakoszt\u00e1ly\u00e1t eln\u00f6k\u00f6lte is. Ugyancsak 1893-t\u00f3l volt tagja a F\u00f6ldrajzi T\u00e1rsulatnak, a Term\u00e9szettudom\u00e1nyi T\u00e1rsulatnak \u00e9s a Budapesti Kir\u00e1lyi Orvosegyletnek, melynek 1912-1916 k\u00f6z\u00f6tt eln\u00f6ki tiszt\u00e9t is bet\u00f6lt\u00f6tte. 1913-ban v\u00e1lasztotta be a Fels\u0151oktat\u00e1si Egylet. Tagja volt tov\u00e1bb\u00e1 az OMGE-nek, rendes tagja a Berlini K\u00e9miai T\u00e1rsas\u00e1gnak \u00e9s levelez\u0151 tagja a b\u00e9csi cs. \u00e9s kir. Orvosegyes\u00fcletnek. Bet\u00f6lt\u00f6tte tov\u00e1bb\u00e1 az Alf\u00f6ldi Magyar K\u00f6zm\u0171vel\u0151d\u00e9si Egyes\u00fclet K\u00f6zeg\u00e9szs\u00e9g\u00fcgyi Oszt\u00e1ly\u00e1nak t\u00e1rseln\u00f6ki tiszt\u00e9t is.<\/p>\n<p style=\"text-align: justify\">1895. augusztus 1-j\u00e9n az orsz\u00e1gos vegyk\u00eds\u00e9rleti \u00fcgy fejleszt\u00e9s\u00e9\u00e9rt kir\u00e1lyi tan\u00e1csosi c\u00edmet kapott. 1896-ban kit\u00fcntett\u00e9k a III. oszt\u00e1ly\u00fa Vaskorona-renddel. \u00c9rdemei elismer\u00e9s\u00e9\u00fcl 1905. j\u00fanius 6-\u00e1n \u201eszentl\u0151rinci\u201d el\u0151n\u00e9vvel magyar nemess\u00e9get, 1910-ben udvari tan\u00e1csosi c\u00edmet kapott. 1911-ben megkapta a Budapesti Kir. Orvosegyes\u00fclet Balassa-\u00e9rm\u00e9t, 1917-ben a Lip\u00f3t-rend lovagja c\u00edmet. Elnyerte tov\u00e1bb\u00e1 a Ferenc J\u00f3zsef-rend k\u00f6z\u00e9pkeresztj\u00e9t a csillaggal \u00e9s a V\u00f6r\u00f6skereszt tiszti d\u00edszjelv\u00e9ny\u00e9t a hadi\u00e9k\u00edtm\u00e9nyekkel.<\/p>\n<p style=\"text-align: justify\"><strong>F\u0151bb munk\u00e1i:<\/strong> Der Begriff des Lebens. Innsbruck, 1876.; Grundz\u00fcge der Chemie des Menschen. Stuttgart, 1880.; Az \u00e9letvegytan jelen \u00e1ll\u00e1spontja. Bp., 1882.; Egyszer\u0171 m\u00f3dszer a sz\u0151l\u0151talajok phylloxeramentess\u00e9g\u00e9nek vizsg\u00e1lat\u00e1ra. Bp., 1887.; Die chemische Praxis auf dem Gebiete der Gesundheitspflege und gerichtlichen Medizin. Stuttgart, 1899.; Chemia. Tank\u00f6nyv (Bugarszky Istv\u00e1nnal). Bp, 1900.<\/p>\n<p style=\"text-align: justify\"><strong>Nyughelye:<\/strong> Fiumei \u00fati temet\u0151 39\/0\/1\/36 (temet\u00e9s: 1926. VII. 20.).<\/p>\n<p style=\"text-align: justify\"><a href=\"https:\/\/semmelweis.hu\/baratikor\/files\/2022\/08\/172_31.jpg\"><img loading=\"lazy\" decoding=\"async\" class=\"alignleft size-full wp-image-1078\" src=\"https:\/\/semmelweis.hu\/baratikor\/files\/2022\/08\/172_31.jpg\" alt=\"\" width=\"283\" height=\"383\" \/><\/a><strong><a href=\"https:\/\/semmelweis.hu\/baratikor\/galeria\/teljes-nevlista\/liebermann-leo\/liebermann-leo-sirja-fiumei-ut\/\" rel=\"attachment wp-att-2026\"><img loading=\"lazy\" decoding=\"async\" class=\"alignleft size-medium wp-image-2026\" src=\"https:\/\/semmelweis.hu\/baratikor\/files\/2023\/01\/Liebermann-Leo-sirja-Fiumei-ut-267x400.jpg\" alt=\"\" width=\"267\" height=\"400\" srcset=\"https:\/\/semmelweis.hu\/baratikor\/files\/2023\/01\/Liebermann-Leo-sirja-Fiumei-ut-267x400.jpg 267w, https:\/\/semmelweis.hu\/baratikor\/files\/2023\/01\/Liebermann-Leo-sirja-Fiumei-ut.jpg 667w\" sizes=\"auto, (max-width: 267px) 100vw, 267px\" \/><\/a><\/strong><\/p>\n","protected":false},"excerpt":{"rendered":"<p><a href=\"https:\/\/semmelweis.hu\/baratikor\/galeria\/teljes-nevlista\/liebermann-leo\/liebermann-leo_v2\/\" rel=\"attachment wp-att-2027\"><\/a> Liebermann Le\u00f3, szentl\u0151rinci (Debrecen, 1852. november 28. &#8211; Budapest, 1926. j\u00falius 20.) Tansz\u00e9k: K\u00f6zeg\u00e9szs\u00e9gtani Int\u00e9zet (h. 1901-1902) 1902-1926. Viselt egyetemi m\u00e9lt\u00f3s\u00e1g: d\u00e9k\u00e1n 1908\/09-1909\/10. K\u00f6z\u00e9piskolai oszt\u00e1lyait a debreceni reform\u00e1tus koll\u00e9giumban \u00e9s a IV. ker\u00fcleti f\u0151re\u00e1liskol\u00e1ban v\u00e9gezte, \u00e9retts\u00e9git 1869. j\u00falius 29-\u00e9n Debrecenben tett. Orvosi, term\u00e9szettudom\u00e1nyi \u00e9s k\u00e9miai tanulm\u00e1nyait B\u00e9csben v\u00e9gezte, 1869-1872 k\u00f6z\u00f6tt a Josephinumban, 1872\/73-ban az egyetem &hellip;<\/p>\n","protected":false},"author":282,"featured_media":4956,"parent":347,"menu_order":0,"comment_status":"closed","ping_status":"closed","template":"template-fullwidth.php","meta":{"_acf_changed":false,"footnotes":""},"categories":[6,20,77,81,14],"tags":[],"class_list":["post-1076","page","type-page","status-publish","has-post-thumbnail","hentry","category-dekanok","category-dekanok-karok-szerint","category-kegyeleti-adattar","category-orvosi-kar-dekanjai","category-teljes-nevlista"],"acf":[],"_links":{"self":[{"href":"https:\/\/semmelweis.hu\/baratikor\/wp-json\/wp\/v2\/pages\/1076","targetHints":{"allow":["GET"]}}],"collection":[{"href":"https:\/\/semmelweis.hu\/baratikor\/wp-json\/wp\/v2\/pages"}],"about":[{"href":"https:\/\/semmelweis.hu\/baratikor\/wp-json\/wp\/v2\/types\/page"}],"author":[{"embeddable":true,"href":"https:\/\/semmelweis.hu\/baratikor\/wp-json\/wp\/v2\/users\/282"}],"replies":[{"embeddable":true,"href":"https:\/\/semmelweis.hu\/baratikor\/wp-json\/wp\/v2\/comments?post=1076"}],"version-history":[{"count":3,"href":"https:\/\/semmelweis.hu\/baratikor\/wp-json\/wp\/v2\/pages\/1076\/revisions"}],"predecessor-version":[{"id":2029,"href":"https:\/\/semmelweis.hu\/baratikor\/wp-json\/wp\/v2\/pages\/1076\/revisions\/2029"}],"up":[{"embeddable":true,"href":"https:\/\/semmelweis.hu\/baratikor\/wp-json\/wp\/v2\/pages\/347"}],"wp:featuredmedia":[{"embeddable":true,"href":"https:\/\/semmelweis.hu\/baratikor\/wp-json\/wp\/v2\/media\/4956"}],"wp:attachment":[{"href":"https:\/\/semmelweis.hu\/baratikor\/wp-json\/wp\/v2\/media?parent=1076"}],"wp:term":[{"taxonomy":"category","embeddable":true,"href":"https:\/\/semmelweis.hu\/baratikor\/wp-json\/wp\/v2\/categories?post=1076"},{"taxonomy":"post_tag","embeddable":true,"href":"https:\/\/semmelweis.hu\/baratikor\/wp-json\/wp\/v2\/tags?post=1076"}],"curies":[{"name":"wp","href":"https:\/\/api.w.org\/{rel}","templated":true}]}}