{"id":1025,"date":"2022-07-15T08:32:26","date_gmt":"2022-07-15T06:32:26","guid":{"rendered":"https:\/\/semmelweis.hu\/baratikor\/?page_id=1025"},"modified":"2023-07-31T09:43:16","modified_gmt":"2023-07-31T07:43:16","slug":"hoor-karoly","status":"publish","type":"page","link":"https:\/\/semmelweis.hu\/baratikor\/galeria\/teljes-nevlista\/hoor-karoly\/","title":{"rendered":"Ho\u00f3r K\u00e1roly"},"content":{"rendered":"<p style=\"text-align: justify\"><strong><a href=\"https:\/\/semmelweis.hu\/baratikor\/files\/2022\/07\/068_11.jpg\"><img loading=\"lazy\" decoding=\"async\" class=\"alignleft size-full wp-image-1026\" src=\"https:\/\/semmelweis.hu\/baratikor\/files\/2022\/07\/068_11.jpg\" alt=\"\" width=\"295\" height=\"380\" \/><\/a>(Pest-Buda, 1858. j\u00falius 16. -Budapest, 1927. december 15.)<\/strong><\/p>\n<p style=\"text-align: justify\">D\u00e9k\u00e1n: 1915\/16 &#8211; 1916\/17<\/p>\n<p style=\"text-align: justify\">\u00c9desapja, Ho\u00f3r Vencel cs. kir. vez\u00e9rt\u00f6rzsorvos, a katonaorvosi tisztikar f\u0151n\u00f6ke volt. K\u00e1roly k\u00f6z\u00e9piskol\u00e1it Budapesten, Sopronban \u00e9s Marburgban v\u00e9gezte, majd a budapesti Orvoskarra iratkozott, ahol 1884. j\u00fanius 14-\u00e9n nyert oklevelet. Ett\u0151l kezdve a k\u00f6z\u00f6s hadsereg f\u0151orvosa \u00e9s a b\u00e9csi hely\u0151rs\u00e9gi k\u00f3rh\u00e1z szem\u00e9szeti oszt\u00e1ly\u00e1nak m\u00e1sodorvosa lett, mik\u00f6zben a b\u00e9csi egyetemen szem\u00e9szeti el\u0151ad\u00e1sokat hallgatott. 1885 \u00e9s 1887 k\u00f6z\u00f6tt szabads\u00e1got vett ki, mely id\u0151 alatt Ernst Fuchs professzor klinik\u00e1j\u00e1t l\u00e1togatta. 1886-ban soron k\u00edv\u00fcl ezredorvos lett, majd 1887. szeptember 1-j\u00e9t\u0151l a budapesti hely\u0151rs\u00e9gi k\u00f3rh\u00e1zhoz helyezt\u00e9k \u00e1t, ahol a szem\u00e9szeti oszt\u00e1ly f\u0151orvosak\u00e9nt tev\u00e9kenykedett. 1890-ben Budapesten szerzett mag\u00e1ntan\u00e1ri habilit\u00e1ci\u00f3t a szem f\u00e9nyt\u00f6r\u00e9si \u00e9s alkalmazkod\u00e1si rendelleness\u00e9gei t\u00e1rgyk\u00f6r\u00e9ben. 1894. augusztus 21-\u00e9n a szem\u00e9szet nyilv\u00e1nos rendes tan\u00e1r\u00e1nak nevezt\u00e9k ki a kolozsv\u00e1ri Ferenc J\u00f3zsef Tudom\u00e1nyegyetemre. 1901\/02-ben Egyiptomban j\u00e1rt az arrafel\u00e9 r\u00e9g\u00f3ta honos trachoma tanulm\u00e1nyoz\u00e1sa v\u00e9gett. Hazat\u00e9rve jelent\u0151s tev\u00e9kenys\u00e9get fejtett ki e betegs\u00e9g elleni k\u00fczdelem ter\u00e9n. 1908-ban megh\u00edv\u00e1st kapott (uralkod\u00f3i kinevez\u00e9s j\u00fan. 18-\u00e1n) a Budapesten akkor l\u00e9tes\u00edtett II. Szem\u00e9szeti tansz\u00e9k, illetve klinika vezet\u00e9s\u00e9re, melyet hal\u00e1l\u00e1ig ell\u00e1tott. \u00c1m a klinika \u00e9p\u00fclete ekkor m\u00e9g nem \u00e9p\u00fclt fel, ez\u00e9rt tansz\u00e9k\u00e9t t\u00e9nylegesen csak 1909. j\u00fanius 5-\u00e9n foglalhatta el. Kutat\u00e1sai a szemvizsg\u00e1lati m\u00f3dszereket \u00e9rintett\u00e9k.<\/p>\n<p style=\"text-align: justify\">(F\u0151bb munk\u00e1i: Szem\u00e9szeti m\u0171t\u00e9ttan. Bp. 1892.; A szem\u00e9szet k\u00e9zik\u00f6nyve \/Gr\u00f3sz Emillel\/. Bp. 1909-1910.)<\/p>\n<p><a href=\"https:\/\/semmelweis.hu\/baratikor\/files\/2022\/07\/068_21.jpg\"><img loading=\"lazy\" decoding=\"async\" class=\"alignleft size-full wp-image-1027\" src=\"https:\/\/semmelweis.hu\/baratikor\/files\/2022\/07\/068_21.jpg\" alt=\"\" width=\"295\" height=\"370\" \/><\/a><\/p>\n","protected":false},"excerpt":{"rendered":"<p><a href=\"https:\/\/semmelweis.hu\/baratikor\/files\/2022\/07\/068_11.jpg\"><\/a> (Pest-Buda, 1858. j\u00falius 16. -Budapest, 1927. december 15.) D\u00e9k\u00e1n: 1915\/16 &#8211; 1916\/17 \u00c9desapja, Ho\u00f3r Vencel cs. kir. vez\u00e9rt\u00f6rzsorvos, a katonaorvosi tisztikar f\u0151n\u00f6ke volt. K\u00e1roly k\u00f6z\u00e9piskol\u00e1it Budapesten, Sopronban \u00e9s Marburgban v\u00e9gezte, majd a budapesti Orvoskarra iratkozott, ahol 1884. j\u00fanius 14-\u00e9n nyert oklevelet. Ett\u0151l kezdve a k\u00f6z\u00f6s hadsereg f\u0151orvosa \u00e9s a b\u00e9csi hely\u0151rs\u00e9gi k\u00f3rh\u00e1z szem\u00e9szeti oszt\u00e1ly\u00e1nak m\u00e1sodorvosa &hellip;<\/p>\n","protected":false},"author":282,"featured_media":1026,"parent":347,"menu_order":0,"comment_status":"closed","ping_status":"closed","template":"template-fullwidth.php","meta":{"_acf_changed":false,"footnotes":""},"categories":[6,20,77,81,16,14],"tags":[],"class_list":["post-1025","page","type-page","status-publish","has-post-thumbnail","hentry","category-dekanok","category-dekanok-karok-szerint","category-kegyeleti-adattar","category-orvosi-kar-dekanjai","category-tanszekvezetok","category-teljes-nevlista"],"acf":[],"_links":{"self":[{"href":"https:\/\/semmelweis.hu\/baratikor\/wp-json\/wp\/v2\/pages\/1025","targetHints":{"allow":["GET"]}}],"collection":[{"href":"https:\/\/semmelweis.hu\/baratikor\/wp-json\/wp\/v2\/pages"}],"about":[{"href":"https:\/\/semmelweis.hu\/baratikor\/wp-json\/wp\/v2\/types\/page"}],"author":[{"embeddable":true,"href":"https:\/\/semmelweis.hu\/baratikor\/wp-json\/wp\/v2\/users\/282"}],"replies":[{"embeddable":true,"href":"https:\/\/semmelweis.hu\/baratikor\/wp-json\/wp\/v2\/comments?post=1025"}],"version-history":[{"count":2,"href":"https:\/\/semmelweis.hu\/baratikor\/wp-json\/wp\/v2\/pages\/1025\/revisions"}],"predecessor-version":[{"id":1029,"href":"https:\/\/semmelweis.hu\/baratikor\/wp-json\/wp\/v2\/pages\/1025\/revisions\/1029"}],"up":[{"embeddable":true,"href":"https:\/\/semmelweis.hu\/baratikor\/wp-json\/wp\/v2\/pages\/347"}],"wp:featuredmedia":[{"embeddable":true,"href":"https:\/\/semmelweis.hu\/baratikor\/wp-json\/wp\/v2\/media\/1026"}],"wp:attachment":[{"href":"https:\/\/semmelweis.hu\/baratikor\/wp-json\/wp\/v2\/media?parent=1025"}],"wp:term":[{"taxonomy":"category","embeddable":true,"href":"https:\/\/semmelweis.hu\/baratikor\/wp-json\/wp\/v2\/categories?post=1025"},{"taxonomy":"post_tag","embeddable":true,"href":"https:\/\/semmelweis.hu\/baratikor\/wp-json\/wp\/v2\/tags?post=1025"}],"curies":[{"name":"wp","href":"https:\/\/api.w.org\/{rel}","templated":true}]}}