{"id":734,"date":"2021-05-27T00:46:34","date_gmt":"2021-05-26T22:46:34","guid":{"rendered":"https:\/\/semmelweis.hu\/balassagyarmat\/?page_id=734"},"modified":"2024-02-14T16:32:00","modified_gmt":"2024-02-14T15:32:00","slug":"konferencia","status":"publish","type":"page","link":"https:\/\/semmelweis.hu\/balassagyarmat\/konferencia\/","title":{"rendered":"Konferencia"},"content":{"rendered":"<p><span style=\"font-weight: 400\"><img decoding=\"async\" class=\"alignright\" src=\"https:\/\/semmelweis.hu\/balassagyarmat\/files\/2024\/02\/infoblokk_kedv_final_felso_cmyk_ESZA-400x276.jpg\" \/><\/span><\/p>\n<p>&nbsp;<\/p>\n<p>&nbsp;<\/p>\n<p>&nbsp;<\/p>\n<p>&nbsp;<\/p>\n<p>&nbsp;<\/p>\n<p>&nbsp;<\/p>\n<p><span style=\"font-weight: 400\">Tisztelt \u00c9rdekl\u0151d\u0151k!<\/span><\/p>\n<p><span style=\"font-weight: 400\">A Semmelweis egyetem EFOP-3.4.3-16\u00a0<\/span><i><span style=\"font-weight: 400\">\u201eA Semmelweis Egyetem tanul\u00f3i b\u00e1zis\u00e1nak sz\u00e9les\u00edt\u00e9se, beker\u00fcl\u00e9st \u00e9s bennmarad\u00e1st t\u00e1mogat\u00f3 programok ind\u00edt\u00e1s\u00e1n, valamint balassagyarmati telephely\u00e9n \u00faj szolg\u00e1ltat\u00e1sok bevezet\u00e9s\u00e9n kereszt\u00fcl\u201d<\/span><\/i><b><i>\u00a0<\/i><\/b><span style=\"font-weight: 400\">c\u00edm\u0171 p\u00e1ly\u00e1zati programja\u00a0<\/span><b>2021. augusztus 29-\u00e9n lez\u00e1rul<\/b><span style=\"font-weight: 400\">.<\/span><\/p>\n<p><span style=\"font-weight: 400\">Nagyon fontosnak gondoljuk, hogy a p\u00e1ly\u00e1zat z\u00e1r\u00e1sak\u00e9nt az eredm\u00e9nyeket transzparenss\u00e9 tegy\u00fck mind az egyetemi vezet\u00e9s sz\u00e1m\u00e1ra, mind a t\u00e1mogat\u00f3 fel\u00e9, illetve a programokban \u00e9rintett sz\u00e9lesebb szakmai k\u00f6r fel\u00e9, ez\u00e9rt a projekt szakmai z\u00e1r\u00e1s\u00e1t egy \u00f6sszegz\u0151 konferenci\u00e1ban szeretn\u00e9nk megjelen\u00edteni.<\/span><\/p>\n<p><b>A z\u00e1r\u00f3 konferencia id\u0151pontja: 2021. j\u00fanius 10-11. Ezen bel\u00fcl Rektor \u00dar megnyit\u00f3j\u00e1ra 2021. j\u00fanius 10. cs\u00fct\u00f6rt\u00f6k\u00f6n 9:00 \u00f3rakor ker\u00fcl sor (lsd a mell\u00e9kelt programot).<\/b><\/p>\n<p><span style=\"font-weight: 400\">A k\u00f6zel 5 \u00e9ves programmal (2017-2021)\u00a0<\/span><b>az egyetem 664.880.793 Ft t\u00e1mogat\u00e1si \u00f6sszeget nyert<\/b><span style=\"font-weight: 400\">\u00a0az Emberi Er\u0151forr\u00e1s Fejleszt\u00e9si Operat\u00edv Programb\u00f3l. A projekt hozz\u00e1j\u00e1rult az egyetem balassagyarmati telephely\u00e9nek t\u00e9nyleges beind\u00edt\u00e1s\u00e1hoz \u00e9s folyamatos m\u0171k\u00f6dtet\u00e9s\u00e9hez, valamint a megyei kapcsolatok felkutat\u00e1s\u00e1hoz, \u00e9s azok rendszeres fenntart\u00e1s\u00e1hoz, egy\u00e9b projektek gener\u00e1l\u00e1s\u00e1hoz \u00e9s elnyer\u00e9s\u00e9hez. A forr\u00e1sb\u00f3l az egyetem 4 kara (\u00c1OK, ETK, EKK, GYTK) \u00e9s a Semmelweis Egyetem Innov\u00e1ci\u00f3s K\u00f6zpontja k\u00f6z\u00f6s szakmai projekt keret\u00e9ben seg\u00edtette\u00a0<\/span><b>a k\u00f6z\u00e9piskol\u00e1s di\u00e1kok beker\u00fcl\u00e9s\u00e9t, p\u00e1lyaorient\u00e1ci\u00f3j\u00e1t fels\u0151oktat\u00e1si eg\u00e9szs\u00e9g\u00fcgyi k\u00e9pz\u00e9si ter\u00fcletekre, illetve a hallgat\u00f3i lemorzsol\u00f3d\u00e1s cs\u00f6kkent\u00e9s\u00e9t<\/b><span style=\"font-weight: 400\">\u00a0szakmai t\u00e1mogat\u00f3 programokon kereszt\u00fcl.<\/span><\/p>\n<p><b>A projekt alatt t\u00f6bb sz\u00e1z prevenci\u00f3s \u00e9s tov\u00e1bbk\u00e9pz\u00e9si programot szervezt\u00fcnk t\u00f6bb ezer k\u00f6z\u00e9piskol\u00e1s, egyetemi hallgat\u00f3 \u00e9s eg\u00e9szs\u00e9g\u00fcgyi szakember r\u00e9szv\u00e9tel\u00e9vel.<\/b><\/p>\n<p><span style=\"font-weight: 400\">A p\u00e1ly\u00e1zat kit\u0171z\u00f6tt c\u00e9ljait maxim\u00e1lisan teljes\u00edtett\u00fck, az eredm\u00e9nyeket figyelembe v\u00e9ve kiemelten fontosnak tartjuk, hogy a program a k\u00f6telez\u0151 fenntart\u00e1si id\u0151szakon t\u00falmen\u0151en a lehet\u0151 legnagyobb intenzit\u00e1ssal folytat\u00f3djon a k\u00f6vetkez\u0151 \u00e9vekben is.<\/span><\/p>\n<p>&nbsp;<\/p>\n<p>Amennyiben sz\u00edvesen r\u00e9szt venne az esem\u00e9nyen, \u00fagy az al\u00e1bbi linken kereszt\u00fcl tud regisztr\u00e1lni a konferenci\u00e1ra:<\/p>\n<p><a href=\"https:\/\/forms.gle\/qGP8GgN1t9SxinbJ6\">https:\/\/forms.gle\/qGP8GgN1t9SxinbJ6<\/a><\/p>\n<p>A konferencia teljes programj\u00e1t itt olvashatja:<\/p>\n<p><a href=\"https:\/\/semmelweis.hu\/innovacio\/palyazat\/hazai-tamogatott-projektek\/efop-3-4-3-16-2016-00007\/zarorendezveny\/\">https:\/\/semmelweis.hu\/innovacio\/palyazat\/hazai-tamogatott-projektek\/efop-3-4-3-16-2016-00007\/zarorendezveny\/<\/a><\/p>\n<p>&nbsp;<\/p>\n<p>Vagy ide kattintva le is t\u00f6ltheti:<\/p>\n<p><a href=\"https:\/\/semmelweis.hu\/balassagyarmat\/files\/2021\/05\/Semmelweis_Za\u0301ro\u0301konferencia_2021.06.10-11..pdf\">https:\/\/semmelweis.hu\/balassagyarmat\/files\/2021\/05\/Semmelweis_Z\u00e1r\u00f3konferencia_2021.06.10-11..pdf<\/a><\/p>\n<p>&nbsp;<\/p>\n<p>T\u00e1mogat\u00f3 r\u00e9szv\u00e9tel\u00e9t, visszajelz\u00e9s\u00e9t ez\u00faton is k\u00f6sz\u00f6nj\u00fck!<\/p>\n<p>A Balassagyarmati Eg\u00e9szs\u00e9gnevel\u0151 Program csapata<\/p>\n","protected":false},"excerpt":{"rendered":"<p>&nbsp; &nbsp; &nbsp; &nbsp; &nbsp; &nbsp; Tisztelt \u00c9rdekl\u0151d\u0151k! A Semmelweis egyetem EFOP-3.4.3-16\u00a0\u201eA Semmelweis Egyetem tanul\u00f3i b\u00e1zis\u00e1nak sz\u00e9les\u00edt\u00e9se, beker\u00fcl\u00e9st \u00e9s bennmarad\u00e1st t\u00e1mogat\u00f3 programok ind\u00edt\u00e1s\u00e1n, valamint balassagyarmati telephely\u00e9n \u00faj szolg\u00e1ltat\u00e1sok bevezet\u00e9s\u00e9n kereszt\u00fcl\u201d\u00a0c\u00edm\u0171 p\u00e1ly\u00e1zati programja\u00a02021. augusztus 29-\u00e9n lez\u00e1rul. Nagyon fontosnak gondoljuk, hogy a p\u00e1ly\u00e1zat z\u00e1r\u00e1sak\u00e9nt az eredm\u00e9nyeket transzparenss\u00e9 tegy\u00fck mind az egyetemi vezet\u00e9s sz\u00e1m\u00e1ra, mind a t\u00e1mogat\u00f3 fel\u00e9, &hellip;<\/p>\n","protected":false},"author":101611,"featured_media":0,"parent":0,"menu_order":0,"comment_status":"closed","ping_status":"closed","template":"","meta":{"_acf_changed":false,"footnotes":""},"categories":[],"tags":[],"class_list":["post-734","page","type-page","status-publish","hentry"],"acf":[],"_links":{"self":[{"href":"https:\/\/semmelweis.hu\/balassagyarmat\/wp-json\/wp\/v2\/pages\/734","targetHints":{"allow":["GET"]}}],"collection":[{"href":"https:\/\/semmelweis.hu\/balassagyarmat\/wp-json\/wp\/v2\/pages"}],"about":[{"href":"https:\/\/semmelweis.hu\/balassagyarmat\/wp-json\/wp\/v2\/types\/page"}],"author":[{"embeddable":true,"href":"https:\/\/semmelweis.hu\/balassagyarmat\/wp-json\/wp\/v2\/users\/101611"}],"replies":[{"embeddable":true,"href":"https:\/\/semmelweis.hu\/balassagyarmat\/wp-json\/wp\/v2\/comments?post=734"}],"version-history":[{"count":7,"href":"https:\/\/semmelweis.hu\/balassagyarmat\/wp-json\/wp\/v2\/pages\/734\/revisions"}],"predecessor-version":[{"id":802,"href":"https:\/\/semmelweis.hu\/balassagyarmat\/wp-json\/wp\/v2\/pages\/734\/revisions\/802"}],"wp:attachment":[{"href":"https:\/\/semmelweis.hu\/balassagyarmat\/wp-json\/wp\/v2\/media?parent=734"}],"wp:term":[{"taxonomy":"category","embeddable":true,"href":"https:\/\/semmelweis.hu\/balassagyarmat\/wp-json\/wp\/v2\/categories?post=734"},{"taxonomy":"post_tag","embeddable":true,"href":"https:\/\/semmelweis.hu\/balassagyarmat\/wp-json\/wp\/v2\/tags?post=734"}],"curies":[{"name":"wp","href":"https:\/\/api.w.org\/{rel}","templated":true}]}}