{"id":702,"date":"2020-11-29T12:41:23","date_gmt":"2020-11-29T11:41:23","guid":{"rendered":"https:\/\/semmelweis.hu\/balassagyarmat\/?page_id=702"},"modified":"2025-02-13T15:36:19","modified_gmt":"2025-02-13T14:36:19","slug":"a-palyazasi-idoszak-lezarult","status":"publish","type":"page","link":"https:\/\/semmelweis.hu\/balassagyarmat\/a-palyazasi-idoszak-lezarult\/","title":{"rendered":"A p\u00e1ly\u00e1z\u00e1si id\u0151szak lez\u00e1rult"},"content":{"rendered":"<p><em><strong>A Balassagyarmati Eg\u00e9szs\u00e9gnevel\u0151 Program 2022.02.28-\u00e1n lez\u00e1rult. Az oldalon tal\u00e1lhat\u00f3 adatok arch\u00edvak.<\/strong><\/em><\/p>\n<p>A p\u00e1ly\u00e1z\u00e1si id\u0151szak lez\u00e1rult. K\u00e9s\u0151bbi p\u00e1ly\u00e1z\u00e1si id\u0151szakokkal \u00e9s lehet\u0151s\u00e9ggel keress\u00e9tek a Program Vezet\u0151it.<\/p>\n<p>&nbsp;<\/p>\n<p>K\u00f6sz\u00f6nettel:\u00a0<\/p>\n<p>A Balassagyarmati Eg\u00e9szs\u00e9gnevel\u0151 Program Csapata<\/p>\n","protected":false},"excerpt":{"rendered":"<p>A Balassagyarmati Eg\u00e9szs\u00e9gnevel\u0151 Program 2022.02.28-\u00e1n lez\u00e1rult. Az oldalon tal\u00e1lhat\u00f3 adatok arch\u00edvak.<br \/>\nA p\u00e1ly\u00e1z\u00e1si id\u0151szak lez\u00e1rult. K\u00e9s\u0151bbi p\u00e1ly\u00e1z\u00e1si id\u0151szakokkal \u00e9s lehet\u0151s\u00e9ggel keress\u00e9tek a Program Vezet\u0151it.<br \/>\n&nbsp;<br \/>\nK\u00f6sz\u00f6nettel:\u00a0<br \/>\nA Balassagyarmati Eg\u00e9szs\u00e9gnevel\u0151 Program Csapata<\/p>\n","protected":false},"author":101611,"featured_media":0,"parent":0,"menu_order":0,"comment_status":"closed","ping_status":"closed","template":"","meta":{"_acf_changed":false,"footnotes":""},"categories":[],"tags":[],"class_list":["post-702","page","type-page","status-publish","hentry"],"acf":[],"_links":{"self":[{"href":"https:\/\/semmelweis.hu\/balassagyarmat\/wp-json\/wp\/v2\/pages\/702","targetHints":{"allow":["GET"]}}],"collection":[{"href":"https:\/\/semmelweis.hu\/balassagyarmat\/wp-json\/wp\/v2\/pages"}],"about":[{"href":"https:\/\/semmelweis.hu\/balassagyarmat\/wp-json\/wp\/v2\/types\/page"}],"author":[{"embeddable":true,"href":"https:\/\/semmelweis.hu\/balassagyarmat\/wp-json\/wp\/v2\/users\/101611"}],"replies":[{"embeddable":true,"href":"https:\/\/semmelweis.hu\/balassagyarmat\/wp-json\/wp\/v2\/comments?post=702"}],"version-history":[{"count":3,"href":"https:\/\/semmelweis.hu\/balassagyarmat\/wp-json\/wp\/v2\/pages\/702\/revisions"}],"predecessor-version":[{"id":825,"href":"https:\/\/semmelweis.hu\/balassagyarmat\/wp-json\/wp\/v2\/pages\/702\/revisions\/825"}],"wp:attachment":[{"href":"https:\/\/semmelweis.hu\/balassagyarmat\/wp-json\/wp\/v2\/media?parent=702"}],"wp:term":[{"taxonomy":"category","embeddable":true,"href":"https:\/\/semmelweis.hu\/balassagyarmat\/wp-json\/wp\/v2\/categories?post=702"},{"taxonomy":"post_tag","embeddable":true,"href":"https:\/\/semmelweis.hu\/balassagyarmat\/wp-json\/wp\/v2\/tags?post=702"}],"curies":[{"name":"wp","href":"https:\/\/api.w.org\/{rel}","templated":true}]}}