{"id":231,"date":"2019-11-12T11:28:22","date_gmt":"2019-11-12T10:28:22","guid":{"rendered":"http:\/\/semmelweis.hu\/balassagyarmat\/?page_id=231"},"modified":"2025-02-13T15:37:28","modified_gmt":"2025-02-13T14:37:28","slug":"absztraktok","status":"publish","type":"page","link":"https:\/\/semmelweis.hu\/balassagyarmat\/absztraktok\/","title":{"rendered":"Absztraktok"},"content":{"rendered":"<p><em><strong>A Balassagyarmati Eg\u00e9szs\u00e9gnevel\u0151 Program 2022.02.28-\u00e1n lez\u00e1rult. Az oldalon tal\u00e1lhat\u00f3 adatok arch\u00edvak.<\/strong><\/em><\/p>\n<p style=\"text-align: center\"><span style=\"font-size: 24pt\"><b>Absztraktok <\/b><\/span><b>Sz\u00f6vetk\u00e1ros\u00edt\u00f3 folyamatok molekul\u00e1ris mechanizmus\u00e1nak felder\u00edt\u00e9se VEKOP-2.3.2-16-2016-00002<\/b><\/p>\n<p>Aradi Petra, Kemecsei \u00c9va, Kov\u00e1cs G\u00e1bor \u00e9s Jakus Zolt\u00e1n &#8211; <a href=\"https:\/\/semmelweis.hu\/balassagyarmat\/files\/2019\/11\/Jakus-AradiP-VEKOP-2019-konferencia.pdf\">NYIROKEREK SZEREP\u00c9NEK VIZSG\u00c1LATA KONTAKT HIPERSZENZITIVIT\u00c1S (CHS) SZENZIBILIZ\u00c1CI\u00d3S \u00c9S ELICIT\u00c1CI\u00d3S F\u00c1ZIS\u00c1BAN IN VIVO EG\u00c9RMODELLBEN<\/a> B\u00e1lint L\u00e1szl\u00f3, Ocskay Zsombor, De\u00e1k B\u00e1lint Andr\u00e1s, Jakus Zolt\u00e1n &#8211; <a href=\"https:\/\/semmelweis.hu\/balassagyarmat\/files\/2019\/11\/Jakus-B\u00e1lintL-VEKOP-2019-konferencia.pdf\">A MENINGE\u00c1LIS NYIROKEREK FEJL\u0150D\u00c9SI PROGRAMJ\u00c1NAK \u00c9S FUNKCI\u00d3J\u00c1NAK VIZSG\u00c1LATA<\/a> Carolin Christ, Zolt\u00e1n Jakus &#8211; <a href=\"https:\/\/semmelweis.hu\/balassagyarmat\/files\/2019\/11\/Jakus-Christ-VEKOP-2019-konferencia.pdf\">CHARACTERIZATION OF THE LYMPHATIC VASCULATURE IN ATHEROSCLEROSIS<\/a> Cz\u00e1r\u00e1n Domonkos, Wisniewski \u00c9va, Pusztai R\u00e9ka, Sasv\u00e1ri P\u00e9ter, Ella Krisztina, S\u0171dy \u00c1gnes, Aradi Petra, Jakus Zolt\u00e1n, Cs\u00e9p\u00e1nyi-K\u00f6mi Roland &#8211; <a href=\"https:\/\/semmelweis.hu\/balassagyarmat\/files\/2019\/11\/VEKOP_absztrakt_2019-Cz\u00e1r\u00e1n.pdf\">Az ARHGAP25 RacGAP sz\u00fcks\u00e9ges a kontakt allergi\u00e1s dermatitisz kialakul\u00e1s\u00e1hoz.<\/a> Csete D\u00e1niel, Simon Edina, Ahmad Alatshan, Aradi Petra, Dob\u00f3-Nagy Csaba, Jakus Zolt\u00e1n, Benk\u0151 Szilvia, Gy\u0151ri D\u00e1vid S\u00e1ndor, M\u00f3csai Attila &#8211; <a href=\"https:\/\/semmelweis.hu\/balassagyarmat\/files\/2019\/11\/VEKOP-absztrakt-Csete-v2.pdf\">A SYK OSZTEOKLASZT-SPECIFIKUS \u00c9S HEMOPOETIKUS T\u00d6RL\u00c9SE MEGN\u00d6VEKEDETT CSONTDENZIT\u00c1SHOZ VEZET<\/a> D\u00e1niel Sz\u0151ke, L\u00e1szl\u00f3 B\u00e1lint, G\u00e1bor Kov\u00e1cs, \u00c9va Kemecsei, Kitti Ajtay, Petra Aradi, Andrea Styevk\u00f3n\u00e9 Dinny\u00e9s, Barbara L. Mui, Ying K. Tam, Thomas D. Madden, Katalin Karik\u00f3, Raghu P., Kataru, Michael J. Hope, Drew Weissman, Babak J. Mehrara, Norbert Pardi, Zolt\u00e1n Jakus &#8211; <a href=\"https:\/\/semmelweis.hu\/balassagyarmat\/files\/2019\/11\/Jakus-Sz\u0151keD-VEKOP-2019-konferencia.pdf\">NUKLEOZID-M\u00d3DOS\u00cdTOTT VEGFC mRNS-LNP TER\u00c1PIA HAT\u00c1SAI GENETIKAI NYIROK\u00d6D\u00c9MA MODELLBEN<\/a> Dr. K\u00e1llai Andr\u00e1s, Dr. L\u0151rincz M\u00e1rton \u00c1kos, Moln\u00e1r No\u00e9mi, Kelemen M\u00e1rta, Tropotei Adrienn, Stempler M\u00e1rk, Dr. Krist\u00f3f Katalin, Dr. Iv\u00e1nyi Zsolt, Prof. Dr. Ligeti Erzs\u00e9bet, Prof. Dr. G\u00e1l J\u00e1nos &#8211; <a href=\"https:\/\/semmelweis.hu\/balassagyarmat\/files\/2019\/11\/VEKOP-absztrakt-2019-L\u0151rincz.pdf\">BAKT\u00c9RIUMOK \u00c9RZ\u00c9KENYS\u00c9GI PROFILJ\u00c1NAK MEGHAT\u00c1ROZ\u00c1SA \u00daJ, \u00c1RAML\u00c1SI CITOM\u00c9TEREN ALAPUL\u00d3 GYORS M\u00d3DSZERREL (MICY)<\/a> Futosi Krisztina, N\u00e9meth Tam\u00e1s, Horv\u00e1th \u00c1d\u00e1m, Helyes Zsuzsanna, M\u00f3csai Attila &#8211; <a href=\"https:\/\/semmelweis.hu\/balassagyarmat\/files\/2019\/11\/2019-VEKOP-Futosi-Krisztina2.pdf\">TIROZIN-KIN\u00c1Z JEL\u00c1TVITELI UTAK VIZSG\u00c1LATA MONON\u00c1TRIUM-UR\u00c1T KRIST\u00c1LY \u00c1LTAL KIV\u00c1LTOTT GYULLAD\u00c1SOS FOLYAMATOKBAN<\/a> Hambalk\u00f3 Szabolcs, Pelye Csilla, Nagy Csilla, Fazakas Enik\u0151, Kiss Bernadett, Mateja MancekKeber, Ferdinandy P\u00e9ter, Giricz Zolt\u00e1n &#8211; <a href=\"https:\/\/semmelweis.hu\/balassagyarmat\/files\/2019\/11\/Hambalko-Giricz-20191018_Poszter-absztrakt-1.pdf\">KARDIOPROTEKCI\u00d3 K\u00c1LCIUM-IONOF\u00d3R INDUK\u00c1LTA EXTRACELLUL\u00c1RIS VEZIKUL\u00c1KKAL<\/a> Kolonics Ferenc, L\u0151rincz \u00c1kos, Kajd\u00e1csi Erika, Farkas \u00c1d\u00e1m Zolt\u00e1n, Farkas Veronika Judit, Ligeti Erzs\u00e9bet &#8211; <a href=\"https:\/\/semmelweis.hu\/balassagyarmat\/files\/2019\/11\/VEKOP-absztrakt-Kolonics.pdf\">NEUTROFIL GRANULOCITA EREDET\u0170 EXTRACELLUL\u00c1RIS VEZIKUL\u00c1K LEHETS\u00c9GES SZEREPE A LOK\u00c1LIS SZ\u00d6VETK\u00c1ROSOD\u00c1SBAN<\/a> Ocskay Zsombor, B\u00e1lint L\u00e1szl\u00f3, Jakus Zolt\u00e1n &#8211; <a href=\"https:\/\/semmelweis.hu\/balassagyarmat\/files\/2019\/11\/Jakus-Ocskay-VEKOP-2019-konferencia.pdf\">A CCBE1 NYIROK\u00c9R-N\u00d6VEKED\u00c9SI FAKTOR SZEREP\u00c9NEK VIZSG\u00c1LATA A MENINGE\u00c1LIS NYIROKEREK FEJL\u0150D\u00c9S\u00c9NEK A SZAB\u00c1LYOZ\u00c1S\u00c1BAN<\/a> On\u00f3di Zs\u00f3fia, Ruppert Mih\u00e1ly, T\u00f3th Vikt\u00f3ria \u00c9va, Koncsos G\u00e1bor, Makkos Andr\u00e1s, Petrovics T\u00fcnde, Kecsk\u00e9s Krisztina, Brenner G\u00e1bor, Giricz Zolt\u00e1n, Leszek Przemyslaw, G\u00f6rbe Anik\u00f3, Buz\u00e1s Edit Ir\u00e9n, Ferdinandy P\u00e9ter, Radovits Tam\u00e1s, Varga Zolt\u00e1n &#8211; <a href=\"https:\/\/semmelweis.hu\/balassagyarmat\/files\/2019\/11\/Onodi-Giricz-20191018_Poszter-absztrakt-1.pdf\">MAKROF\u00c1G EREDET\u0170 EXTRACELLUL\u00c1RIS VEZIKUL\u00c1K SZEREPE SZ\u00cdVEL\u00c9GTELENS\u00c9GBEN<\/a> Orosz Anita, Annette Zehrer, Barbara Walzog, M\u00f3csai Attila &#8211; <a href=\"https:\/\/semmelweis.hu\/balassagyarmat\/files\/2019\/11\/VEKOP2019_absztrakt_Orosz-Anita2.pdf\">RETROVIR\u00c1LIS TRANSZDUKCI\u00d3 \u00c1LTAL L\u00c9TREHOZOTT, IMMORTALIZ\u00c1LT MIELOID PROGENITOR SEJTEK, VALAMINT EZEKB\u0150L DIFFERENCI\u00c1LTATOTT HOXB8 NEUTROFIL GRANULOCIT\u00c1K JELLEMZ\u00c9SE<\/a> P\u00e1ncz\u00e9l \u00c1ron, Erd\u00e9lyi Andr\u00e1s, Nagy Simon, Gy\u0151ri D\u00e1vid, M\u00f3csai Attila &#8211; <a href=\"https:\/\/semmelweis.hu\/balassagyarmat\/files\/2019\/11\/VEKOP-2019-Absztrakt-P\u00e1ncz\u00e9l\u00c1ron-v01.pdf\">OSZTEOKLASZTOK VIZSG\u00c1LATA FLUORESZCENS M\u00d3DSZERREL<\/a> Pat\u00f3 Anna, Geiszt Mikl\u00f3s, Sirokm\u00e1ny G\u00e1bor &#8211; <a href=\"https:\/\/semmelweis.hu\/balassagyarmat\/files\/2019\/11\/Geiszt2-VEKOP-PatoA.pdf\">A DUOX1 FUNKCI\u00d3J\u00c1NAK VIZSG\u00c1LATA KERATINOCITA SEJTVONALBAN<\/a> Pergel Enik\u0151, Lengyel Mikl\u00f3s, Enyedi P\u00e9ter, Czirj\u00e1k G\u00e1bor &#8211; <a href=\"https:\/\/semmelweis.hu\/balassagyarmat\/files\/2019\/11\/Pergel_Eniko_abstract_VEKOP-TRESK-poszter.pdf\">A F\u00c1JDALOM\u00c9RZ\u00c9SBEN SZEREPET J\u00c1TSZ\u00d3 TRESK H\u00c1TT\u00c9R K+ CSATORNA FOSZFORIL\u00c1CI\u00d3S SZAB\u00c1LYOZ\u00c1SA<\/a> Solt\u00e9sz-Katona Eszter, Dr. Turu G\u00e1bor, Dr. Drahos L\u00e1szl\u00f3, Bugyi Fanni, Dr. Turi\u00e1k Lilla, Dr. \u00c1cs Andr\u00e1s, Szalai Laura, Porkol\u00e1b Edit, Dr. Hunyady L\u00e1szl\u00f3 &#8211; <a href=\"https:\/\/semmelweis.hu\/balassagyarmat\/files\/2019\/11\/VEKOP_SKE_absztrakt_201910.pdf\">\u00df-ARRESZTIN FEH\u00c9RJE INTERAKCI\u00d3S PARTENEREK KERES\u00c9SE PROMISZKUUS BIOTIN LIG\u00c1Z SEG\u00cdTS\u00c9G\u00c9VEL<\/a> Szilveszter Kata,Lesinszki Luk\u00e1cs, N\u00e9meth Tam\u00e1s, Hiripi L\u00e1szl\u00f3, B\u0151sze Zsuzsanna, M\u00f3csai Attila &#8211; <a href=\"https:\/\/semmelweis.hu\/balassagyarmat\/files\/2019\/11\/2019-VEKOP-SzilveszterK2.pdf\">A PLC\u03b32 SZEREP\u00c9NEK VIZSG\u00c1LATA AUTOANTITEST-INDUK\u00c1LT B\u0150RGYULLAD\u00c1SBAN<\/a> Tim\u00e1r Csaba, Kolonics Ferenc, Ligeti Erzs\u00e9bet &#8211; <a href=\"https:\/\/semmelweis.hu\/balassagyarmat\/files\/2019\/11\/VEKOP-absztrakt-TCs.pdf\">HUM\u00c1N NEUTROFIL GRANULOCIT\u00c1K FUNKCI\u00d3 V\u00c1LTOZ\u00c1SA S\u00daLYOS SZEPTIKUS BETEGEKBEN<\/a> Vikt\u00f3ria Szeifert, \u00c1kos M. L\u0151rincz, No\u00e9mi S\u00e1ndor, \u00c1gnes Kittel, Andr\u00e1s \u00c1cs, L\u00e1szl\u00f3 Drahos, Mih\u00e1ly K. J\u00f3zsi, Erzs\u00e9bet Ligeti &#8211; <a href=\"https:\/\/semmelweis.hu\/balassagyarmat\/files\/2019\/11\/VEKOP-poszter-szeifertv.pdf\">SZOLUBILIS IMMUNMEDI\u00c1TOROK \u00c1LTAL INDUK\u00c1LT EXTRACELLUL\u00c1RIS VEZIKUL\u00c1K LEHETS\u00c9GES SZ\u00d6VETK\u00c1ROS\u00cdT\u00d3 HAT\u00c1SA<\/a> W. S\u00f3dar Barbara, Visnovitz Tam\u00e1s a, Xabier Osteikoetxe, Mih\u00e1ly Judith , L\u0151rincz P\u00e9ter, V. Vukman Krisztina, T\u00f3th Eszter \u00c1gnes, Koncz Anna, Sz\u00e9k\u00e1cs Inna, Horv\u00e1th R\u00f3bert, Varga Zolt\u00e1n, Buz\u00e1s Edit\u00a0 &#8211; <a href=\"https:\/\/semmelweis.hu\/balassagyarmat\/files\/2019\/11\/VEKOP-poster-Buz\u00e1s.pdf\">AZ EXTRACELLUL\u00c1RIS VESICULA VIZSG\u00c1LATOK STANDARDIZ\u00c1CI\u00d3JA: A FEH\u00c9RJ\u00c9KT\u0150L A LIPIDEKEN \u00c1T A LIPOPROTEINEKIG<\/a> \u00a0 \u00a0 \u00a0<\/p>\n","protected":false},"excerpt":{"rendered":"<p>A Balassagyarmati Eg\u00e9szs\u00e9gnevel\u0151 Program 2022.02.28-\u00e1n lez\u00e1rult. Az oldalon tal\u00e1lhat\u00f3 adatok arch\u00edvak. Absztraktok Sz\u00f6vetk\u00e1ros\u00edt\u00f3 folyamatok molekul\u00e1ris mechanizmus\u00e1nak felder\u00edt\u00e9se VEKOP-2.3.2-16-2016-00002 Aradi Petra, Kemecsei \u00c9va, Kov\u00e1cs G\u00e1bor \u00e9s Jakus Zolt\u00e1n &#8211; <a href=\"https:\/\/semmelweis.hu\/balassagyarmat\/files\/2019\/11\/Jakus-AradiP-VEKOP-2019-konferencia.pdf\">NYIROKEREK SZEREP\u00c9NEK VIZSG\u00c1LATA KONTAKT HIPERSZENZITIVIT\u00c1S (CHS) SZENZIBILIZ\u00c1CI\u00d3S \u00c9S ELICIT\u00c1CI\u00d3S F\u00c1ZIS\u00c1BAN IN VIVO EG\u00c9RMODELLBEN<\/a> B\u00e1lint L\u00e1szl\u00f3, Ocskay Zsombor, De\u00e1k B\u00e1lint Andr\u00e1s, Jakus Zolt\u00e1n &#8211; <a href=\"https:\/\/semmelweis.hu\/balassagyarmat\/files\/2019\/11\/Jakus-B\u00e1lintL-VEKOP-2019-konferencia.pdf\">A MENINGE\u00c1LIS NYIROKEREK FEJL\u0150D\u00c9SI PROGRAMJ\u00c1NAK \u00c9S FUNKCI\u00d3J\u00c1NAK VIZSG\u00c1LATA<\/a> Carolin Christ, Zolt\u00e1n Jakus &#8211; <a href=\"https:\/\/semmelweis.hu\/balassagyarmat\/files\/2019\/11\/Jakus-Christ-VEKOP-2019-konferencia.pdf\">CHARACTERIZATION OF THE LYMPHATIC VASCULATURE IN ATHEROSCLEROSIS<\/a> Cz\u00e1r\u00e1n Domonkos, Wisniewski \u00c9va, Pusztai R\u00e9ka, Sasv\u00e1ri P\u00e9ter, Ella Krisztina, S\u0171dy \u00c1gnes, &hellip;<\/p>\n","protected":false},"author":101611,"featured_media":0,"parent":0,"menu_order":0,"comment_status":"closed","ping_status":"closed","template":"","meta":{"_acf_changed":false,"footnotes":""},"categories":[],"tags":[],"class_list":["post-231","page","type-page","status-publish","hentry"],"acf":[],"_links":{"self":[{"href":"https:\/\/semmelweis.hu\/balassagyarmat\/wp-json\/wp\/v2\/pages\/231","targetHints":{"allow":["GET"]}}],"collection":[{"href":"https:\/\/semmelweis.hu\/balassagyarmat\/wp-json\/wp\/v2\/pages"}],"about":[{"href":"https:\/\/semmelweis.hu\/balassagyarmat\/wp-json\/wp\/v2\/types\/page"}],"author":[{"embeddable":true,"href":"https:\/\/semmelweis.hu\/balassagyarmat\/wp-json\/wp\/v2\/users\/101611"}],"replies":[{"embeddable":true,"href":"https:\/\/semmelweis.hu\/balassagyarmat\/wp-json\/wp\/v2\/comments?post=231"}],"version-history":[{"count":9,"href":"https:\/\/semmelweis.hu\/balassagyarmat\/wp-json\/wp\/v2\/pages\/231\/revisions"}],"predecessor-version":[{"id":827,"href":"https:\/\/semmelweis.hu\/balassagyarmat\/wp-json\/wp\/v2\/pages\/231\/revisions\/827"}],"wp:attachment":[{"href":"https:\/\/semmelweis.hu\/balassagyarmat\/wp-json\/wp\/v2\/media?parent=231"}],"wp:term":[{"taxonomy":"category","embeddable":true,"href":"https:\/\/semmelweis.hu\/balassagyarmat\/wp-json\/wp\/v2\/categories?post=231"},{"taxonomy":"post_tag","embeddable":true,"href":"https:\/\/semmelweis.hu\/balassagyarmat\/wp-json\/wp\/v2\/tags?post=231"}],"curies":[{"name":"wp","href":"https:\/\/api.w.org\/{rel}","templated":true}]}}