{"id":983,"date":"2020-03-28T00:07:32","date_gmt":"2020-03-27T23:07:32","guid":{"rendered":"http:\/\/semmelweis.hu\/asszisztaltreprodukcio\/?page_id=983"},"modified":"2020-09-10T09:14:39","modified_gmt":"2020-09-10T07:14:39","slug":"ivf-statisztikak","status":"publish","type":"page","link":"https:\/\/semmelweis.hu\/asszisztaltreprodukcio\/pacienseknek\/statisztikaink\/ivf-statisztikak\/","title":{"rendered":"IVF kezel\u00e9sek"},"content":{"rendered":"\n<!-- iframe plugin v.4.9 wordpress.org\/plugins\/iframe\/ -->\n<iframe loading=\"lazy\" src=\"https:\/\/e.infogram.com\/799a4a68-3018-452a-9298-62a487996d65?src=embed\" width=\"700\" height=\"500\" scrolling=\"yes\" class=\"iframe-class\" frameborder=\"0\"><\/iframe>\n\n\n<!-- iframe plugin v.4.9 wordpress.org\/plugins\/iframe\/ -->\n<iframe loading=\"lazy\" src=\"https:\/\/e.infogram.com\/e0948a9e-b88b-4422-8918-19e9b7532575?src=embed\" width=\"700\" height=\"500\" scrolling=\"yes\" class=\"iframe-class\" frameborder=\"0\"><\/iframe>\n\n<p>&nbsp;<\/p>\n\n<!-- iframe plugin v.4.9 wordpress.org\/plugins\/iframe\/ -->\n<iframe loading=\"lazy\" src=\"https:\/\/e.infogram.com\/1be099de-1733-4ce3-8de6-a3e08ca5dc32?src=embed\" width=\"700\" height=\"710\" scrolling=\"yes\" class=\"iframe-class\" frameborder=\"0\"><\/iframe>\n\n<p style=\"text-align: justify\"><span style=\"font-size: 12pt\">Az \u201c<em>\u00f6sszterhess\u00e9gi<\/em><em>\u201d<\/em> ar\u00e1ny mag\u00e1ban foglalja a \u201c<em>biok\u00e9miai\u201d<\/em> \u00e9s a <em>\u201cklinikai\u201d<\/em> terhess\u00e9gi ar\u00e1nyt. <\/span><\/p>\n<p style=\"text-align: justify\"><span style=\"font-size: 12pt\"><em>Biok\u00e9miai terhess\u00e9gr\u0151l<\/em> akkor besz\u00e9l\u00fcnk ha a be\u00fcltetett embri\u00f3 megtapadt, megindult a terhess\u00e9gi hormon termel\u00e9se, azonban a terhess\u00e9g annak nagyon korai f\u00e1zis\u00e1ban fejl\u0151d\u00e9s\u00e9ben meg\u00e1llt m\u00e9g azt megel\u0151z\u0151en, hogy a petezs\u00e1k ultrahang vizsg\u00e1lattal l\u00e1that\u00f3v\u00e1 v\u00e1lt volna.<\/span><\/p>\n<p style=\"text-align: justify\"><span style=\"font-size: 12pt\"><em>Klinikai terhess\u00e9g<\/em>r\u0151l akkor besz\u00e9l\u00fcnk, ha a terhess\u00e9g ultrahang vizsg\u00e1lattal is egy\u00e9rtelm\u0171en igazolhat\u00f3 a petezs\u00e1k l\u00e1that\u00f3v\u00e1 v\u00e1l\u00e1sa r\u00e9v\u00e9n.<\/span><\/p>\n\n<!-- iframe plugin v.4.9 wordpress.org\/plugins\/iframe\/ -->\n<iframe loading=\"lazy\" src=\"https:\/\/e.infogram.com\/e47f80cf-fddf-4756-8afa-c7bbddc760ad?src=embed\" width=\"700\" height=\"660\" scrolling=\"yes\" class=\"iframe-class\" frameborder=\"0\"><\/iframe>\n\n<p style=\"text-align: justify\">\u00a0<\/p>\n","protected":false},"excerpt":{"rendered":"<p>&nbsp; Az \u201c\u00f6sszterhess\u00e9gi\u201d ar\u00e1ny mag\u00e1ban foglalja a \u201cbiok\u00e9miai\u201d \u00e9s a \u201cklinikai\u201d terhess\u00e9gi ar\u00e1nyt. Biok\u00e9miai terhess\u00e9gr\u0151l akkor besz\u00e9l\u00fcnk ha a be\u00fcltetett embri\u00f3 megtapadt, megindult a terhess\u00e9gi hormon termel\u00e9se, azonban a terhess\u00e9g annak nagyon korai f\u00e1zis\u00e1ban fejl\u0151d\u00e9s\u00e9ben meg\u00e1llt m\u00e9g azt megel\u0151z\u0151en, hogy a petezs\u00e1k ultrahang vizsg\u00e1lattal l\u00e1that\u00f3v\u00e1 v\u00e1lt volna. Klinikai terhess\u00e9gr\u0151l akkor besz\u00e9l\u00fcnk, ha a terhess\u00e9g ultrahang &hellip;<\/p>\n","protected":false},"author":101727,"featured_media":0,"parent":979,"menu_order":9,"comment_status":"closed","ping_status":"closed","template":"","meta":{"_acf_changed":false,"footnotes":""},"categories":[],"tags":[],"class_list":["post-983","page","type-page","status-publish","hentry"],"acf":[],"_links":{"self":[{"href":"https:\/\/semmelweis.hu\/asszisztaltreprodukcio\/wp-json\/wp\/v2\/pages\/983","targetHints":{"allow":["GET"]}}],"collection":[{"href":"https:\/\/semmelweis.hu\/asszisztaltreprodukcio\/wp-json\/wp\/v2\/pages"}],"about":[{"href":"https:\/\/semmelweis.hu\/asszisztaltreprodukcio\/wp-json\/wp\/v2\/types\/page"}],"author":[{"embeddable":true,"href":"https:\/\/semmelweis.hu\/asszisztaltreprodukcio\/wp-json\/wp\/v2\/users\/101727"}],"replies":[{"embeddable":true,"href":"https:\/\/semmelweis.hu\/asszisztaltreprodukcio\/wp-json\/wp\/v2\/comments?post=983"}],"version-history":[{"count":10,"href":"https:\/\/semmelweis.hu\/asszisztaltreprodukcio\/wp-json\/wp\/v2\/pages\/983\/revisions"}],"predecessor-version":[{"id":2092,"href":"https:\/\/semmelweis.hu\/asszisztaltreprodukcio\/wp-json\/wp\/v2\/pages\/983\/revisions\/2092"}],"up":[{"embeddable":true,"href":"https:\/\/semmelweis.hu\/asszisztaltreprodukcio\/wp-json\/wp\/v2\/pages\/979"}],"wp:attachment":[{"href":"https:\/\/semmelweis.hu\/asszisztaltreprodukcio\/wp-json\/wp\/v2\/media?parent=983"}],"wp:term":[{"taxonomy":"category","embeddable":true,"href":"https:\/\/semmelweis.hu\/asszisztaltreprodukcio\/wp-json\/wp\/v2\/categories?post=983"},{"taxonomy":"post_tag","embeddable":true,"href":"https:\/\/semmelweis.hu\/asszisztaltreprodukcio\/wp-json\/wp\/v2\/tags?post=983"}],"curies":[{"name":"wp","href":"https:\/\/api.w.org\/{rel}","templated":true}]}}