{"id":834,"date":"2020-03-26T14:47:40","date_gmt":"2020-03-26T13:47:40","guid":{"rendered":"http:\/\/semmelweis.hu\/asszisztaltreprodukcio\/?page_id=834"},"modified":"2020-03-28T09:50:58","modified_gmt":"2020-03-28T08:50:58","slug":"tudomanyos-ertekezesek","status":"publish","type":"page","link":"https:\/\/semmelweis.hu\/asszisztaltreprodukcio\/kutatas\/tudomanyos-ertekezesek\/","title":{"rendered":"Tudom\u00e1nyos \u00e9rtekez\u00e9seink"},"content":{"rendered":"<h5><strong>MTA doktori disszert\u00e1ci\u00f3<\/strong><\/h5>\n<ul>\n<li style=\"list-style-type: none\">\n<ul>\n<li>Prof. Dr. Urbancsek J\u00e1nos :<br \/>\n<a href=\"https:\/\/semmelweis.hu\/asszisztaltreprodukcio\/files\/2020\/03\/Urbancsek-MTA-doktori.pdf\"> In vitro fertiliz\u00e1ci\u00f3s kezel\u00e9sek eredm\u00e9nyess\u00e9g\u00e9nek el\u0151rejelz\u00e9se endokrin markerek seg\u00edts\u00e9g\u00e9vel<\/a><\/li>\n<\/ul>\n<\/li>\n<\/ul>\n<p>&nbsp;<\/p>\n<p>&nbsp;<\/p>\n<h5><strong>PhD \u00e9rtekez\u00e9sek:<\/strong><\/h5>\n<ul>\n<li style=\"list-style-type: none\">\n<ul>\n<li><a href=\"https:\/\/semmelweis.hu\/asszisztaltreprodukcio\/files\/2020\/03\/hauzmanerik.d-1.pdf\">Dr. Hauzman Erik (2005)<\/a><\/li>\n<\/ul>\n<\/li>\n<\/ul>\n<ul>\n<li style=\"list-style-type: none\">\n<ul>\n<li><a href=\"https:\/\/semmelweis.hu\/wp-content\/phd\/phd_live\/vedes\/export\/fancsovitspeter.d.pdf\">Dr. Fancsovits P\u00e9ter (2006)<\/a><\/li>\n<\/ul>\n<\/li>\n<\/ul>\n<ul>\n<li style=\"list-style-type: none\">\n<ul>\n<li><a href=\"https:\/\/semmelweis.hu\/wp-content\/phd\/phd_live\/vedes\/export\/murberakos.d.pdf\">Dr. Murber \u00c1kos (2010)<\/a><\/li>\n<\/ul>\n<\/li>\n<\/ul>\n<ul>\n<li style=\"list-style-type: none\">\n<ul>\n<li><a href=\"https:\/\/semmelweis.hu\/wp-content\/phd\/phd_live\/vedes\/export\/lehneradam.d.pdf\">Dr. Lehner \u00c1d\u00e1m (2017)<\/a><\/li>\n<\/ul>\n<\/li>\n<\/ul>\n<p>&nbsp;<\/p>\n<p>&nbsp;<\/p>\n","protected":false},"excerpt":{"rendered":"<p>MTA doktori disszert\u00e1ci\u00f3<\/p>\n<p>Prof. Dr. Urbancsek J\u00e1nos :<br \/>\n<a href=\"https:\/\/semmelweis.hu\/asszisztaltreprodukcio\/files\/2020\/03\/Urbancsek-MTA-doktori.pdf\"> In vitro fertiliz\u00e1ci\u00f3s kezel\u00e9sek eredm\u00e9nyess\u00e9g\u00e9nek el\u0151rejelz\u00e9se endokrin markerek seg\u00edts\u00e9g\u00e9vel<\/a><\/p>\n<p>&nbsp;<br \/>\n&nbsp;<br \/>\nPhD \u00e9rtekez\u00e9sek:<\/p>\n<p><a href=\"https:\/\/semmelweis.hu\/asszisztaltreprodukcio\/files\/2020\/03\/hauzmanerik.d-1.pdf\">Dr. Hauzman Erik (2005)<\/a><\/p>\n<p><a href=\"https:\/\/semmelweis.hu\/wp-content\/phd\/phd_live\/vedes\/export\/fancsovitspeter.d.pdf\">Dr. Fancsovits P\u00e9ter (2006)<\/a><\/p>\n<p><a href=\"https:\/\/semmelweis.hu\/wp-content\/phd\/phd_live\/vedes\/export\/murberakos.d.pdf\">Dr. Murber \u00c1kos (2010)<\/a><\/p>\n<p><a href=\"https:\/\/semmelweis.hu\/wp-content\/phd\/phd_live\/vedes\/export\/lehneradam.d.pdf\">Dr. Lehner \u00c1d\u00e1m (2017)<\/a><\/p>\n<p>&nbsp;<br \/>\n&nbsp;<\/p>\n","protected":false},"author":101727,"featured_media":0,"parent":811,"menu_order":2,"comment_status":"closed","ping_status":"closed","template":"","meta":{"_acf_changed":false,"footnotes":""},"categories":[],"tags":[],"class_list":["post-834","page","type-page","status-publish","hentry"],"acf":[],"_links":{"self":[{"href":"https:\/\/semmelweis.hu\/asszisztaltreprodukcio\/wp-json\/wp\/v2\/pages\/834","targetHints":{"allow":["GET"]}}],"collection":[{"href":"https:\/\/semmelweis.hu\/asszisztaltreprodukcio\/wp-json\/wp\/v2\/pages"}],"about":[{"href":"https:\/\/semmelweis.hu\/asszisztaltreprodukcio\/wp-json\/wp\/v2\/types\/page"}],"author":[{"embeddable":true,"href":"https:\/\/semmelweis.hu\/asszisztaltreprodukcio\/wp-json\/wp\/v2\/users\/101727"}],"replies":[{"embeddable":true,"href":"https:\/\/semmelweis.hu\/asszisztaltreprodukcio\/wp-json\/wp\/v2\/comments?post=834"}],"version-history":[{"count":6,"href":"https:\/\/semmelweis.hu\/asszisztaltreprodukcio\/wp-json\/wp\/v2\/pages\/834\/revisions"}],"predecessor-version":[{"id":1001,"href":"https:\/\/semmelweis.hu\/asszisztaltreprodukcio\/wp-json\/wp\/v2\/pages\/834\/revisions\/1001"}],"up":[{"embeddable":true,"href":"https:\/\/semmelweis.hu\/asszisztaltreprodukcio\/wp-json\/wp\/v2\/pages\/811"}],"wp:attachment":[{"href":"https:\/\/semmelweis.hu\/asszisztaltreprodukcio\/wp-json\/wp\/v2\/media?parent=834"}],"wp:term":[{"taxonomy":"category","embeddable":true,"href":"https:\/\/semmelweis.hu\/asszisztaltreprodukcio\/wp-json\/wp\/v2\/categories?post=834"},{"taxonomy":"post_tag","embeddable":true,"href":"https:\/\/semmelweis.hu\/asszisztaltreprodukcio\/wp-json\/wp\/v2\/tags?post=834"}],"curies":[{"name":"wp","href":"https:\/\/api.w.org\/{rel}","templated":true}]}}