{"id":707,"date":"2020-03-22T14:31:43","date_gmt":"2020-03-22T13:31:43","guid":{"rendered":"http:\/\/semmelweis.hu\/asszisztaltreprodukcio\/?page_id=707"},"modified":"2020-04-22T13:38:34","modified_gmt":"2020-04-22T11:38:34","slug":"terminalt-egyuttlet","status":"publish","type":"page","link":"https:\/\/semmelweis.hu\/asszisztaltreprodukcio\/pacienseknek\/asszisztalt-reprodukcios-eljarasok-2\/terminalt-egyuttlet\/","title":{"rendered":"Termin\u00e1lt egy\u00fcttl\u00e9t"},"content":{"rendered":"<h3>Termin\u00e1lt egy\u00fcttl\u00e9t<\/h3>\n<p style=\"text-align: justify\">Azon betegeink r\u00e9szes\u00fclnek ebben a kezel\u00e9sben, akikn\u00e9l enyhe hormon\u00e1lis elt\u00e9r\u00e9st, a t\u00fcsz\u0151n\u00f6veked\u00e9s illetve az ovul\u00e1ci\u00f3 zavar\u00e1t, vagy ismeretlen eredet\u0171 medd\u0151s\u00e9get igazolunk a kivizsg\u00e1l\u00e1s sor\u00e1n.<\/p>\n<p style=\"text-align: justify\">A kezel\u00e9s a menstru\u00e1ci\u00f3s ciklus 3-5. napja k\u00f6z\u00f6tt indul azt k\u00f6vet\u0151en, hogy h\u00fcvelyi ultrahang vizsg\u00e1lattal ellen\u0151rizt\u00fck a petef\u00e9szkek \u00e1llapot\u00e1t. A gy\u00f3gyszeres petef\u00e9szek stimul\u00e1ci\u00f3 c\u00e9lja 2-3 domin\u00e1ns t\u00fcsz\u0151 \u00e9rlel\u00e9se. Az 5 napos tablettaszed\u00e9st k\u00f6vet\u0151en kontrollvizsg\u00e1latra v\u00e1rjuk betegeinket, mely v\u00e9rv\u00e9telt \u00e9s\/vagy \u00fajabb h\u00fcvelyi\u00a0 ultrahang vizsg\u00e1latot, \u00fagynevezett follikulometri\u00e1t jelent. Ezzel a vizsg\u00e1lattal ellen\u0151rizz\u00fck a petef\u00e9szkeknek a stimul\u00e1ci\u00f3ra adott reakci\u00f3j\u00e1t. Kedvez\u0151 t\u00fcsz\u0151n\u00f6veked\u00e9s eset\u00e9n injekci\u00f3 ad\u00e1s\u00e1val seg\u00edtj\u00fck el\u0151 a t\u00fcsz\u0151k megreped\u00e9s\u00e9t, az ovul\u00e1ci\u00f3t \u00e9s t\u00e1j\u00e9koztatjuk betegeinket arr\u00f3l, hogy mely napokon a legoptim\u00e1lisabb a h\u00e1zast\u00e1rsi egy\u00fcttl\u00e9t a terhess\u00e9g l\u00e9trej\u00f6tte szempontj\u00e1b\u00f3l.<\/p>\n<figure id=\"attachment_1637\" aria-describedby=\"caption-attachment-1637\" style=\"width: 665px\" class=\"wp-caption aligncenter\"><img loading=\"lazy\" decoding=\"async\" class=\"wp-image-1637\" src=\"https:\/\/semmelweis.hu\/asszisztaltreprodukcio\/files\/2020\/04\/5.-stim-eliui-400x270.jpg\" alt=\"\" width=\"665\" height=\"449\" srcset=\"https:\/\/semmelweis.hu\/asszisztaltreprodukcio\/files\/2020\/04\/5.-stim-eliui-400x270.jpg 400w, https:\/\/semmelweis.hu\/asszisztaltreprodukcio\/files\/2020\/04\/5.-stim-eliui-1024x690.jpg 1024w, https:\/\/semmelweis.hu\/asszisztaltreprodukcio\/files\/2020\/04\/5.-stim-eliui-768x518.jpg 768w, https:\/\/semmelweis.hu\/asszisztaltreprodukcio\/files\/2020\/04\/5.-stim-eliui-445x300.jpg 445w, https:\/\/semmelweis.hu\/asszisztaltreprodukcio\/files\/2020\/04\/5.-stim-eliui-753x508.jpg 753w, https:\/\/semmelweis.hu\/asszisztaltreprodukcio\/files\/2020\/04\/5.-stim-eliui.jpg 1320w\" sizes=\"auto, (max-width: 665px) 100vw, 665px\" \/><figcaption id=\"caption-attachment-1637\" class=\"wp-caption-text\">Termin\u00e1lt egy\u00fcttl\u00e9t kezel\u00e9s protokollja<span style=\"font-size: 8pt\"> Prof J. Herrero (Barcelona, Spanyolorsz\u00e1g) enged\u00e9ly\u00e9vel<\/span><\/figcaption><\/figure>\n","protected":false},"excerpt":{"rendered":"<p>Termin\u00e1lt egy\u00fcttl\u00e9t Azon betegeink r\u00e9szes\u00fclnek ebben a kezel\u00e9sben, akikn\u00e9l enyhe hormon\u00e1lis elt\u00e9r\u00e9st, a t\u00fcsz\u0151n\u00f6veked\u00e9s illetve az ovul\u00e1ci\u00f3 zavar\u00e1t, vagy ismeretlen eredet\u0171 medd\u0151s\u00e9get igazolunk a kivizsg\u00e1l\u00e1s sor\u00e1n. A kezel\u00e9s a menstru\u00e1ci\u00f3s ciklus 3-5. napja k\u00f6z\u00f6tt indul azt k\u00f6vet\u0151en, hogy h\u00fcvelyi ultrahang vizsg\u00e1lattal ellen\u0151rizt\u00fck a petef\u00e9szkek \u00e1llapot\u00e1t. A gy\u00f3gyszeres petef\u00e9szek stimul\u00e1ci\u00f3 c\u00e9lja 2-3 domin\u00e1ns t\u00fcsz\u0151 \u00e9rlel\u00e9se. Az &hellip;<\/p>\n","protected":false},"author":101727,"featured_media":0,"parent":593,"menu_order":1,"comment_status":"closed","ping_status":"closed","template":"","meta":{"_acf_changed":false,"footnotes":""},"categories":[],"tags":[],"class_list":["post-707","page","type-page","status-publish","hentry"],"acf":[],"_links":{"self":[{"href":"https:\/\/semmelweis.hu\/asszisztaltreprodukcio\/wp-json\/wp\/v2\/pages\/707","targetHints":{"allow":["GET"]}}],"collection":[{"href":"https:\/\/semmelweis.hu\/asszisztaltreprodukcio\/wp-json\/wp\/v2\/pages"}],"about":[{"href":"https:\/\/semmelweis.hu\/asszisztaltreprodukcio\/wp-json\/wp\/v2\/types\/page"}],"author":[{"embeddable":true,"href":"https:\/\/semmelweis.hu\/asszisztaltreprodukcio\/wp-json\/wp\/v2\/users\/101727"}],"replies":[{"embeddable":true,"href":"https:\/\/semmelweis.hu\/asszisztaltreprodukcio\/wp-json\/wp\/v2\/comments?post=707"}],"version-history":[{"count":10,"href":"https:\/\/semmelweis.hu\/asszisztaltreprodukcio\/wp-json\/wp\/v2\/pages\/707\/revisions"}],"predecessor-version":[{"id":1639,"href":"https:\/\/semmelweis.hu\/asszisztaltreprodukcio\/wp-json\/wp\/v2\/pages\/707\/revisions\/1639"}],"up":[{"embeddable":true,"href":"https:\/\/semmelweis.hu\/asszisztaltreprodukcio\/wp-json\/wp\/v2\/pages\/593"}],"wp:attachment":[{"href":"https:\/\/semmelweis.hu\/asszisztaltreprodukcio\/wp-json\/wp\/v2\/media?parent=707"}],"wp:term":[{"taxonomy":"category","embeddable":true,"href":"https:\/\/semmelweis.hu\/asszisztaltreprodukcio\/wp-json\/wp\/v2\/categories?post=707"},{"taxonomy":"post_tag","embeddable":true,"href":"https:\/\/semmelweis.hu\/asszisztaltreprodukcio\/wp-json\/wp\/v2\/tags?post=707"}],"curies":[{"name":"wp","href":"https:\/\/api.w.org\/{rel}","templated":true}]}}

Terminált együttlét

<h3>Terminált együttlét</h3>
<p style="text-align: justify">Azon betegeink részesülnek ebben a kezelésben, akiknél enyhe hormonális eltérést, a tüszőnövekedés illetve az ovuláció zavarát, vagy ismeretlen eredetű meddőséget igazolunk a kivizsgálás során.</p>
<p style="text-align: justify">A kezelés a menstruációs ciklus 3-5. napja között indul azt követően, hogy hüvelyi ultrahang vizsgálattal ellenőriztük a petefészkek állapotát. A gyógyszeres petefészek stimuláció célja 2-3 domináns tüsző érlelése. Az 5 napos tablettaszedést követően kontrollvizsgálatra várjuk betegeinket, mely vérvételt és/vagy újabb hüvelyi  ultrahang vizsgálatot, úgynevezett follikulometriát jelent. Ezzel a vizsgálattal ellenőrizzük a petefészkeknek a stimulációra adott reakcióját. Kedvező tüszőnövekedés esetén injekció adásával segítjük elő a tüszők megrepedését, az ovulációt és tájékoztatjuk betegeinket arról, hogy mely napokon a legoptimálisabb a házastársi együttlét a terhesség létrejötte szempontjából.</p>
<figure id="attachment_1637" aria-describedby="caption-attachment-1637" style="width: 665px" class="wp-caption aligncenter"><img loading="lazy" decoding="async" class="wp-image-1637" src="https://semmelweis.hu/asszisztaltreprodukcio/files/2020/04/5.-stim-eliui-400x270.jpg" alt="" width="665" height="449" srcset="https://semmelweis.hu/asszisztaltreprodukcio/files/2020/04/5.-stim-eliui-400x270.jpg 400w, https://semmelweis.hu/asszisztaltreprodukcio/files/2020/04/5.-stim-eliui-1024x690.jpg 1024w, https://semmelweis.hu/asszisztaltreprodukcio/files/2020/04/5.-stim-eliui-768x518.jpg 768w, https://semmelweis.hu/asszisztaltreprodukcio/files/2020/04/5.-stim-eliui-445x300.jpg 445w, https://semmelweis.hu/asszisztaltreprodukcio/files/2020/04/5.-stim-eliui-753x508.jpg 753w, https://semmelweis.hu/asszisztaltreprodukcio/files/2020/04/5.-stim-eliui.jpg 1320w" sizes="auto, (max-width: 665px) 100vw, 665px" /><figcaption id="caption-attachment-1637" class="wp-caption-text">Terminált együttlét kezelés protokollja<span style="font-size: 8pt"> Prof J. Herrero (Barcelona, Spanyolország) engedélyével</span></figcaption></figure>

<p>Terminált együttlét Azon betegeink részesülnek ebben a kezelésben, akiknél enyhe hormonális eltérést, a tüszőnövekedés illetve az ovuláció zavarát, vagy ismeretlen eredetű meddőséget igazolunk a kivizsgálás során. A kezelés a menstruációs ciklus 3-5. napja között indul azt követően, hogy hüvelyi ultrahang vizsgálattal ellenőriztük a petefészkek állapotát. A gyógyszeres petefészek stimuláció célja 2-3 domináns tüsző érlelése. Az &hellip;</p>
