{"id":651,"date":"2020-03-22T12:10:08","date_gmt":"2020-03-22T11:10:08","guid":{"rendered":"http:\/\/semmelweis.hu\/asszisztaltreprodukcio\/?page_id=651"},"modified":"2020-04-03T12:25:47","modified_gmt":"2020-04-03T10:25:47","slug":"video","status":"publish","type":"page","link":"https:\/\/semmelweis.hu\/asszisztaltreprodukcio\/oktatas\/egyetemi-oktatas\/video\/","title":{"rendered":"Oktat\u00f3 vide\u00f3ink"},"content":{"rendered":"<p>2020-ban az Assziszt\u00e1lt Reprodukci\u00f3s Oszt\u00e1ly \u00e1ltal k\u00e9sz\u00edtett oktat\u00f3vide\u00f3 az V. \u00e9ves orvostanhallgat\u00f3k gyakorlati oktat\u00e1s\u00e1hoz:<\/p>\n\n<!-- iframe plugin v.4.9 wordpress.org\/plugins\/iframe\/ -->\n<iframe loading=\"lazy\" src=\"\/\/www.youtube.com\/embed\/LODDIaGJ00M\" width=\"560\" height=\"315\" scrolling=\"yes\" class=\"iframe-class\" frameborder=\"0\"><\/iframe>\n\n<p style=\"text-align: justify\">2006-ban az Assziszt\u00e1lt Reprodukci\u00f3s Oszt\u00e1lyon k\u00e9sz\u00fclt\u00a0 oktat\u00f3film, mely a Prof. Dr. Papp Zolt\u00e1n szerkeszt\u00e9s\u00e9ben megjelent &#8222;A sz\u00fcl\u00e9szet-n\u0151gy\u00f3gy\u00e1szat tank\u00f6nyve&#8221; c. k\u00f6nyv DVD mell\u00e9klet\u00e9ben szerepel.<\/p>\n\n<!-- iframe plugin v.4.9 wordpress.org\/plugins\/iframe\/ -->\n<iframe loading=\"lazy\" src=\"\/\/www.youtube.com\/embed\/uj6fZJzLG1Y\" width=\"560\" height=\"315\" scrolling=\"yes\" class=\"iframe-class\" frameborder=\"0\"><\/iframe>\n\n","protected":false},"excerpt":{"rendered":"<p>2020-ban az Assziszt\u00e1lt Reprodukci\u00f3s Oszt\u00e1ly \u00e1ltal k\u00e9sz\u00edtett oktat\u00f3vide\u00f3 az V. \u00e9ves orvostanhallgat\u00f3k gyakorlati oktat\u00e1s\u00e1hoz:<\/p>\n<p>2006-ban az Assziszt\u00e1lt Reprodukci\u00f3s Oszt\u00e1lyon k\u00e9sz\u00fclt\u00a0 oktat\u00f3film, mely a Prof. Dr. Papp Zolt\u00e1n szerkeszt\u00e9s\u00e9ben megjelent &#8222;A sz\u00fcl\u00e9szet-n\u0151gy\u00f3gy\u00e1szat tank\u00f6nyve&#8221; c. k\u00f6nyv DVD mell\u00e9klet\u00e9ben szerepel.<\/p>\n","protected":false},"author":101727,"featured_media":0,"parent":1068,"menu_order":3,"comment_status":"closed","ping_status":"closed","template":"","meta":{"_acf_changed":false,"footnotes":""},"categories":[],"tags":[],"class_list":["post-651","page","type-page","status-publish","hentry"],"acf":[],"_links":{"self":[{"href":"https:\/\/semmelweis.hu\/asszisztaltreprodukcio\/wp-json\/wp\/v2\/pages\/651","targetHints":{"allow":["GET"]}}],"collection":[{"href":"https:\/\/semmelweis.hu\/asszisztaltreprodukcio\/wp-json\/wp\/v2\/pages"}],"about":[{"href":"https:\/\/semmelweis.hu\/asszisztaltreprodukcio\/wp-json\/wp\/v2\/types\/page"}],"author":[{"embeddable":true,"href":"https:\/\/semmelweis.hu\/asszisztaltreprodukcio\/wp-json\/wp\/v2\/users\/101727"}],"replies":[{"embeddable":true,"href":"https:\/\/semmelweis.hu\/asszisztaltreprodukcio\/wp-json\/wp\/v2\/comments?post=651"}],"version-history":[{"count":10,"href":"https:\/\/semmelweis.hu\/asszisztaltreprodukcio\/wp-json\/wp\/v2\/pages\/651\/revisions"}],"predecessor-version":[{"id":1194,"href":"https:\/\/semmelweis.hu\/asszisztaltreprodukcio\/wp-json\/wp\/v2\/pages\/651\/revisions\/1194"}],"up":[{"embeddable":true,"href":"https:\/\/semmelweis.hu\/asszisztaltreprodukcio\/wp-json\/wp\/v2\/pages\/1068"}],"wp:attachment":[{"href":"https:\/\/semmelweis.hu\/asszisztaltreprodukcio\/wp-json\/wp\/v2\/media?parent=651"}],"wp:term":[{"taxonomy":"category","embeddable":true,"href":"https:\/\/semmelweis.hu\/asszisztaltreprodukcio\/wp-json\/wp\/v2\/categories?post=651"},{"taxonomy":"post_tag","embeddable":true,"href":"https:\/\/semmelweis.hu\/asszisztaltreprodukcio\/wp-json\/wp\/v2\/tags?post=651"}],"curies":[{"name":"wp","href":"https:\/\/api.w.org\/{rel}","templated":true}]}}