{"id":604,"date":"2020-03-21T13:17:26","date_gmt":"2020-03-21T12:17:26","guid":{"rendered":"http:\/\/semmelweis.hu\/asszisztaltreprodukcio\/?page_id=604"},"modified":"2020-04-14T14:13:47","modified_gmt":"2020-04-14T12:13:47","slug":"monografiak-tudomanyos-ertekezesek","status":"publish","type":"page","link":"https:\/\/semmelweis.hu\/asszisztaltreprodukcio\/kutatas\/monografiak-tudomanyos-ertekezesek\/","title":{"rendered":"Monogr\u00e1fi\u00e1ink"},"content":{"rendered":"<div>\u00a0<\/div>\n<h4><img loading=\"lazy\" decoding=\"async\" class=\"wp-image-880 alignleft\" src=\"https:\/\/semmelweis.hu\/asszisztaltreprodukcio\/files\/2020\/03\/asztreprodk\u00f6nyv-264x400.jpg\" alt=\"\" width=\"149\" height=\"226\" srcset=\"https:\/\/semmelweis.hu\/asszisztaltreprodukcio\/files\/2020\/03\/asztreprodk\u00f6nyv-264x400.jpg 264w, https:\/\/semmelweis.hu\/asszisztaltreprodukcio\/files\/2020\/03\/asztreprodk\u00f6nyv-198x300.jpg 198w, https:\/\/semmelweis.hu\/asszisztaltreprodukcio\/files\/2020\/03\/asztreprodk\u00f6nyv.jpg 330w\" sizes=\"auto, (max-width: 149px) 100vw, 149px\" \/>Urbancsek J. &#8211;\u00a0 Rabe T. :\u00a0 Assziszt\u00e1lt reprodukci\u00f3 &#8211; Az in vitro fertiliz\u00e1ci\u00f3 elm\u00e9lete \u00e9s gyakorlata<\/h4>\n<hr \/>\n<h4><img loading=\"lazy\" decoding=\"async\" class=\" wp-image-1122 alignleft\" src=\"https:\/\/semmelweis.hu\/asszisztaltreprodukcio\/files\/2020\/04\/endokrink\u00f6nyv-280x400.jpg\" alt=\"\" width=\"151\" height=\"216\" srcset=\"https:\/\/semmelweis.hu\/asszisztaltreprodukcio\/files\/2020\/04\/endokrink\u00f6nyv-280x400.jpg 280w, https:\/\/semmelweis.hu\/asszisztaltreprodukcio\/files\/2020\/04\/endokrink\u00f6nyv-210x300.jpg 210w, https:\/\/semmelweis.hu\/asszisztaltreprodukcio\/files\/2020\/04\/endokrink\u00f6nyv.jpg 647w\" sizes=\"auto, (max-width: 151px) 100vw, 151px\" \/><a href=\"https:\/\/semmelweis.hu\/asszisztaltreprodukcio\/files\/2020\/04\/BOOK.pdf\">Urbancsek J. &#8211; Papp Z. (szerk.): N\u0151gy\u00f3gy\u00e1szati endokrionol\u00f3gia<\/a><\/h4>\n<hr \/>\n<h6>\u00a0<\/h6>\n<div>\u00a0<\/div>\n","protected":false},"excerpt":{"rendered":"<p>\u00a0<br \/>\nUrbancsek J. &#8211;\u00a0 Rabe T. :\u00a0 Assziszt\u00e1lt reprodukci\u00f3 &#8211; Az in vitro fertiliz\u00e1ci\u00f3 elm\u00e9lete \u00e9s gyakorlata<\/p>\n<p><a href=\"https:\/\/semmelweis.hu\/asszisztaltreprodukcio\/files\/2020\/04\/BOOK.pdf\">Urbancsek J. &#8211; Papp Z. (szerk.): N\u0151gy\u00f3gy\u00e1szati endokrionol\u00f3gia<\/a><\/p>\n<p>\u00a0<br \/>\n\u00a0<\/p>\n","protected":false},"author":101727,"featured_media":0,"parent":811,"menu_order":1,"comment_status":"closed","ping_status":"closed","template":"template-fullwidth.php","meta":{"_acf_changed":false,"footnotes":""},"categories":[],"tags":[],"class_list":["post-604","page","type-page","status-publish","hentry"],"acf":[],"_links":{"self":[{"href":"https:\/\/semmelweis.hu\/asszisztaltreprodukcio\/wp-json\/wp\/v2\/pages\/604","targetHints":{"allow":["GET"]}}],"collection":[{"href":"https:\/\/semmelweis.hu\/asszisztaltreprodukcio\/wp-json\/wp\/v2\/pages"}],"about":[{"href":"https:\/\/semmelweis.hu\/asszisztaltreprodukcio\/wp-json\/wp\/v2\/types\/page"}],"author":[{"embeddable":true,"href":"https:\/\/semmelweis.hu\/asszisztaltreprodukcio\/wp-json\/wp\/v2\/users\/101727"}],"replies":[{"embeddable":true,"href":"https:\/\/semmelweis.hu\/asszisztaltreprodukcio\/wp-json\/wp\/v2\/comments?post=604"}],"version-history":[{"count":10,"href":"https:\/\/semmelweis.hu\/asszisztaltreprodukcio\/wp-json\/wp\/v2\/pages\/604\/revisions"}],"predecessor-version":[{"id":1500,"href":"https:\/\/semmelweis.hu\/asszisztaltreprodukcio\/wp-json\/wp\/v2\/pages\/604\/revisions\/1500"}],"up":[{"embeddable":true,"href":"https:\/\/semmelweis.hu\/asszisztaltreprodukcio\/wp-json\/wp\/v2\/pages\/811"}],"wp:attachment":[{"href":"https:\/\/semmelweis.hu\/asszisztaltreprodukcio\/wp-json\/wp\/v2\/media?parent=604"}],"wp:term":[{"taxonomy":"category","embeddable":true,"href":"https:\/\/semmelweis.hu\/asszisztaltreprodukcio\/wp-json\/wp\/v2\/categories?post=604"},{"taxonomy":"post_tag","embeddable":true,"href":"https:\/\/semmelweis.hu\/asszisztaltreprodukcio\/wp-json\/wp\/v2\/tags?post=604"}],"curies":[{"name":"wp","href":"https:\/\/api.w.org\/{rel}","templated":true}]}}