{"id":2321,"date":"2022-12-14T08:41:24","date_gmt":"2022-12-14T07:41:24","guid":{"rendered":"https:\/\/semmelweis.hu\/asszisztaltreprodukcio\/?page_id=2321"},"modified":"2022-12-20T11:45:40","modified_gmt":"2022-12-20T10:45:40","slug":"aro-koltozes","status":"publish","type":"page","link":"https:\/\/semmelweis.hu\/asszisztaltreprodukcio\/aro-koltozes\/","title":{"rendered":"ARO \u00e1tmeneti k\u00f6lt\u00f6z\u00e9s"},"content":{"rendered":"<p style=\"text-align: justify\">Kedves Betegeink!<\/p>\n<p style=\"text-align: justify\">Mint ahogy Egyetem\u00fcnk<a href=\"https:\/\/semmelweis.hu\/hirek\/2022\/11\/24\/atmenetileg-uj-helyszinre-koltozik-a-semmelweis-egyetem-nehany-klinikai-reszlege\/\"> al\u00e1bbi h\u00edrad\u00e1s\u00e1b\u00f3l kider\u00fcl<\/a>, Oszt\u00e1lyunk, az Assziszt\u00e1lt Reprodukci\u00f3s Oszt\u00e1ly (ARO) a f\u0171t\u00e9si id\u0151szak alatt, 2023. m\u00e1rcius 31-ig \u00e1tmenetileg az Egyetem Sz\u00fcl\u00e9szeti \u00e9s N\u0151gy\u00f3gy\u00e1szati Klinika \u00dcll\u0151i \u00fati r\u00e9szleg\u00e9ben (C\u00edm: 1082 Budapest, \u00dcll\u0151i \u00fat 78\/B <em>(Bej\u00e1rat az \u00dcll\u0151i \u00fat fel\u0151l, az al\u00e1bbi \u00e1br\u00e1n piros pontokkal jel\u00f6lve!))<\/em>\u00a0m\u0171k\u00f6d\u0151 Assziszt\u00e1lt Reprodukci\u00f3s Centrum (ARC) ter\u00fclet\u00e9n v\u00e9gzi betegell\u00e1t\u00f3 munk\u00e1j\u00e1t.<\/p>\n<p style=\"text-align: justify\"><img loading=\"lazy\" decoding=\"async\" class=\"aligncenter\" src=\"https:\/\/semmelweis.hu\/asszisztaltreprodukcio\/files\/2022\/12\/ARC-helyszin.jpg\" alt=\"\" width=\"698\" height=\"449\" \/><\/p>\n<p style=\"text-align: justify\">Ezen id\u0151szak alatt oszt\u00e1lyunk az \u00e1tmeneti helysz\u00ednen v\u00e1ltozatlan szem\u00e9lyi \u00e1llom\u00e1nnyal, m\u0171k\u00f6d\u00e9si renddel \u00e9s kezel\u00e9si elvekkel l\u00e1tja el kor\u00e1bbi \u00e9s \u00fajonnan hozz\u00e1nk fordul\u00f3 betegeinket egyar\u00e1nt.<\/p>\n<p style=\"text-align: justify\"><strong>Betegeinket tov\u00e1bbra is id\u0151pont egyeztet\u00e9se ut\u00e1n fogadjuk.<\/strong><\/p>\n<p style=\"text-align: justify\">Id\u0151pontot v\u00e1ltozatlanul a<\/p>\n<p style=\"text-align: justify\"><span style=\"color: #ff0000\">06-1-2660473<\/span>-as vonalas telefonsz\u00e1m <span style=\"color: #ff0000\">54234<\/span>-es mell\u00e9k\u00e9n<\/p>\n<p style=\"text-align: justify\">vagy a<\/p>\n<p style=\"text-align: justify\"><span style=\"color: #ff0000\">06-20-8254234<\/span>-es mobiltelefon sz\u00e1mon kereszt\u00fcl<\/p>\n<p style=\"text-align: justify\"><span style=\"color: #ff0000\"><em>kiz\u00e1r\u00f3lag <\/em>d\u00e9lut\u00e1n 13.00 \u00e9s 15.00 \u00f3ra k\u00f6z\u00f6tt<\/span> tudunk adni <span style=\"color: #ff0000\">h\u00e9tf\u0151n, kedden, szerd\u00e1n \u00e9s cs\u00fct\u00f6rt\u00f6k\u00f6n<\/span>.<\/p>\n<p style=\"text-align: justify\">Amikor \u00d6n\u00f6k az el\u0151re megbesz\u00e9lt id\u0151pontban jelentkeznek az oszt\u00e1lyunknak \u00e1tmenetileg helyet ad\u00f3 Assziszt\u00e1lt Reprodukci\u00f3s Centrum <em>(ARC)<\/em> recepci\u00f3j\u00e1n,<strong> mindenk\u00e9ppen jelezz\u00e9k, hogy \u00d6n\u00f6k a Baross utcai Assziszt\u00e1lt Reprodukci\u00f3s Oszt\u00e1ly <em>(ARO)<\/em> betegei,<\/strong> vagy k\u00f6zvetlen\u00fcl, a recepci\u00f3n szint\u00e9n helyet foglal\u00f3, \u00d6n\u00f6k \u00e1ltal m\u00e1r j\u00f3l ismert P\u00e1l Istv\u00e1nn\u00e9 (Kati) oszt\u00e1lyvezet\u0151 f\u0151n\u0151v\u00e9r\u00fcnket vagy Lengyel Anna sz\u00fcl\u00e9szn\u0151 munkat\u00e1rsunkat sz\u00f3l\u00edts\u00e1k meg, \u0151k fogj\u00e1k \u00d6n\u00f6ket felvenni \u00e9s eligaz\u00edtani.<\/p>\n<p style=\"text-align: justify\">Az \u00e1tmenti helysz\u00ednen val\u00f3 t\u00e1j\u00e9koz\u00f3d\u00e1suk megk\u00f6nny\u00edt\u00e9se \u00e9rdek\u00e9ben, azon helyis\u00e9gek ajtaj\u00e1ra, melyekben az ARO munkat\u00e1rsai dolgoznak \u00e9s v\u00e1rj\u00e1k \u00d6n\u00f6ket, oszt\u00e1lyunk log\u00f3j\u00e1t helyezz\u00fck el, az adott helyis\u00e9gben dolgoz\u00f3 koll\u00e9g\u00e1ink nev\u00e9nek felt\u00fcntet\u00e9s\u00e9vel.<\/p>\n<p style=\"text-align: justify\"><img decoding=\"async\" src=\"https:\/\/semmelweis.hu\/asszisztaltreprodukcio\/files\/2020\/04\/hossz\u00fak\u00e9p-scaled.jpg\" alt=\"\" \/><\/p>\n<p style=\"text-align: justify\">Tisztelettel k\u00e9rj\u00fck sz\u00edves meg\u00e9rt\u00e9s\u00fcket \u00e9s egy\u00fcttm\u0171k\u00f6d\u00e9s\u00fcket, hogy ebben, a sz\u00e1munkra is szokatlan helyzetben is z\u00f6kken\u0151mentesen tudjuk biztos\u00edtani az \u00d6n\u00f6k ell\u00e1t\u00e1s\u00e1t.<\/p>\n<p>&nbsp;<\/p>\n<p style=\"text-align: justify\">Budapest, 2022. december<\/p>\n<p>&nbsp;<\/p>\n<p>&nbsp;<\/p>\n<p style=\"text-align: justify\">Prof. Dr. Urbancsek J\u00e1nos<br \/>\negyetemi tan\u00e1r, oszt\u00e1lyvezet\u0151<\/p>\n","protected":false},"excerpt":{"rendered":"<p>Kedves Betegeink! Mint ahogy Egyetem\u00fcnk <a href=\"https:\/\/semmelweis.hu\/hirek\/2022\/11\/24\/atmenetileg-uj-helyszinre-koltozik-a-semmelweis-egyetem-nehany-klinikai-reszlege\/\"> al\u00e1bbi h\u00edrad\u00e1s\u00e1b\u00f3l kider\u00fcl<\/a> , Oszt\u00e1lyunk, az Assziszt\u00e1lt Reprodukci\u00f3s Oszt\u00e1ly (ARO) a f\u0171t\u00e9si id\u0151szak alatt, 2023. m\u00e1rcius 31-ig \u00e1tmenetileg az Egyetem Sz\u00fcl\u00e9szeti \u00e9s N\u0151gy\u00f3gy\u00e1szati Klinika \u00dcll\u0151i \u00fati r\u00e9szleg\u00e9ben (C\u00edm: 1082 Budapest, \u00dcll\u0151i \u00fat 78\/B (Bej\u00e1rat az \u00dcll\u0151i \u00fat fel\u0151l, az al\u00e1bbi \u00e1br\u00e1n piros pontokkal jel\u00f6lve!))\u00a0m\u0171k\u00f6d\u0151 Assziszt\u00e1lt Reprodukci\u00f3s Centrum (ARC) ter\u00fclet\u00e9n v\u00e9gzi betegell\u00e1t\u00f3 munk\u00e1j\u00e1t. Ezen &hellip;<\/p>\n","protected":false},"author":101727,"featured_media":2345,"parent":0,"menu_order":0,"comment_status":"closed","ping_status":"closed","template":"","meta":{"_acf_changed":false,"footnotes":""},"categories":[16],"tags":[],"class_list":["post-2321","page","type-page","status-publish","has-post-thumbnail","hentry","category-hirek-kozlemenyek"],"acf":[],"_links":{"self":[{"href":"https:\/\/semmelweis.hu\/asszisztaltreprodukcio\/wp-json\/wp\/v2\/pages\/2321","targetHints":{"allow":["GET"]}}],"collection":[{"href":"https:\/\/semmelweis.hu\/asszisztaltreprodukcio\/wp-json\/wp\/v2\/pages"}],"about":[{"href":"https:\/\/semmelweis.hu\/asszisztaltreprodukcio\/wp-json\/wp\/v2\/types\/page"}],"author":[{"embeddable":true,"href":"https:\/\/semmelweis.hu\/asszisztaltreprodukcio\/wp-json\/wp\/v2\/users\/101727"}],"replies":[{"embeddable":true,"href":"https:\/\/semmelweis.hu\/asszisztaltreprodukcio\/wp-json\/wp\/v2\/comments?post=2321"}],"version-history":[{"count":10,"href":"https:\/\/semmelweis.hu\/asszisztaltreprodukcio\/wp-json\/wp\/v2\/pages\/2321\/revisions"}],"predecessor-version":[{"id":2339,"href":"https:\/\/semmelweis.hu\/asszisztaltreprodukcio\/wp-json\/wp\/v2\/pages\/2321\/revisions\/2339"}],"wp:featuredmedia":[{"embeddable":true,"href":"https:\/\/semmelweis.hu\/asszisztaltreprodukcio\/wp-json\/wp\/v2\/media\/2345"}],"wp:attachment":[{"href":"https:\/\/semmelweis.hu\/asszisztaltreprodukcio\/wp-json\/wp\/v2\/media?parent=2321"}],"wp:term":[{"taxonomy":"category","embeddable":true,"href":"https:\/\/semmelweis.hu\/asszisztaltreprodukcio\/wp-json\/wp\/v2\/categories?post=2321"},{"taxonomy":"post_tag","embeddable":true,"href":"https:\/\/semmelweis.hu\/asszisztaltreprodukcio\/wp-json\/wp\/v2\/tags?post=2321"}],"curies":[{"name":"wp","href":"https:\/\/api.w.org\/{rel}","templated":true}]}}

ARO átmeneti költözés

<p style="text-align: justify">Kedves Betegeink!</p>
<p style="text-align: justify">Mint ahogy Egyetemünk<a href="https://semmelweis.hu/hirek/2022/11/24/atmenetileg-uj-helyszinre-koltozik-a-semmelweis-egyetem-nehany-klinikai-reszlege/"> alábbi híradásából kiderül</a>, Osztályunk, az Asszisztált Reprodukciós Osztály (ARO) a fűtési időszak alatt, 2023. március 31-ig átmenetileg az Egyetem Szülészeti és Nőgyógyászati Klinika Üllői úti részlegében (Cím: 1082 Budapest, Üllői út 78/B <em>(Bejárat az Üllői út felől, az alábbi ábrán piros pontokkal jelölve!))</em> működő Asszisztált Reprodukciós Centrum (ARC) területén végzi betegellátó munkáját.</p>
<p style="text-align: justify"><img loading="lazy" decoding="async" class="aligncenter" src="https://semmelweis.hu/asszisztaltreprodukcio/files/2022/12/ARC-helyszin.jpg" alt="" width="698" height="449" /></p>
<p style="text-align: justify">Ezen időszak alatt osztályunk az átmeneti helyszínen változatlan személyi állománnyal, működési renddel és kezelési elvekkel látja el korábbi és újonnan hozzánk forduló betegeinket egyaránt.</p>
<p style="text-align: justify"><strong>Betegeinket továbbra is időpont egyeztetése után fogadjuk.</strong></p>
<p style="text-align: justify">Időpontot változatlanul a</p>
<p style="text-align: justify"><span style="color: #ff0000">06-1-2660473</span>-as vonalas telefonszám <span style="color: #ff0000">54234</span>-es mellékén</p>
<p style="text-align: justify">vagy a</p>
<p style="text-align: justify"><span style="color: #ff0000">06-20-8254234</span>-es mobiltelefon számon keresztül</p>
<p style="text-align: justify"><span style="color: #ff0000"><em>kizárólag </em>délután 13.00 és 15.00 óra között</span> tudunk adni <span style="color: #ff0000">hétfőn, kedden, szerdán és csütörtökön</span>.</p>
<p style="text-align: justify">Amikor Önök az előre megbeszélt időpontban jelentkeznek az osztályunknak átmenetileg helyet adó Asszisztált Reprodukciós Centrum <em>(ARC)</em> recepcióján,<strong> mindenképpen jelezzék, hogy Önök a Baross utcai Asszisztált Reprodukciós Osztály <em>(ARO)</em> betegei,</strong> vagy közvetlenül, a recepción szintén helyet foglaló, Önök által már jól ismert Pál Istvánné (Kati) osztályvezető főnővérünket vagy Lengyel Anna szülésznő munkatársunkat szólítsák meg, ők fogják Önöket felvenni és eligazítani.</p>
<p style="text-align: justify">Az átmenti helyszínen való tájékozódásuk megkönnyítése érdekében, azon helyiségek ajtajára, melyekben az ARO munkatársai dolgoznak és várják Önöket, osztályunk logóját helyezzük el, az adott helyiségben dolgozó kollégáink nevének feltüntetésével.</p>
<p style="text-align: justify"><img decoding="async" src="https://semmelweis.hu/asszisztaltreprodukcio/files/2020/04/hosszúkép-scaled.jpg" alt="" /></p>
<p style="text-align: justify">Tisztelettel kérjük szíves megértésüket és együttműködésüket, hogy ebben, a számunkra is szokatlan helyzetben is zökkenőmentesen tudjuk biztosítani az Önök ellátását.</p>
<p>&nbsp;</p>
<p style="text-align: justify">Budapest, 2022. december</p>
<p>&nbsp;</p>
<p>&nbsp;</p>
<p style="text-align: justify">Prof. Dr. Urbancsek János<br />
egyetemi tanár, osztályvezető</p>

<p>Kedves Betegeink! Mint ahogy Egyetemünk <a href="https://semmelweis.hu/hirek/2022/11/24/atmenetileg-uj-helyszinre-koltozik-a-semmelweis-egyetem-nehany-klinikai-reszlege/"> alábbi híradásából kiderül</a> , Osztályunk, az Asszisztált Reprodukciós Osztály (ARO) a fűtési időszak alatt, 2023. március 31-ig átmenetileg az Egyetem Szülészeti és Nőgyógyászati Klinika Üllői úti részlegében (Cím: 1082 Budapest, Üllői út 78/B (Bejárat az Üllői út felől, az alábbi ábrán piros pontokkal jelölve!)) működő Asszisztált Reprodukciós Centrum (ARC) területén végzi betegellátó munkáját. Ezen &hellip;</p>
