{"id":1992,"date":"2020-05-08T09:28:21","date_gmt":"2020-05-08T07:28:21","guid":{"rendered":"https:\/\/semmelweis.hu\/asszisztaltreprodukcio\/?page_id=1992"},"modified":"2020-05-08T09:28:48","modified_gmt":"2020-05-08T07:28:48","slug":"1994-international-federation-of-fertility-societies-workshop","status":"publish","type":"page","link":"https:\/\/semmelweis.hu\/asszisztaltreprodukcio\/osztaly\/kongresszusaink\/1994-international-federation-of-fertility-societies-workshop\/","title":{"rendered":"1994 &#8211; International Federation of Fertility Societies Workshop"},"content":{"rendered":"<h4>Program<\/h4>\n<table style=\"border-collapse: collapse;width: 100%;height: 48px\">\n<tbody>\n<tr style=\"height: 24px\">\n<td style=\"width: 39.9117%;height: 24px;text-align: left\">\n<p>Prof. Dr. Papp Zolt\u00e1n<\/p>\n<p><em>A Magyar Assziszt\u00e1lt Reprodukci\u00f3s T\u00e1rsas\u00e1g Eln\u00f6ke<\/em><\/p>\n<\/td>\n<td style=\"width: 60.0883%;height: 24px\">Megnyit\u00f3<\/td>\n<\/tr>\n<tr style=\"height: 24px\">\n<td style=\"width: 39.9117%;height: 24px;text-align: left\">\n<p>Prof .Dr. Jean Cohen<\/p>\n<p><em>President of the International Federation of Fertility Societies\u00a0<\/em><\/p>\n<\/td>\n<td style=\"width: 60.0883%;height: 24px\">Indtoduction<\/td>\n<\/tr>\n<tr>\n<td style=\"width: 39.9117%;text-align: left\">\n<p>Priv. Doz. Dr. Ludwig Kiesel<\/p>\n<p><em>Tubingen, N\u00e9metorsz\u00e1g<\/em><\/p>\n<\/td>\n<td style=\"width: 60.0883%\">The mechanism of GnRH and GnRH-analogue action on pituary cell and the central control of menstrual cycle<\/td>\n<\/tr>\n<tr>\n<td style=\"width: 39.9117%;text-align: left\">\n<p>Prof. Dr. Borsos Antal<\/p>\n<p><em>DOTE, I. sz. Sz\u00fcl\u00e9szeti \u00e9s N\u0151gy\u00f3gy\u00e1szati Klinika<\/em><\/p>\n<\/td>\n<td style=\"width: 60.0883%\">Endometriosis \u00e9s myoma kezel\u00e9se GnRH-anal\u00f3gokkal<\/td>\n<\/tr>\n<tr>\n<td style=\"width: 39.9117%;text-align: left\">\n<p>Dr. Urbancsek J\u00e1nos<\/p>\n<p><em>SOTE, I. sz. Sz\u00fcl\u00e9szeti \u00e9s N\u0151gy\u00f3gy\u00e1szati Klinika<\/em><\/p>\n<\/td>\n<td style=\"width: 60.0883%\">\n<p><em>GnRH \u00e9s GnRH-anal\u00f3gok szerepe az assziszt\u00e1lt reprodukci\u00f3ban<\/em><\/p>\n<\/td>\n<\/tr>\n<tr>\n<td style=\"width: 39.9117%;text-align: left\">\n<p>Prof. Dr. Jean Cohen<\/p>\n<\/td>\n<td style=\"width: 60.0883%\">\n<p>New techniques in assisted reproduction: embryo cryopreservation<\/p>\n<\/td>\n<\/tr>\n<tr>\n<td style=\"width: 39.9117%;text-align: left\">\n<p>Prof. Dr. Anibal Acosta<\/p>\n<p><em>Norfolk, USA<\/em><\/p>\n<\/td>\n<td style=\"width: 60.0883%\">\n<p>The significance of male antisperm antibodies in assisted reproduction<\/p>\n<\/td>\n<\/tr>\n<tr>\n<td style=\"width: 39.9117%;text-align: left\">\n<p>Dr. Jan Vermeiden<\/p>\n<p><em>Amszterdam, Hollandia<\/em><\/p>\n<\/td>\n<td style=\"width: 60.0883%\">\n<p>The prognostic value of acrosine on the fertilisation potential of spermatozoa<\/p>\n<\/td>\n<\/tr>\n<tr>\n<td style=\"width: 39.9117%;text-align: left\">\n<p>Univ. Doz. Dr. Peter Kemeter<\/p>\n<p><em>B\u00e9cs, Ausztria<\/em><\/p>\n<\/td>\n<td style=\"width: 60.0883%\">\n<p>Psychological aspects of treatments by assisted reproductive technologies<\/p>\n<\/td>\n<\/tr>\n<tr>\n<td style=\"width: 39.9117%;text-align: left\">\n<p>Prof. Dr. Jean Cohen<\/p>\n<\/td>\n<td style=\"width: 60.0883%\">\n<p>\u00a0Closing remark<\/p>\n<\/td>\n<\/tr>\n<\/tbody>\n<\/table>\n","protected":false},"excerpt":{"rendered":"<p>Program Prof. Dr. Papp Zolt\u00e1n A Magyar Assziszt\u00e1lt Reprodukci\u00f3s T\u00e1rsas\u00e1g Eln\u00f6ke Megnyit\u00f3 Prof .Dr. Jean Cohen President of the International Federation of Fertility Societies\u00a0 Indtoduction Priv. Doz. Dr. Ludwig Kiesel Tubingen, N\u00e9metorsz\u00e1g The mechanism of GnRH and GnRH-analogue action on pituary cell and the central control of menstrual cycle Prof. Dr. Borsos Antal DOTE, I. &hellip;<\/p>\n","protected":false},"author":101727,"featured_media":0,"parent":1694,"menu_order":4,"comment_status":"closed","ping_status":"closed","template":"","meta":{"_acf_changed":false,"footnotes":""},"categories":[],"tags":[],"class_list":["post-1992","page","type-page","status-publish","hentry"],"acf":[],"_links":{"self":[{"href":"https:\/\/semmelweis.hu\/asszisztaltreprodukcio\/wp-json\/wp\/v2\/pages\/1992","targetHints":{"allow":["GET"]}}],"collection":[{"href":"https:\/\/semmelweis.hu\/asszisztaltreprodukcio\/wp-json\/wp\/v2\/pages"}],"about":[{"href":"https:\/\/semmelweis.hu\/asszisztaltreprodukcio\/wp-json\/wp\/v2\/types\/page"}],"author":[{"embeddable":true,"href":"https:\/\/semmelweis.hu\/asszisztaltreprodukcio\/wp-json\/wp\/v2\/users\/101727"}],"replies":[{"embeddable":true,"href":"https:\/\/semmelweis.hu\/asszisztaltreprodukcio\/wp-json\/wp\/v2\/comments?post=1992"}],"version-history":[{"count":3,"href":"https:\/\/semmelweis.hu\/asszisztaltreprodukcio\/wp-json\/wp\/v2\/pages\/1992\/revisions"}],"predecessor-version":[{"id":1995,"href":"https:\/\/semmelweis.hu\/asszisztaltreprodukcio\/wp-json\/wp\/v2\/pages\/1992\/revisions\/1995"}],"up":[{"embeddable":true,"href":"https:\/\/semmelweis.hu\/asszisztaltreprodukcio\/wp-json\/wp\/v2\/pages\/1694"}],"wp:attachment":[{"href":"https:\/\/semmelweis.hu\/asszisztaltreprodukcio\/wp-json\/wp\/v2\/media?parent=1992"}],"wp:term":[{"taxonomy":"category","embeddable":true,"href":"https:\/\/semmelweis.hu\/asszisztaltreprodukcio\/wp-json\/wp\/v2\/categories?post=1992"},{"taxonomy":"post_tag","embeddable":true,"href":"https:\/\/semmelweis.hu\/asszisztaltreprodukcio\/wp-json\/wp\/v2\/tags?post=1992"}],"curies":[{"name":"wp","href":"https:\/\/api.w.org\/{rel}","templated":true}]}}