{"id":1871,"date":"2020-05-05T15:53:08","date_gmt":"2020-05-05T13:53:08","guid":{"rendered":"https:\/\/semmelweis.hu\/asszisztaltreprodukcio\/?page_id=1871"},"modified":"2020-05-05T21:04:07","modified_gmt":"2020-05-05T19:04:07","slug":"magatartasi-kodex","status":"publish","type":"page","link":"https:\/\/semmelweis.hu\/asszisztaltreprodukcio\/covid-protokoll\/magatartasi-kodex\/","title":{"rendered":"Magatart\u00e1si k\u00f3dex"},"content":{"rendered":"<h6 style=\"text-align: center\"><span style=\"font-size: 24pt\"><em>Magatart\u00e1si k\u00f3dex assziszt\u00e1lt reprodukci\u00f3s kivizsg\u00e1l\u00e1sban \u00e9s kezel\u00e9sben r\u00e9szes\u00fcl\u0151 betegek r\u00e9sz\u00e9re COVID-19 j\u00e1rv\u00e1ny idej\u00e9n<\/em><\/span><\/h6>\n<p>&nbsp;<\/p>\n<p>&nbsp;<\/p>\n<h6 style=\"text-align: justify\">1. Oszt\u00e1lyunkra val\u00f3 \u00e9rkez\u00e9se el\u0151tt <strong><u>k\u00e9rj\u00fck mosson kezet<\/u><\/strong> az al\u00e1bbi higi\u00e9n\u00e9s szab\u00e1lyok betart\u00e1sa szerint, illetve haszn\u00e1lja az oszt\u00e1lyunkon tal\u00e1lhat\u00f3 k\u00e9zfert\u0151tlen\u00edt\u0151 oldatot!<\/h6>\n\n<!-- iframe plugin v.4.9 wordpress.org\/plugins\/iframe\/ -->\n<iframe loading=\"lazy\" src=\"\/\/www.youtube.com\/embed\/vMmjosDemwg\" width=\"560\" height=\"315\" scrolling=\"yes\" class=\"iframe-class\" frameborder=\"0\"><\/iframe>\n\n<p>&nbsp;<\/p>\n<h6 style=\"text-align: justify\">2. Oszt\u00e1lyunkon a COVID-19 j\u00e1rv\u00e1ny ideje alatt az <strong><u>arcmaszk visel\u00e9se K\u00d6TELEZ\u0150<\/u><\/strong>!<\/h6>\n<p style=\"padding-left: 40px\"><u>Az arcmaszk helyes visel\u00e9s\u00e9nek \u00e9s lev\u00e9tel\u00e9nek alapszab\u00e1lyai:<\/u><\/p>\n<ul>\n<li style=\"list-style-type: none\">\n<ul>\n<li style=\"list-style-type: none\">\n<ul>\n<li>Alapos k\u00e9ztiszt\u00edt\u00e1st k\u00f6vet\u0151en helyezz\u00fck fel a maszkot<\/li>\n<li>A f\u00e9mcs\u00edk a maszk tetej\u00e9n legyen, \u00e9s h\u00e9zagmentesen fedje az arcot<\/li>\n<li>K\u00e9zzel ne \u00e9rjen a maszk el\u00fcls\u0151 r\u00e9sz\u00e9hez visel\u00e9s k\u00f6zben \u00e9s az elt\u00e1vol\u00edt\u00e1s sor\u00e1n sem, mivel az szennyezett lehet!<\/li>\n<li>\u00dcgyeljen r\u00e1, hogy a maszk lev\u00e9telekor ne \u00e9rjen a szem\u00e9hez, az orr\u00e1hoz vagy a sz\u00e1j\u00e1hoz!<\/li>\n<li>Lez\u00e1rt hullad\u00e9kt\u00e1rol\u00f3ba dobja ki a haszn\u00e1lt maszkot!<\/li>\n<li>Elt\u00e1vol\u00edt\u00e1s ut\u00e1n azonnal mosson kezet, vagy haszn\u00e1ljon k\u00e9zfert\u0151tlen\u00edt\u0151t!<\/li>\n<li>Soha ne haszn\u00e1ljon t\u00f6bb alkalommal egyszer haszn\u00e1latos maszkokat!<\/li>\n<\/ul>\n<\/li>\n<\/ul>\n<\/li>\n<\/ul>\n<p><img loading=\"lazy\" decoding=\"async\" class=\"wp-image-1872 aligncenter\" src=\"https:\/\/semmelweis.hu\/asszisztaltreprodukcio\/files\/2020\/05\/maszk-400x194.jpg\" alt=\"\" width=\"542\" height=\"263\" srcset=\"https:\/\/semmelweis.hu\/asszisztaltreprodukcio\/files\/2020\/05\/maszk-400x194.jpg 400w, https:\/\/semmelweis.hu\/asszisztaltreprodukcio\/files\/2020\/05\/maszk.jpg 442w\" sizes=\"auto, (max-width: 542px) 100vw, 542px\" \/><\/p>\n<p>&nbsp;<\/p>\n<h6 style=\"text-align: justify\">3. K\u00e9rj\u00fck figyeljen a <strong><u>megfelel\u0151 t\u00e1vols\u00e1gtart\u00e1sra oszt\u00e1lyunkon!<\/u><\/strong><\/h6>\n<p><img loading=\"lazy\" decoding=\"async\" class=\"wp-image-1873 aligncenter\" src=\"https:\/\/semmelweis.hu\/asszisztaltreprodukcio\/files\/2020\/05\/t\u00e1vols\u00e1g-400x181.jpg\" alt=\"\" width=\"469\" height=\"212\" srcset=\"https:\/\/semmelweis.hu\/asszisztaltreprodukcio\/files\/2020\/05\/t\u00e1vols\u00e1g-400x181.jpg 400w, https:\/\/semmelweis.hu\/asszisztaltreprodukcio\/files\/2020\/05\/t\u00e1vols\u00e1g-580x263.jpg 580w, https:\/\/semmelweis.hu\/asszisztaltreprodukcio\/files\/2020\/05\/t\u00e1vols\u00e1g-753x341.jpg 753w, https:\/\/semmelweis.hu\/asszisztaltreprodukcio\/files\/2020\/05\/t\u00e1vols\u00e1g.jpg 768w\" sizes=\"auto, (max-width: 469px) 100vw, 469px\" \/><\/p>\n<p>&nbsp;<\/p>\n<h6 style=\"text-align: justify\">4. \u00c1ltal\u00e1nos eml\u00e9keztet\u0151 mindennapjainkra!<\/h6>\n<p><img loading=\"lazy\" decoding=\"async\" class=\"wp-image-1874 aligncenter\" src=\"https:\/\/semmelweis.hu\/asszisztaltreprodukcio\/files\/2020\/05\/minden-283x400.jpg\" alt=\"\" width=\"828\" height=\"1170\" srcset=\"https:\/\/semmelweis.hu\/asszisztaltreprodukcio\/files\/2020\/05\/minden-283x400.jpg 283w, https:\/\/semmelweis.hu\/asszisztaltreprodukcio\/files\/2020\/05\/minden-724x1024.jpg 724w, https:\/\/semmelweis.hu\/asszisztaltreprodukcio\/files\/2020\/05\/minden-768x1086.jpg 768w, https:\/\/semmelweis.hu\/asszisztaltreprodukcio\/files\/2020\/05\/minden-212x300.jpg 212w, https:\/\/semmelweis.hu\/asszisztaltreprodukcio\/files\/2020\/05\/minden-753x1065.jpg 753w, https:\/\/semmelweis.hu\/asszisztaltreprodukcio\/files\/2020\/05\/minden.jpg 929w\" sizes=\"auto, (max-width: 828px) 100vw, 828px\" \/><\/p>\n","protected":false},"excerpt":{"rendered":"<p>Magatart\u00e1si k\u00f3dex assziszt\u00e1lt reprodukci\u00f3s kivizsg\u00e1l\u00e1sban \u00e9s kezel\u00e9sben r\u00e9szes\u00fcl\u0151 betegek r\u00e9sz\u00e9re COVID-19 j\u00e1rv\u00e1ny idej\u00e9n &nbsp; &nbsp; 1. Oszt\u00e1lyunkra val\u00f3 \u00e9rkez\u00e9se el\u0151tt k\u00e9rj\u00fck mosson kezet az al\u00e1bbi higi\u00e9n\u00e9s szab\u00e1lyok betart\u00e1sa szerint, illetve haszn\u00e1lja az oszt\u00e1lyunkon tal\u00e1lhat\u00f3 k\u00e9zfert\u0151tlen\u00edt\u0151 oldatot! &nbsp; 2. Oszt\u00e1lyunkon a COVID-19 j\u00e1rv\u00e1ny ideje alatt az arcmaszk visel\u00e9se K\u00d6TELEZ\u0150! Az arcmaszk helyes visel\u00e9s\u00e9nek \u00e9s lev\u00e9tel\u00e9nek alapszab\u00e1lyai: &hellip;<\/p>\n","protected":false},"author":101727,"featured_media":0,"parent":1863,"menu_order":2,"comment_status":"closed","ping_status":"closed","template":"","meta":{"_acf_changed":false,"footnotes":""},"categories":[],"tags":[],"class_list":["post-1871","page","type-page","status-publish","hentry"],"acf":[],"_links":{"self":[{"href":"https:\/\/semmelweis.hu\/asszisztaltreprodukcio\/wp-json\/wp\/v2\/pages\/1871","targetHints":{"allow":["GET"]}}],"collection":[{"href":"https:\/\/semmelweis.hu\/asszisztaltreprodukcio\/wp-json\/wp\/v2\/pages"}],"about":[{"href":"https:\/\/semmelweis.hu\/asszisztaltreprodukcio\/wp-json\/wp\/v2\/types\/page"}],"author":[{"embeddable":true,"href":"https:\/\/semmelweis.hu\/asszisztaltreprodukcio\/wp-json\/wp\/v2\/users\/101727"}],"replies":[{"embeddable":true,"href":"https:\/\/semmelweis.hu\/asszisztaltreprodukcio\/wp-json\/wp\/v2\/comments?post=1871"}],"version-history":[{"count":10,"href":"https:\/\/semmelweis.hu\/asszisztaltreprodukcio\/wp-json\/wp\/v2\/pages\/1871\/revisions"}],"predecessor-version":[{"id":1942,"href":"https:\/\/semmelweis.hu\/asszisztaltreprodukcio\/wp-json\/wp\/v2\/pages\/1871\/revisions\/1942"}],"up":[{"embeddable":true,"href":"https:\/\/semmelweis.hu\/asszisztaltreprodukcio\/wp-json\/wp\/v2\/pages\/1863"}],"wp:attachment":[{"href":"https:\/\/semmelweis.hu\/asszisztaltreprodukcio\/wp-json\/wp\/v2\/media?parent=1871"}],"wp:term":[{"taxonomy":"category","embeddable":true,"href":"https:\/\/semmelweis.hu\/asszisztaltreprodukcio\/wp-json\/wp\/v2\/categories?post=1871"},{"taxonomy":"post_tag","embeddable":true,"href":"https:\/\/semmelweis.hu\/asszisztaltreprodukcio\/wp-json\/wp\/v2\/tags?post=1871"}],"curies":[{"name":"wp","href":"https:\/\/api.w.org\/{rel}","templated":true}]}}

Magatartási kódex

<h6 style="text-align: center"><span style="font-size: 24pt"><em>Magatartási kódex asszisztált reprodukciós kivizsgálásban és kezelésben részesülő betegek részére COVID-19 járvány idején</em></span></h6>
<p>&nbsp;</p>
<p>&nbsp;</p>
<h6 style="text-align: justify">1. Osztályunkra való érkezése előtt <strong><u>kérjük mosson kezet</u></strong> az alábbi higiénés szabályok betartása szerint, illetve használja az osztályunkon található kézfertőtlenítő oldatot!</h6>

<!-- iframe plugin v.4.9 wordpress.org/plugins/iframe/ -->
<iframe loading="lazy" src="//www.youtube.com/embed/vMmjosDemwg" width="560" height="315" scrolling="yes" class="iframe-class" frameborder="0"></iframe>

<p>&nbsp;</p>
<h6 style="text-align: justify">2. Osztályunkon a COVID-19 járvány ideje alatt az <strong><u>arcmaszk viselése KÖTELEZŐ</u></strong>!</h6>
<p style="padding-left: 40px"><u>Az arcmaszk helyes viselésének és levételének alapszabályai:</u></p>
<ul>
<li style="list-style-type: none">
<ul>
<li style="list-style-type: none">
<ul>
<li>Alapos kéztisztítást követően helyezzük fel a maszkot</li>
<li>A fémcsík a maszk tetején legyen, és hézagmentesen fedje az arcot</li>
<li>Kézzel ne érjen a maszk elülső részéhez viselés közben és az eltávolítás során sem, mivel az szennyezett lehet!</li>
<li>Ügyeljen rá, hogy a maszk levételekor ne érjen a szeméhez, az orrához vagy a szájához!</li>
<li>Lezárt hulladéktárolóba dobja ki a használt maszkot!</li>
<li>Eltávolítás után azonnal mosson kezet, vagy használjon kézfertőtlenítőt!</li>
<li>Soha ne használjon több alkalommal egyszer használatos maszkokat!</li>
</ul>
</li>
</ul>
</li>
</ul>
<p><img loading="lazy" decoding="async" class="wp-image-1872 aligncenter" src="https://semmelweis.hu/asszisztaltreprodukcio/files/2020/05/maszk-400x194.jpg" alt="" width="542" height="263" srcset="https://semmelweis.hu/asszisztaltreprodukcio/files/2020/05/maszk-400x194.jpg 400w, https://semmelweis.hu/asszisztaltreprodukcio/files/2020/05/maszk.jpg 442w" sizes="auto, (max-width: 542px) 100vw, 542px" /></p>
<p>&nbsp;</p>
<h6 style="text-align: justify">3. Kérjük figyeljen a <strong><u>megfelelő távolságtartásra osztályunkon!</u></strong></h6>
<p><img loading="lazy" decoding="async" class="wp-image-1873 aligncenter" src="https://semmelweis.hu/asszisztaltreprodukcio/files/2020/05/távolság-400x181.jpg" alt="" width="469" height="212" srcset="https://semmelweis.hu/asszisztaltreprodukcio/files/2020/05/távolság-400x181.jpg 400w, https://semmelweis.hu/asszisztaltreprodukcio/files/2020/05/távolság-580x263.jpg 580w, https://semmelweis.hu/asszisztaltreprodukcio/files/2020/05/távolság-753x341.jpg 753w, https://semmelweis.hu/asszisztaltreprodukcio/files/2020/05/távolság.jpg 768w" sizes="auto, (max-width: 469px) 100vw, 469px" /></p>
<p>&nbsp;</p>
<h6 style="text-align: justify">4. Általános emlékeztető mindennapjainkra!</h6>
<p><img loading="lazy" decoding="async" class="wp-image-1874 aligncenter" src="https://semmelweis.hu/asszisztaltreprodukcio/files/2020/05/minden-283x400.jpg" alt="" width="828" height="1170" srcset="https://semmelweis.hu/asszisztaltreprodukcio/files/2020/05/minden-283x400.jpg 283w, https://semmelweis.hu/asszisztaltreprodukcio/files/2020/05/minden-724x1024.jpg 724w, https://semmelweis.hu/asszisztaltreprodukcio/files/2020/05/minden-768x1086.jpg 768w, https://semmelweis.hu/asszisztaltreprodukcio/files/2020/05/minden-212x300.jpg 212w, https://semmelweis.hu/asszisztaltreprodukcio/files/2020/05/minden-753x1065.jpg 753w, https://semmelweis.hu/asszisztaltreprodukcio/files/2020/05/minden.jpg 929w" sizes="auto, (max-width: 828px) 100vw, 828px" /></p>

<p>Magatartási kódex asszisztált reprodukciós kivizsgálásban és kezelésben részesülő betegek részére COVID-19 járvány idején &nbsp; &nbsp; 1. Osztályunkra való érkezése előtt kérjük mosson kezet az alábbi higiénés szabályok betartása szerint, illetve használja az osztályunkon található kézfertőtlenítő oldatot! &nbsp; 2. Osztályunkon a COVID-19 járvány ideje alatt az arcmaszk viselése KÖTELEZŐ! Az arcmaszk helyes viselésének és levételének alapszabályai: &hellip;</p>
