{"id":1867,"date":"2020-05-05T15:44:06","date_gmt":"2020-05-05T13:44:06","guid":{"rendered":"https:\/\/semmelweis.hu\/asszisztaltreprodukcio\/?page_id=1867"},"modified":"2020-05-05T21:13:17","modified_gmt":"2020-05-05T19:13:17","slug":"asszisztalt-reprodukcios-kezeles-covid-19-jarvany-idejen","status":"publish","type":"page","link":"https:\/\/semmelweis.hu\/asszisztaltreprodukcio\/covid-protokoll\/asszisztalt-reprodukcios-kezeles-covid-19-jarvany-idejen\/","title":{"rendered":"Assziszt\u00e1lt reprodukci\u00f3s kezel\u00e9s COVID-19 j\u00e1rv\u00e1ny idej\u00e9n"},"content":{"rendered":"<p style=\"text-align: justify\">Az assziszt\u00e1lt reprodukci\u00f3s elj\u00e1r\u00e1sok sor\u00e1n (mint pl.:<a href=\"https:\/\/semmelweis.hu\/asszisztaltreprodukcio\/pacienseknek\/asszisztalt-reprodukcios-eljarasok-2\/terminalt-egyuttlet\/\"> termin\u00e1lt egy\u00fcttl\u00e9t<\/a>, <a href=\"https:\/\/semmelweis.hu\/asszisztaltreprodukcio\/pacienseknek\/asszisztalt-reprodukcios-eljarasok-2\/intrauterin-inszeminacio\/\">intrauterin inszemin\u00e1ci\u00f3<\/a>,<a href=\"https:\/\/semmelweis.hu\/asszisztaltreprodukcio\/pacienseknek\/asszisztalt-reprodukcios-eljarasok-2\/in-vitro-fertilizacio-ivf\/\"> in vitro fertiliz\u00e1ci\u00f3<\/a> \u00e9s <a href=\"https:\/\/semmelweis.hu\/asszisztaltreprodukcio\/pacienseknek\/asszisztalt-reprodukcios-eljarasok-2\/in-vitro-fertilizacio-ivf\/embrio-beultetes\/\">embri\u00f3 transzfer<\/a> \/IVF-ET\/) a petef\u00e9szkek bizonyos fok\u00fa, szab\u00e1lyozott t\u00falstimul\u00e1ci\u00f3ja t\u00f6rt\u00e9nik. A petef\u00e9szek stimul\u00e1l\u00e1s lehets\u00e9ges sz\u00f6v\u0151dm\u00e9nyei k\u00f6z\u00fcl jelen esetben k\u00fcl\u00f6n kiemelend\u0151 a t\u00falstimul\u00e1l\u00e1si szindr\u00f3ma, mely a petef\u00e9szkek t\u00falzott v\u00e1laszreakci\u00f3j\u00e1nak k\u00f6vetkezm\u00e9nyek\u00e9nt alakulhat ki. A t\u00fcnetek \u00e9s a klinikai jelek az enyhe hasfeszu\u0308le\u0301sto\u030bl, a megno\u0308vekedett petefe\u0301szkeken e\u0301s a szabad hasi\u0171ri folyad\u00e9k megjelen\u00e9s\u00e9n keresztu\u0308l a ve\u0301na\u0301s vagy arte\u0301ria\u0301s thromboembolia\u0301s szo\u0308vo\u030bdme\u0301nyek kialakul\u00e1s\u00e1ig mutatkozhatnak. A betegse\u0301g su\u0301lyos forma\u0301ja\u0301ban e\u0301letvesze\u0301lyes a\u0301llapotot is okozhat, ha ischaemia\u0301s stroke vagy ve\u0301gtagkeringe\u0301si ele\u0301gtelense\u0301g alakul ki.<\/p>\n<p style=\"text-align: justify\">A petef\u00e9szkek stimul\u00e1ci\u00f3ra adott v\u00e1lasza szoros ellen\u0151rz\u00e9snek k\u00f6sz\u00f6nhet\u0151en enyhe- vagy k\u00f6z\u00e9ps\u00falyos t\u00falstimul\u00e1s\u00e1si szindr\u00f3ma az esetek mind\u00f6ssze 3-4%-\u00e1ban alakulhat ki, s\u00falyos-, intenz\u00edv oszt\u00e1lyos k\u00f3rh\u00e1zi ell\u00e1t\u00e1st ig\u00e9nyl\u0151 form\u00e1j\u00e1nak gyakoris\u00e1ga pedig kevesebb, mint 1%.<\/p>\n<p style=\"text-align: justify\">A t\u00falstimul\u00e1l\u00e1si szindr\u00f3ma \u00e9s az esetlegesen ezzel egyid\u0151ben kialakult COVID-19 fert\u0151z\u00e9s egy\u00fcttes fenn\u00e1ll\u00e1sa a t\u00fcnetek s\u00falyoss\u00e1g\u00e1t, a betegs\u00e9g lefoly\u00e1s\u00e1t jelent\u0151sen s\u00falyosb\u00edthatja.<\/p>\n","protected":false},"excerpt":{"rendered":"<p>Az assziszt\u00e1lt reprodukci\u00f3s elj\u00e1r\u00e1sok sor\u00e1n (mint pl.: <a href=\"https:\/\/semmelweis.hu\/asszisztaltreprodukcio\/pacienseknek\/asszisztalt-reprodukcios-eljarasok-2\/terminalt-egyuttlet\/\"> termin\u00e1lt egy\u00fcttl\u00e9t<\/a> , <a href=\"https:\/\/semmelweis.hu\/asszisztaltreprodukcio\/pacienseknek\/asszisztalt-reprodukcios-eljarasok-2\/intrauterin-inszeminacio\/\">intrauterin inszemin\u00e1ci\u00f3<\/a> , <a href=\"https:\/\/semmelweis.hu\/asszisztaltreprodukcio\/pacienseknek\/asszisztalt-reprodukcios-eljarasok-2\/in-vitro-fertilizacio-ivf\/\"> in vitro fertiliz\u00e1ci\u00f3<\/a> \u00e9s <a href=\"https:\/\/semmelweis.hu\/asszisztaltreprodukcio\/pacienseknek\/asszisztalt-reprodukcios-eljarasok-2\/in-vitro-fertilizacio-ivf\/embrio-beultetes\/\">embri\u00f3 transzfer<\/a> \/IVF-ET\/) a petef\u00e9szkek bizonyos fok\u00fa, szab\u00e1lyozott t\u00falstimul\u00e1ci\u00f3ja t\u00f6rt\u00e9nik. A petef\u00e9szek stimul\u00e1l\u00e1s lehets\u00e9ges sz\u00f6v\u0151dm\u00e9nyei k\u00f6z\u00fcl jelen esetben k\u00fcl\u00f6n kiemelend\u0151 a t\u00falstimul\u00e1l\u00e1si szindr\u00f3ma, mely a petef\u00e9szkek t\u00falzott v\u00e1laszreakci\u00f3j\u00e1nak k\u00f6vetkezm\u00e9nyek\u00e9nt alakulhat ki. A t\u00fcnetek \u00e9s a klinikai jelek az enyhe hasfeszu\u0308le\u0301sto\u030bl, a megno\u0308vekedett petefe\u0301szkeken e\u0301s a szabad hasi\u0171ri &hellip;<\/p>\n","protected":false},"author":101727,"featured_media":0,"parent":1863,"menu_order":3,"comment_status":"closed","ping_status":"closed","template":"","meta":{"_acf_changed":false,"footnotes":""},"categories":[],"tags":[],"class_list":["post-1867","page","type-page","status-publish","hentry"],"acf":[],"_links":{"self":[{"href":"https:\/\/semmelweis.hu\/asszisztaltreprodukcio\/wp-json\/wp\/v2\/pages\/1867","targetHints":{"allow":["GET"]}}],"collection":[{"href":"https:\/\/semmelweis.hu\/asszisztaltreprodukcio\/wp-json\/wp\/v2\/pages"}],"about":[{"href":"https:\/\/semmelweis.hu\/asszisztaltreprodukcio\/wp-json\/wp\/v2\/types\/page"}],"author":[{"embeddable":true,"href":"https:\/\/semmelweis.hu\/asszisztaltreprodukcio\/wp-json\/wp\/v2\/users\/101727"}],"replies":[{"embeddable":true,"href":"https:\/\/semmelweis.hu\/asszisztaltreprodukcio\/wp-json\/wp\/v2\/comments?post=1867"}],"version-history":[{"count":6,"href":"https:\/\/semmelweis.hu\/asszisztaltreprodukcio\/wp-json\/wp\/v2\/pages\/1867\/revisions"}],"predecessor-version":[{"id":1931,"href":"https:\/\/semmelweis.hu\/asszisztaltreprodukcio\/wp-json\/wp\/v2\/pages\/1867\/revisions\/1931"}],"up":[{"embeddable":true,"href":"https:\/\/semmelweis.hu\/asszisztaltreprodukcio\/wp-json\/wp\/v2\/pages\/1863"}],"wp:attachment":[{"href":"https:\/\/semmelweis.hu\/asszisztaltreprodukcio\/wp-json\/wp\/v2\/media?parent=1867"}],"wp:term":[{"taxonomy":"category","embeddable":true,"href":"https:\/\/semmelweis.hu\/asszisztaltreprodukcio\/wp-json\/wp\/v2\/categories?post=1867"},{"taxonomy":"post_tag","embeddable":true,"href":"https:\/\/semmelweis.hu\/asszisztaltreprodukcio\/wp-json\/wp\/v2\/tags?post=1867"}],"curies":[{"name":"wp","href":"https:\/\/api.w.org\/{rel}","templated":true}]}}

Asszisztált reprodukciós kezelés COVID-19 járvány idején

<p style="text-align: justify">Az asszisztált reprodukciós eljárások során (mint pl.:<a href="https://semmelweis.hu/asszisztaltreprodukcio/pacienseknek/asszisztalt-reprodukcios-eljarasok-2/terminalt-egyuttlet/"> terminált együttlét</a>, <a href="https://semmelweis.hu/asszisztaltreprodukcio/pacienseknek/asszisztalt-reprodukcios-eljarasok-2/intrauterin-inszeminacio/">intrauterin inszemináció</a>,<a href="https://semmelweis.hu/asszisztaltreprodukcio/pacienseknek/asszisztalt-reprodukcios-eljarasok-2/in-vitro-fertilizacio-ivf/"> in vitro fertilizáció</a> és <a href="https://semmelweis.hu/asszisztaltreprodukcio/pacienseknek/asszisztalt-reprodukcios-eljarasok-2/in-vitro-fertilizacio-ivf/embrio-beultetes/">embrió transzfer</a> /IVF-ET/) a petefészkek bizonyos fokú, szabályozott túlstimulációja történik. A petefészek stimulálás lehetséges szövődményei közül jelen esetben külön kiemelendő a túlstimulálási szindróma, mely a petefészkek túlzott válaszreakciójának következményeként alakulhat ki. A tünetek és a klinikai jelek az enyhe hasfeszüléstől, a megnövekedett petefészkeken és a szabad hasiűri folyadék megjelenésén keresztül a vénás vagy artériás thromboemboliás szövődmények kialakulásáig mutatkozhatnak. A betegség súlyos formájában életveszélyes állapotot is okozhat, ha ischaemiás stroke vagy végtagkeringési elégtelenség alakul ki.</p>
<p style="text-align: justify">A petefészkek stimulációra adott válasza szoros ellenőrzésnek köszönhetően enyhe- vagy középsúlyos túlstimulásási szindróma az esetek mindössze 3-4%-ában alakulhat ki, súlyos-, intenzív osztályos kórházi ellátást igénylő formájának gyakorisága pedig kevesebb, mint 1%.</p>
<p style="text-align: justify">A túlstimulálási szindróma és az esetlegesen ezzel egyidőben kialakult COVID-19 fertőzés együttes fennállása a tünetek súlyosságát, a betegség lefolyását jelentősen súlyosbíthatja.</p>

<p>Az asszisztált reprodukciós eljárások során (mint pl.: <a href="https://semmelweis.hu/asszisztaltreprodukcio/pacienseknek/asszisztalt-reprodukcios-eljarasok-2/terminalt-egyuttlet/"> terminált együttlét</a> , <a href="https://semmelweis.hu/asszisztaltreprodukcio/pacienseknek/asszisztalt-reprodukcios-eljarasok-2/intrauterin-inszeminacio/">intrauterin inszemináció</a> , <a href="https://semmelweis.hu/asszisztaltreprodukcio/pacienseknek/asszisztalt-reprodukcios-eljarasok-2/in-vitro-fertilizacio-ivf/"> in vitro fertilizáció</a> és <a href="https://semmelweis.hu/asszisztaltreprodukcio/pacienseknek/asszisztalt-reprodukcios-eljarasok-2/in-vitro-fertilizacio-ivf/embrio-beultetes/">embrió transzfer</a> /IVF-ET/) a petefészkek bizonyos fokú, szabályozott túlstimulációja történik. A petefészek stimulálás lehetséges szövődményei közül jelen esetben külön kiemelendő a túlstimulálási szindróma, mely a petefészkek túlzott válaszreakciójának következményeként alakulhat ki. A tünetek és a klinikai jelek az enyhe hasfeszüléstől, a megnövekedett petefészkeken és a szabad hasiűri &hellip;</p>
