{"id":1732,"date":"2020-04-28T18:49:53","date_gmt":"2020-04-28T16:49:53","guid":{"rendered":"https:\/\/semmelweis.hu\/asszisztaltreprodukcio\/?page_id=1732"},"modified":"2020-05-19T10:32:55","modified_gmt":"2020-05-19T08:32:55","slug":"andrologiai-szakvelemeny","status":"publish","type":"page","link":"https:\/\/semmelweis.hu\/asszisztaltreprodukcio\/embriologia\/andrologia\/andrologiai-szakvelemeny\/","title":{"rendered":"Androl\u00f3giai szakv\u00e9lem\u00e9ny"},"content":{"rendered":"<p style=\"text-align: justify\">A nat\u00edv ond\u00f3minta valamint a feldolgoz\u00e1s eredm\u00e9nye alapj\u00e1n d\u00f6ntj\u00fck el, hogy a vizsg\u00e1laton r\u00e9sztvev\u0151 f\u00e9rfi spermamint\u00e1ja milyen assziszt\u00e1lt reprodukci\u00f3s beavatkoz\u00e1sra alkalmas.<\/p>\n<figure id=\"attachment_1747\" aria-describedby=\"caption-attachment-1747\" style=\"width: 696px\" class=\"wp-caption aligncenter\"><img loading=\"lazy\" decoding=\"async\" class=\"wp-image-1747\" src=\"https:\/\/semmelweis.hu\/asszisztaltreprodukcio\/files\/2020\/04\/here-ro-400x276.jpg\" alt=\"\" width=\"696\" height=\"480\" srcset=\"https:\/\/semmelweis.hu\/asszisztaltreprodukcio\/files\/2020\/04\/here-ro-400x276.jpg 400w, https:\/\/semmelweis.hu\/asszisztaltreprodukcio\/files\/2020\/04\/here-ro-768x530.jpg 768w, https:\/\/semmelweis.hu\/asszisztaltreprodukcio\/files\/2020\/04\/here-ro-435x300.jpg 435w, https:\/\/semmelweis.hu\/asszisztaltreprodukcio\/files\/2020\/04\/here-ro-175x120.jpg 175w, https:\/\/semmelweis.hu\/asszisztaltreprodukcio\/files\/2020\/04\/here-ro-753x519.jpg 753w, https:\/\/semmelweis.hu\/asszisztaltreprodukcio\/files\/2020\/04\/here-ro.jpg 1012w\" sizes=\"auto, (max-width: 696px) 100vw, 696px\" \/><figcaption id=\"caption-attachment-1747\" class=\"wp-caption-text\">\u00d6sszefoglal\u00f3 \u00e1bra az androl\u00f3giai tudnival\u00f3kr\u00f3l <span style=\"font-size: 8pt\">[Prof. J. Herrero (Barcelona, Spanyolorsz\u00e1g) enged\u00e9ly\u00e9vel]<\/span><\/figcaption><\/figure>\n<p style=\"text-align: justify\">Norm\u00e1l spermaparam\u00e9terek eset\u00e9n valamennyi assziszt\u00e1lt reprodukci\u00f3s beavatkoz\u00e1sra megfelel a minta. Enyh\u00e9n cs\u00f6kkent spermaparam\u00e9terek eset\u00e9n <a href=\"https:\/\/semmelweis.hu\/asszisztaltreprodukcio\/pacienseknek\/asszisztalt-reprodukcios-eljarasok-2\/intrauterin-inszeminacio\/\"><em><u>ond\u00f3felhelyez\u00e9st (inszemin\u00e1ci\u00f3t)<\/u><\/em><\/a>, m\u00edg s\u00falyosabb esetekben <a href=\"https:\/\/semmelweis.hu\/asszisztaltreprodukcio\/embriologia\/megtermekenyites\/\">IVF kezel\u00e9s valamely form\u00e1j\u00e1t<\/a> javasoljuk.\u00a0<\/p>\n<p style=\"text-align: justify\">A d\u00f6nt\u00e9st a kezel\u0151orvos hozza meg a beteggel egyeztetve, figyelembe v\u00e9ve az androl\u00f3gus szakorvos \u00e9s az embriol\u00f3gus v\u00e9lem\u00e9ny\u00e9t, valamint a p\u00e1r n\u0151tagj\u00e1n\u00e1l elv\u00e9gzett n\u0151gy\u00f3gy\u00e1szati vizsg\u00e1latok eredm\u00e9ny\u00e9t is.<\/p>\n<h4>Az androl\u00f3giai leleteken szerepl\u0151 diagn\u00f3zisok jelent\u00e9se<\/h4>\n<table style=\"width: 0%;height: 763px\">\n<tbody>\n<tr style=\"height: 53px\">\n<td style=\"width: 35.392%;height: 53px\" width=\"151\">\n<p><strong>Aspermia<\/strong><\/p>\n<\/td>\n<td style=\"width: 85.2978%;height: 53px\" width=\"406\">\n<p style=\"text-align: left\">Nincs ond\u00f3<\/p>\n<\/td>\n<\/tr>\n<tr style=\"height: 53px\">\n<td style=\"width: 35.392%;height: 53px\" width=\"151\">\n<p><strong>Hypospermia<\/strong><\/p>\n<\/td>\n<td style=\"width: 85.2978%;height: 53px\" width=\"406\">\n<p>T\u00fal kev\u00e9s ond\u00f3 (&lt; 1,5 ml)<\/p>\n<\/td>\n<\/tr>\n<tr style=\"height: 103px\">\n<td style=\"width: 35.392%;height: 103px\" width=\"151\">\n<p><strong>Pyospermia<\/strong><\/p>\n<\/td>\n<td style=\"width: 85.2978%;height: 103px\" width=\"406\">\n<p>&gt;1 milli\u00f3\/ml feh\u00e9rv\u00e9rsejt az ejakul\u00e1tumban<\/p>\n<p>(gyullad\u00e1sra utal\u00f3 jelek)<\/p>\n<\/td>\n<\/tr>\n<tr style=\"height: 53px\">\n<td style=\"width: 35.392%;height: 53px\" width=\"151\">\n<p>&nbsp;<\/p>\n<\/td>\n<td style=\"width: 85.2978%;height: 53px\" width=\"406\">\n<p>&nbsp;<\/p>\n<\/td>\n<\/tr>\n<tr style=\"height: 53px\">\n<td style=\"width: 35.392%;height: 53px\" width=\"151\">\n<p><strong>Oligozoospermia<\/strong><\/p>\n<\/td>\n<td style=\"width: 85.2978%;height: 53px\" width=\"406\">\n<p>Cs\u00f6kkent spermiumsz\u00e1m (&lt; 15 mill\u00f3 spermium\/ml)<\/p>\n<\/td>\n<\/tr>\n<tr style=\"height: 153px\">\n<td style=\"width: 35.392%;height: 153px\" width=\"151\">\n<p><strong>Asthenozoospermia<\/strong><\/p>\n<\/td>\n<td style=\"width: 85.2978%;height: 153px\" width=\"406\">\n<p>Cs\u00f6kkent mozg\u00e9konys\u00e1g<\/p>\n<p>a spermiumok &lt; 40%-a mozog \u00e9s\/vagy<\/p>\n<p>a spermiumok &lt; 32%-a mozog c\u00e9lir\u00e1nyosan<\/p>\n<\/td>\n<\/tr>\n<tr style=\"height: 53px\">\n<td style=\"width: 35.392%;height: 53px\" width=\"151\">\n<p><strong>Teratozoospermia<\/strong><\/p>\n<\/td>\n<td style=\"width: 85.2978%;height: 53px\" width=\"406\">\n<p>Norm\u00e1list\u00f3l elt\u00e9r\u0151 morfol\u00f3gi\u00e1j\u00fa spermiumok ar\u00e1nya &lt;4%<\/p>\n<\/td>\n<\/tr>\n<tr style=\"height: 83px\">\n<td style=\"width: 35.392%;height: 83px\" width=\"151\">\n<p><strong>OAT szindr\u00f3ma<\/strong><\/p>\n<\/td>\n<td style=\"width: 85.2978%;height: 83px\" width=\"406\">\n<p>Cs\u00f6kkent spermiumsz\u00e1m, mozg\u00e9konys\u00e1g \u00e9s morfol\u00f3gia egy\u00fcttes el\u0151fordul\u00e1sa<\/p>\n<\/td>\n<\/tr>\n<tr style=\"height: 53px\">\n<td style=\"width: 35.392%;height: 53px\" width=\"151\">\n<p><strong>Cryptozoospermia<\/strong><\/p>\n<\/td>\n<td style=\"width: 85.2978%;height: 53px\" width=\"406\">\n<p>Az ond\u00f3ban csak elv\u00e9tve vannak spermiumok<\/p>\n<\/td>\n<\/tr>\n<tr style=\"height: 53px\">\n<td style=\"width: 35.392%;height: 53px\" width=\"151\">\n<p><strong>Necrozoospermia<\/strong><\/p>\n<\/td>\n<td style=\"width: 85.2978%;height: 53px\" width=\"406\">\n<p>A spermiumok egy\u00e1ltal\u00e1n nem mozognak<\/p>\n<\/td>\n<\/tr>\n<tr style=\"height: 53px\">\n<td style=\"width: 35.392%;height: 53px\" width=\"151\">\n<p><strong>Azoospermia<\/strong><\/p>\n<\/td>\n<td style=\"width: 85.2978%;height: 53px\" width=\"406\">\n<p>Nincs spermium az ond\u00f3mint\u00e1ban\u00a0<\/p>\n<\/td>\n<\/tr>\n<\/tbody>\n<\/table>\n","protected":false},"excerpt":{"rendered":"<p>A nat\u00edv ond\u00f3minta valamint a feldolgoz\u00e1s eredm\u00e9nye alapj\u00e1n d\u00f6ntj\u00fck el, hogy a vizsg\u00e1laton r\u00e9sztvev\u0151 f\u00e9rfi spermamint\u00e1ja milyen assziszt\u00e1lt reprodukci\u00f3s beavatkoz\u00e1sra alkalmas. Norm\u00e1l spermaparam\u00e9terek eset\u00e9n valamennyi assziszt\u00e1lt reprodukci\u00f3s beavatkoz\u00e1sra megfelel a minta. Enyh\u00e9n cs\u00f6kkent spermaparam\u00e9terek eset\u00e9n <a href=\"https:\/\/semmelweis.hu\/asszisztaltreprodukcio\/pacienseknek\/asszisztalt-reprodukcios-eljarasok-2\/intrauterin-inszeminacio\/\">ond\u00f3felhelyez\u00e9st (inszemin\u00e1ci\u00f3t)<\/a> , m\u00edg s\u00falyosabb esetekben <a href=\"https:\/\/semmelweis.hu\/asszisztaltreprodukcio\/embriologia\/megtermekenyites\/\">IVF kezel\u00e9s valamely form\u00e1j\u00e1t<\/a> javasoljuk.\u00a0 A d\u00f6nt\u00e9st a kezel\u0151orvos hozza meg a beteggel egyeztetve, figyelembe v\u00e9ve az androl\u00f3gus szakorvos \u00e9s &hellip;<\/p>\n","protected":false},"author":101727,"featured_media":0,"parent":1718,"menu_order":5,"comment_status":"closed","ping_status":"closed","template":"","meta":{"_acf_changed":false,"footnotes":""},"categories":[],"tags":[],"class_list":["post-1732","page","type-page","status-publish","hentry"],"acf":[],"_links":{"self":[{"href":"https:\/\/semmelweis.hu\/asszisztaltreprodukcio\/wp-json\/wp\/v2\/pages\/1732","targetHints":{"allow":["GET"]}}],"collection":[{"href":"https:\/\/semmelweis.hu\/asszisztaltreprodukcio\/wp-json\/wp\/v2\/pages"}],"about":[{"href":"https:\/\/semmelweis.hu\/asszisztaltreprodukcio\/wp-json\/wp\/v2\/types\/page"}],"author":[{"embeddable":true,"href":"https:\/\/semmelweis.hu\/asszisztaltreprodukcio\/wp-json\/wp\/v2\/users\/101727"}],"replies":[{"embeddable":true,"href":"https:\/\/semmelweis.hu\/asszisztaltreprodukcio\/wp-json\/wp\/v2\/comments?post=1732"}],"version-history":[{"count":7,"href":"https:\/\/semmelweis.hu\/asszisztaltreprodukcio\/wp-json\/wp\/v2\/pages\/1732\/revisions"}],"predecessor-version":[{"id":2052,"href":"https:\/\/semmelweis.hu\/asszisztaltreprodukcio\/wp-json\/wp\/v2\/pages\/1732\/revisions\/2052"}],"up":[{"embeddable":true,"href":"https:\/\/semmelweis.hu\/asszisztaltreprodukcio\/wp-json\/wp\/v2\/pages\/1718"}],"wp:attachment":[{"href":"https:\/\/semmelweis.hu\/asszisztaltreprodukcio\/wp-json\/wp\/v2\/media?parent=1732"}],"wp:term":[{"taxonomy":"category","embeddable":true,"href":"https:\/\/semmelweis.hu\/asszisztaltreprodukcio\/wp-json\/wp\/v2\/categories?post=1732"},{"taxonomy":"post_tag","embeddable":true,"href":"https:\/\/semmelweis.hu\/asszisztaltreprodukcio\/wp-json\/wp\/v2\/tags?post=1732"}],"curies":[{"name":"wp","href":"https:\/\/api.w.org\/{rel}","templated":true}]}}