{"id":1728,"date":"2020-04-28T18:41:13","date_gmt":"2020-04-28T16:41:13","guid":{"rendered":"https:\/\/semmelweis.hu\/asszisztaltreprodukcio\/?page_id=1728"},"modified":"2020-04-29T17:24:39","modified_gmt":"2020-04-29T15:24:39","slug":"az-ondominta-vizsgalatarol","status":"publish","type":"page","link":"https:\/\/semmelweis.hu\/asszisztaltreprodukcio\/embriologia\/andrologia\/az-ondominta-vizsgalatarol\/","title":{"rendered":"Az ond\u00f3minta vizsg\u00e1lat\u00e1r\u00f3l"},"content":{"rendered":"<p style=\"text-align: justify\">A mintaad\u00e1st k\u00f6vet\u0151en az ond\u00f3minta az Androl\u00f3giai Laborat\u00f3riumba ker\u00fcl.<\/p>\n<p><img loading=\"lazy\" decoding=\"async\" class=\" wp-image-673 aligncenter\" src=\"https:\/\/semmelweis.hu\/asszisztaltreprodukcio\/files\/2020\/03\/20200318152650_IMG_1874-300x200.jpg\" alt=\"\" width=\"503\" height=\"335\" srcset=\"https:\/\/semmelweis.hu\/asszisztaltreprodukcio\/files\/2020\/03\/20200318152650_IMG_1874-300x200.jpg 300w, https:\/\/semmelweis.hu\/asszisztaltreprodukcio\/files\/2020\/03\/20200318152650_IMG_1874-1024x683.jpg 1024w, https:\/\/semmelweis.hu\/asszisztaltreprodukcio\/files\/2020\/03\/20200318152650_IMG_1874-768x512.jpg 768w, https:\/\/semmelweis.hu\/asszisztaltreprodukcio\/files\/2020\/03\/20200318152650_IMG_1874-450x300.jpg 450w, https:\/\/semmelweis.hu\/asszisztaltreprodukcio\/files\/2020\/03\/20200318152650_IMG_1874-1536x1024.jpg 1536w, https:\/\/semmelweis.hu\/asszisztaltreprodukcio\/files\/2020\/03\/20200318152650_IMG_1874-2048x1365.jpg 2048w\" sizes=\"auto, (max-width: 503px) 100vw, 503px\" \/><\/p>\n<p style=\"text-align: justify\">A vizsg\u00e1lat a minta mennyis\u00e9g\u00e9nek, pH \u00e9rt\u00e9k\u00e9nek meghat\u00e1roz\u00e1s\u00e1val kezd\u0151dik \u00e9s a mikroszk\u00f3pos vizsg\u00e1lattal folytat\u00f3dik. A mint\u00e1ban mozg\u00e9konys\u00e1g szempontj\u00e1b\u00f3l \u00e1ltal\u00e1ban h\u00e1romf\u00e9le spermiumot lehet megfigyelni.<\/p>\n<ul style=\"text-align: justify\">\n<li>J\u00f3l mozg\u00f3 (el\u0151re halad\u00f3, c\u00e9lir\u00e1nyos mozg\u00e1st v\u00e9gz\u0151) spermiumok<\/li>\n<li>Helyben mozg\u00f3 spermiumok (ezek \u00e9lnek ugyan, de el\u0151rehalad\u00f3 mozg\u00e1st nem mutatnak)<\/li>\n<li>Nem mozg\u00f3 spermiumok (ezek lehetnek \u00e9l\u0151 vagy elhalt h\u00edmivarsejtek, de mozg\u00e1si aktivit\u00e1st nem mutatnak)<\/li>\n<\/ul>\n<p style=\"text-align: justify\">A mikroszk\u00f3pos vizsg\u00e1lat sor\u00e1n ezeknek a k\u00fcl\u00f6nb\u00f6z\u0151 t\u00edpus\u00fa spermiumoknak a sz\u00e1m\u00e1t hat\u00e1rozzuk meg, amib\u0151l kisz\u00e1moljuk a spermium koncentr\u00e1ci\u00f3t \u00e9s a mozg\u00e9konys\u00e1gi adatokat.<\/p>\n<p style=\"text-align: justify\"><em>Mikor tekinthet\u0151 norm\u00e1lnak egy spermaminta?<\/em><\/p>\n<p style=\"text-align: justify\">A vizsg\u00e1latok eredm\u00e9nye \u00e9s annak \u00e9rt\u00e9kel\u00e9se rendk\u00edv\u00fcl \u00f6sszetett feladat. Egy spermaminta term\u00e9keny\u00edt\u0151 k\u00e9pess\u00e9ge nem hat\u00e1rozat\u00f3 meg egyetlen adattal. A kapott eredm\u00e9nyek \u00f6sszess\u00e9g\u00e9b\u0151l pr\u00f3b\u00e1ljuk meg\u00edt\u00e9lni, hogy a minta norm\u00e1l term\u00e9keny\u00edt\u0151 k\u00e9pess\u00e9ggel rendelkezik vagy elt\u00e9r att\u00f3l, esetleg tov\u00e1bbi vizsg\u00e1latok, beavatkoz\u00e1sok sz\u00fcks\u00e9gesek.<\/p>\n<h4>Az ond\u00f3minta feldolgoz\u00e1sa<\/h4>\n<p style=\"text-align: justify\">Amennyiben a kivizsg\u00e1l\u00e1s sor\u00e1n a spermaminta b\u00e1rmely param\u00e9tere elt\u00e9r a WHO \u00e1ltal meghat\u00e1rozott norm\u00e1l (referencia) \u00e9rt\u00e9kekt\u0151l, akkor a mint\u00e1t feldolgozzuk. A feldolgoz\u00e1s c\u00e9lja, hogy \u00f6sszegy\u0171jts\u00fck az ond\u00f3mint\u00e1b\u00f3l a megterm\u00e9keny\u00edt\u00e9sre legink\u00e1bb alkalmas, \u00e9letk\u00e9pes, j\u00f3l mozg\u00f3 h\u00edmivarsejteket. \u00a0<\/p>\n<p style=\"text-align: justify\">Az ond\u00f3minta min\u0151s\u00e9g\u00e9t\u0151l (spermium sz\u00e1m, mozg\u00e9konys\u00e1g \u00e9s alak) f\u00fcgg\u0151en t\u00f6bbf\u00e9le feldolgoz\u00e1si m\u00f3dszer is rendelkez\u00e9s\u00fcnkre \u00e1ll. Ezek nagyr\u00e9szt centrifug\u00e1l\u00e1son alapul\u00f3 elj\u00e1r\u00e1sok, melyek sor\u00e1n k\u00fcl\u00f6n tudjuk v\u00e1lasztani a j\u00f3l mozg\u00f3 h\u00edmivarsejteket a nem mozg\u00f3kt\u00f3l. A feldolgoz\u00e1s eredm\u00e9nyek\u00e9nt egy kis mennyis\u00e9g\u0171 un. spermaszuszpenzi\u00f3t kapunk, amely nagyr\u00e9szt j\u00f3l mozg\u00f3 h\u00edmivarsejteket tartalmaz.<\/p>\n<p style=\"text-align: justify\">Ha a nat\u00edv ond\u00f3mint\u00e1ban egy\u00e1ltal\u00e1n nem, vagy csak elv\u00e9tve tal\u00e1lunk spermiumot, akkor egy intenz\u00edv centrifug\u00e1l\u00e1s sorozatot k\u00f6vet\u0151en \u00e1llap\u00edtjuk meg, hogy tartalmaz-e h\u00edmivarsejteket.<\/p>\n","protected":false},"excerpt":{"rendered":"<p>A mintaad\u00e1st k\u00f6vet\u0151en az ond\u00f3minta az Androl\u00f3giai Laborat\u00f3riumba ker\u00fcl. A vizsg\u00e1lat a minta mennyis\u00e9g\u00e9nek, pH \u00e9rt\u00e9k\u00e9nek meghat\u00e1roz\u00e1s\u00e1val kezd\u0151dik \u00e9s a mikroszk\u00f3pos vizsg\u00e1lattal folytat\u00f3dik. A mint\u00e1ban mozg\u00e9konys\u00e1g szempontj\u00e1b\u00f3l \u00e1ltal\u00e1ban h\u00e1romf\u00e9le spermiumot lehet megfigyelni. J\u00f3l mozg\u00f3 (el\u0151re halad\u00f3, c\u00e9lir\u00e1nyos mozg\u00e1st v\u00e9gz\u0151) spermiumok Helyben mozg\u00f3 spermiumok (ezek \u00e9lnek ugyan, de el\u0151rehalad\u00f3 mozg\u00e1st nem mutatnak) Nem mozg\u00f3 spermiumok (ezek &hellip;<\/p>\n","protected":false},"author":101727,"featured_media":0,"parent":1718,"menu_order":3,"comment_status":"closed","ping_status":"closed","template":"","meta":{"_acf_changed":false,"footnotes":""},"categories":[],"tags":[],"class_list":["post-1728","page","type-page","status-publish","hentry"],"acf":[],"_links":{"self":[{"href":"https:\/\/semmelweis.hu\/asszisztaltreprodukcio\/wp-json\/wp\/v2\/pages\/1728","targetHints":{"allow":["GET"]}}],"collection":[{"href":"https:\/\/semmelweis.hu\/asszisztaltreprodukcio\/wp-json\/wp\/v2\/pages"}],"about":[{"href":"https:\/\/semmelweis.hu\/asszisztaltreprodukcio\/wp-json\/wp\/v2\/types\/page"}],"author":[{"embeddable":true,"href":"https:\/\/semmelweis.hu\/asszisztaltreprodukcio\/wp-json\/wp\/v2\/users\/101727"}],"replies":[{"embeddable":true,"href":"https:\/\/semmelweis.hu\/asszisztaltreprodukcio\/wp-json\/wp\/v2\/comments?post=1728"}],"version-history":[{"count":5,"href":"https:\/\/semmelweis.hu\/asszisztaltreprodukcio\/wp-json\/wp\/v2\/pages\/1728\/revisions"}],"predecessor-version":[{"id":1839,"href":"https:\/\/semmelweis.hu\/asszisztaltreprodukcio\/wp-json\/wp\/v2\/pages\/1728\/revisions\/1839"}],"up":[{"embeddable":true,"href":"https:\/\/semmelweis.hu\/asszisztaltreprodukcio\/wp-json\/wp\/v2\/pages\/1718"}],"wp:attachment":[{"href":"https:\/\/semmelweis.hu\/asszisztaltreprodukcio\/wp-json\/wp\/v2\/media?parent=1728"}],"wp:term":[{"taxonomy":"category","embeddable":true,"href":"https:\/\/semmelweis.hu\/asszisztaltreprodukcio\/wp-json\/wp\/v2\/categories?post=1728"},{"taxonomy":"post_tag","embeddable":true,"href":"https:\/\/semmelweis.hu\/asszisztaltreprodukcio\/wp-json\/wp\/v2\/tags?post=1728"}],"curies":[{"name":"wp","href":"https:\/\/api.w.org\/{rel}","templated":true}]}}