{"id":1293,"date":"2020-04-06T19:57:58","date_gmt":"2020-04-06T17:57:58","guid":{"rendered":"http:\/\/semmelweis.hu\/asszisztaltreprodukcio\/?page_id=1293"},"modified":"2020-04-14T10:56:37","modified_gmt":"2020-04-14T08:56:37","slug":"a-negyedik-nap","status":"publish","type":"page","link":"https:\/\/semmelweis.hu\/asszisztaltreprodukcio\/embriologia\/embriotenyesztes\/a-negyedik-nap\/","title":{"rendered":"A negyedik nap"},"content":{"rendered":"<p style=\"text-align: justify\">A 4. napon a sejtek tov\u00e1bb oszt\u00f3dnak, 16, vagy ak\u00e1r 32 sejtes \u00e1llapotba is eljuthat az embri\u00f3. Ekkor az eddig j\u00f3l elk\u00fcl\u00f6n\u00edthet\u0151 sejtek elkezdenek szorosan \u00f6sszetapadni, egys\u00e9ges sejthalmazt hoznak l\u00e9tre, amelyet morul\u00e1nak, vagy szedercs\u00edr\u00e1nak nevez\u00fcnk.<\/p>\n<figure id=\"attachment_1424\" aria-describedby=\"caption-attachment-1424\" style=\"width: 274px\" class=\"wp-caption aligncenter\"><img loading=\"lazy\" decoding=\"async\" class=\"wp-image-1424 \" src=\"https:\/\/semmelweis.hu\/asszisztaltreprodukcio\/files\/2020\/04\/Morula-1.jpg\" alt=\"\" width=\"274\" height=\"273\" srcset=\"https:\/\/semmelweis.hu\/asszisztaltreprodukcio\/files\/2020\/04\/Morula-1.jpg 226w, https:\/\/semmelweis.hu\/asszisztaltreprodukcio\/files\/2020\/04\/Morula-1-150x150.jpg 150w, https:\/\/semmelweis.hu\/asszisztaltreprodukcio\/files\/2020\/04\/Morula-1-144x144.jpg 144w\" sizes=\"auto, (max-width: 274px) 100vw, 274px\" \/><figcaption id=\"caption-attachment-1424\" class=\"wp-caption-text\">Morula fejl\u0151d\u00e9si \u00e1llapot &#8211; 4. nap<\/figcaption><\/figure>\n<p style=\"text-align: justify\">Ez az id\u0151szak nagyon fontos az embri\u00f3 \u00e9let\u00e9ben. Eddig ugyanis az \u00e9let\u00e9hez \u00e9s f\u0151leg a sejtoszt\u00f3d\u00e1shoz azokat az anyagokat haszn\u00e1lja, amelyek m\u00e1r k\u00e9szen benne voltak a petesejtben. Ett\u0151l kezdve viszont minden embri\u00f3 elkezdi saj\u00e1t maga l\u00e9trehozni a tov\u00e1bbi fejl\u0151d\u00e9s\u00e9hez sz\u00fcks\u00e9ges anyagokat.<\/p>\n<p style=\"text-align: justify\">Az \u201e\u00f6nell\u00e1t\u00e1sra\u201d t\u00f6rt\u00e9n\u0151 \u00e1t\u00e1ll\u00e1s sajnos nem minden esetben megy g\u00f6rd\u00fcl\u00e9kenyen. Vannak embri\u00f3k, amelyeknek a fejl\u0151d\u00e9se valamilyen sejtbiol\u00f3giai vagy genetikai hiba miatt ebben a szakaszban (a 2-4 napon) meg\u00e1ll.<\/p>\n<p style=\"text-align: justify\">Azok az embri\u00f3k viszont, amelyek t\u00faljutottak ezen a kritikus fejl\u0151d\u00e9si szakaszon, m\u00e1r nagyobb es\u00e9llyel fognak be\u00e1gyaz\u00f3dni \u00e9s eg\u00e9szs\u00e9ges terhess\u00e9get eredm\u00e9nyezni.<\/p>\n<p style=\"text-align: justify\">\u00a0<\/p>\n","protected":false},"excerpt":{"rendered":"<p>A 4. napon a sejtek tov\u00e1bb oszt\u00f3dnak, 16, vagy ak\u00e1r 32 sejtes \u00e1llapotba is eljuthat az embri\u00f3. Ekkor az eddig j\u00f3l elk\u00fcl\u00f6n\u00edthet\u0151 sejtek elkezdenek szorosan \u00f6sszetapadni, egys\u00e9ges sejthalmazt hoznak l\u00e9tre, amelyet morul\u00e1nak, vagy szedercs\u00edr\u00e1nak nevez\u00fcnk. Ez az id\u0151szak nagyon fontos az embri\u00f3 \u00e9let\u00e9ben. Eddig ugyanis az \u00e9let\u00e9hez \u00e9s f\u0151leg a sejtoszt\u00f3d\u00e1shoz azokat az anyagokat haszn\u00e1lja, &hellip;<\/p>\n","protected":false},"author":101727,"featured_media":0,"parent":1324,"menu_order":5,"comment_status":"closed","ping_status":"closed","template":"","meta":{"_acf_changed":false,"footnotes":""},"categories":[],"tags":[],"class_list":["post-1293","page","type-page","status-publish","hentry"],"acf":[],"_links":{"self":[{"href":"https:\/\/semmelweis.hu\/asszisztaltreprodukcio\/wp-json\/wp\/v2\/pages\/1293","targetHints":{"allow":["GET"]}}],"collection":[{"href":"https:\/\/semmelweis.hu\/asszisztaltreprodukcio\/wp-json\/wp\/v2\/pages"}],"about":[{"href":"https:\/\/semmelweis.hu\/asszisztaltreprodukcio\/wp-json\/wp\/v2\/types\/page"}],"author":[{"embeddable":true,"href":"https:\/\/semmelweis.hu\/asszisztaltreprodukcio\/wp-json\/wp\/v2\/users\/101727"}],"replies":[{"embeddable":true,"href":"https:\/\/semmelweis.hu\/asszisztaltreprodukcio\/wp-json\/wp\/v2\/comments?post=1293"}],"version-history":[{"count":8,"href":"https:\/\/semmelweis.hu\/asszisztaltreprodukcio\/wp-json\/wp\/v2\/pages\/1293\/revisions"}],"predecessor-version":[{"id":1487,"href":"https:\/\/semmelweis.hu\/asszisztaltreprodukcio\/wp-json\/wp\/v2\/pages\/1293\/revisions\/1487"}],"up":[{"embeddable":true,"href":"https:\/\/semmelweis.hu\/asszisztaltreprodukcio\/wp-json\/wp\/v2\/pages\/1324"}],"wp:attachment":[{"href":"https:\/\/semmelweis.hu\/asszisztaltreprodukcio\/wp-json\/wp\/v2\/media?parent=1293"}],"wp:term":[{"taxonomy":"category","embeddable":true,"href":"https:\/\/semmelweis.hu\/asszisztaltreprodukcio\/wp-json\/wp\/v2\/categories?post=1293"},{"taxonomy":"post_tag","embeddable":true,"href":"https:\/\/semmelweis.hu\/asszisztaltreprodukcio\/wp-json\/wp\/v2\/tags?post=1293"}],"curies":[{"name":"wp","href":"https:\/\/api.w.org\/{rel}","templated":true}]}}