{"id":1288,"date":"2020-04-06T19:52:59","date_gmt":"2020-04-06T17:52:59","guid":{"rendered":"http:\/\/semmelweis.hu\/asszisztaltreprodukcio\/?page_id=1288"},"modified":"2020-04-07T16:15:34","modified_gmt":"2020-04-07T14:15:34","slug":"a-korai-embrio-tenyesztes","status":"publish","type":"page","link":"https:\/\/semmelweis.hu\/asszisztaltreprodukcio\/embriologia\/embriotenyesztes\/a-korai-embrio-tenyesztes\/","title":{"rendered":"A m\u00e1sodik nap"},"content":{"rendered":"<p style=\"text-align: justify\"><strong>A m\u00e1sodik nap<\/strong><\/p>\n<p style=\"text-align: justify\">A megterm\u00e9keny\u00fcl\u00e9s ut\u00e1n 26-28 \u00f3r\u00e1val zajlik le az els\u0151 sejtoszt\u00f3d\u00e1s. A m\u00e1sodik napon pedig m\u00e1r 4 sejtes \u00e1llapotban van az embri\u00f3. Jellemz\u0151 erre az oszt\u00f3d\u00e1si id\u0151szakra, hogy egyre t\u00f6bb sejt j\u00f6n l\u00e9tre, de ezek a sejtek mindig egyre kisebbek lesznek, \u00edgy az embri\u00f3 m\u00e9rete nem n\u00f6vekszik.<\/p>\n<figure id=\"attachment_1289\" aria-describedby=\"caption-attachment-1289\" style=\"width: 469px\" class=\"wp-caption aligncenter\"><img loading=\"lazy\" decoding=\"async\" class=\"wp-image-1289 \" src=\"https:\/\/semmelweis.hu\/asszisztaltreprodukcio\/files\/2020\/04\/4c-400x320.jpg\" alt=\"\" width=\"469\" height=\"375\" srcset=\"https:\/\/semmelweis.hu\/asszisztaltreprodukcio\/files\/2020\/04\/4c-400x320.jpg 400w, https:\/\/semmelweis.hu\/asszisztaltreprodukcio\/files\/2020\/04\/4c-768x614.jpg 768w, https:\/\/semmelweis.hu\/asszisztaltreprodukcio\/files\/2020\/04\/4c-375x300.jpg 375w, https:\/\/semmelweis.hu\/asszisztaltreprodukcio\/files\/2020\/04\/4c-753x602.jpg 753w, https:\/\/semmelweis.hu\/asszisztaltreprodukcio\/files\/2020\/04\/4c.jpg 900w\" sizes=\"auto, (max-width: 469px) 100vw, 469px\" \/><figcaption id=\"caption-attachment-1289\" class=\"wp-caption-text\">4 sejtes embri\u00f3 &#8211; a 2. napon<\/figcaption><\/figure>\n<div class=\"mceTemp\">\u00a0<\/div>\n","protected":false},"excerpt":{"rendered":"<p>A m\u00e1sodik nap<br \/>\nA megterm\u00e9keny\u00fcl\u00e9s ut\u00e1n 26-28 \u00f3r\u00e1val zajlik le az els\u0151 sejtoszt\u00f3d\u00e1s. A m\u00e1sodik napon pedig m\u00e1r 4 sejtes \u00e1llapotban van az embri\u00f3. Jellemz\u0151 erre az oszt\u00f3d\u00e1si id\u0151szakra, hogy egyre t\u00f6bb sejt j\u00f6n l\u00e9tre, de ezek a sejtek mindig egyre kisebbek lesznek, \u00edgy az embri\u00f3 m\u00e9rete nem n\u00f6vekszik.<br \/>\n\u00a0<\/p>\n","protected":false},"author":101727,"featured_media":0,"parent":1324,"menu_order":2,"comment_status":"closed","ping_status":"closed","template":"","meta":{"_acf_changed":false,"footnotes":""},"categories":[],"tags":[],"class_list":["post-1288","page","type-page","status-publish","hentry"],"acf":[],"_links":{"self":[{"href":"https:\/\/semmelweis.hu\/asszisztaltreprodukcio\/wp-json\/wp\/v2\/pages\/1288","targetHints":{"allow":["GET"]}}],"collection":[{"href":"https:\/\/semmelweis.hu\/asszisztaltreprodukcio\/wp-json\/wp\/v2\/pages"}],"about":[{"href":"https:\/\/semmelweis.hu\/asszisztaltreprodukcio\/wp-json\/wp\/v2\/types\/page"}],"author":[{"embeddable":true,"href":"https:\/\/semmelweis.hu\/asszisztaltreprodukcio\/wp-json\/wp\/v2\/users\/101727"}],"replies":[{"embeddable":true,"href":"https:\/\/semmelweis.hu\/asszisztaltreprodukcio\/wp-json\/wp\/v2\/comments?post=1288"}],"version-history":[{"count":4,"href":"https:\/\/semmelweis.hu\/asszisztaltreprodukcio\/wp-json\/wp\/v2\/pages\/1288\/revisions"}],"predecessor-version":[{"id":1415,"href":"https:\/\/semmelweis.hu\/asszisztaltreprodukcio\/wp-json\/wp\/v2\/pages\/1288\/revisions\/1415"}],"up":[{"embeddable":true,"href":"https:\/\/semmelweis.hu\/asszisztaltreprodukcio\/wp-json\/wp\/v2\/pages\/1324"}],"wp:attachment":[{"href":"https:\/\/semmelweis.hu\/asszisztaltreprodukcio\/wp-json\/wp\/v2\/media?parent=1288"}],"wp:term":[{"taxonomy":"category","embeddable":true,"href":"https:\/\/semmelweis.hu\/asszisztaltreprodukcio\/wp-json\/wp\/v2\/categories?post=1288"},{"taxonomy":"post_tag","embeddable":true,"href":"https:\/\/semmelweis.hu\/asszisztaltreprodukcio\/wp-json\/wp\/v2\/tags?post=1288"}],"curies":[{"name":"wp","href":"https:\/\/api.w.org\/{rel}","templated":true}]}}

A második nap

<p style="text-align: justify"><strong>A második nap</strong></p>
<p style="text-align: justify">A megtermékenyülés után 26-28 órával zajlik le az első sejtosztódás. A második napon pedig már 4 sejtes állapotban van az embrió. Jellemző erre az osztódási időszakra, hogy egyre több sejt jön létre, de ezek a sejtek mindig egyre kisebbek lesznek, így az embrió mérete nem növekszik.</p>
<figure id="attachment_1289" aria-describedby="caption-attachment-1289" style="width: 469px" class="wp-caption aligncenter"><img loading="lazy" decoding="async" class="wp-image-1289 " src="https://semmelweis.hu/asszisztaltreprodukcio/files/2020/04/4c-400x320.jpg" alt="" width="469" height="375" srcset="https://semmelweis.hu/asszisztaltreprodukcio/files/2020/04/4c-400x320.jpg 400w, https://semmelweis.hu/asszisztaltreprodukcio/files/2020/04/4c-768x614.jpg 768w, https://semmelweis.hu/asszisztaltreprodukcio/files/2020/04/4c-375x300.jpg 375w, https://semmelweis.hu/asszisztaltreprodukcio/files/2020/04/4c-753x602.jpg 753w, https://semmelweis.hu/asszisztaltreprodukcio/files/2020/04/4c.jpg 900w" sizes="auto, (max-width: 469px) 100vw, 469px" /><figcaption id="caption-attachment-1289" class="wp-caption-text">4 sejtes embrió &#8211; a 2. napon</figcaption></figure>
<div class="mceTemp"> </div>

<p>A második nap<br />
A megtermékenyülés után 26-28 órával zajlik le az első sejtosztódás. A második napon pedig már 4 sejtes állapotban van az embrió. Jellemző erre az osztódási időszakra, hogy egyre több sejt jön létre, de ezek a sejtek mindig egyre kisebbek lesznek, így az embrió mérete nem növekszik.<br />
 </p>
